{"id":42450,"date":"2023-08-02T11:30:43","date_gmt":"2023-08-02T15:30:43","guid":{"rendered":"https:\/\/nouveau.maisonmallet.com\/?post_type=event&#038;p=42450"},"modified":"2024-01-17T21:34:53","modified_gmt":"2024-01-18T02:34:53","slug":"chapados-donald","status":"publish","type":"event","link":"https:\/\/nouveau.maisonmallet.com\/back05_01\/?event=chapados-donald","title":{"rendered":"CHAPADOS, Donald"},"content":{"rendered":"<p>La Maison L.J.G. Mallet a le regret de vous annoncer le d\u00e9c\u00e8s de<\/p>\n<p>&nbsp;<\/p>\n<p>Donald Chapados<\/p>\n<p>1960 &#8211; 2023<\/p>\n<p>&nbsp;<\/p>\n<p>\u00c0 Havre-Saint-Pierre, le 2 ao\u00fbt 2023, est d\u00e9c\u00e9d\u00e9 \u00e0 l\u2019\u00e2ge de 62 ans, monsieur Donald Chapados fils de feu Ludger Chapados et de madame Marie-Claire Derosby domicili\u00e9 \u00e0 Rivi\u00e8re-Saint-Jean.<\/p>\n<p>Les fun\u00e9railles de monsieur Donald Chapados auront lieu le samedi 5 ao\u00fbt 2023 \u00e0 14 h en l\u2019\u00e9glise St-Jean Ap\u00f4tre de Rivi\u00e8re-Saint-Jean.<\/p>\n<p>Selon ses volont\u00e9s, il a \u00e9t\u00e9 confi\u00e9 au cr\u00e9matorium de la maison L.J.G. Mallet pour cr\u00e9mation.<\/p>\n<p>La famille re\u00e7oit parents et amis le samedi 5 ao\u00fbt 2023 jour des fun\u00e9railles \u00e0 compter de 13 h \u00e0 l\u2019\u00e9glise St-Jean Ap\u00f4tre de Rivi\u00e8re-Saint-Jean.<\/p>\n<p>Il laisse dans le deuil son fils Jason (Vanessa Caron), sa petite-fille \u00c9lizabelle, sa m\u00e8re madame Marie-Claire Derosby, madame P\u00e2querette Beaudin ainsi que son fr\u00e8re, ses s\u0153urs, ses beaux-fr\u00e8res, ses belles-s\u0153urs, ses neveux, ses ni\u00e8ces, ses cousins, ses cousines et de nombreux ami(e)s.<\/p>\n<p>Il \u00e9tait le fr\u00e8re de feu Gino.<\/p>\n<p>La famille a confi\u00e9 les arrangements aux services professionnels de la Maison L.J.G. Mallet du 1429, rue du Canot \u00e0 Havre-St-Pierre, membre de la Corporation des thanatologues du Qu\u00e9bec.<\/p>\n<p>Vous pouvez consulter cet avis de d\u00e9c\u00e8s, sur le <a href=\"https:\/\/nouveau.maisonmallet.com\">www.maisonmallet.com<\/a><\/p>\n<p>Ceux et celles qui le d\u00e9sirent, peuvent y envoyer des messages de sympathie.<\/p>\n<hr \/>\n<p>Envoyer vos condol\u00e9ances<\/p>\n<p>[contact-form to=\u00a0\u00bbv.caron20@icloud.com\u00a0\u00bb subject=\u00a0\u00bbCondol\u00e9ances Donald Chapados\u00a0\u00bb][contact-field label=\u00a0\u00bbVotre nom\u00a0\u00bb type=\u00a0\u00bbname\u00a0\u00bb required=\u00a0\u00bb1&Prime;][contact-field label=\u00a0\u00bbVotre courriel\u00a0\u00bb type=\u00a0\u00bbemail\u00a0\u00bb required=\u00a0\u00bb1&Prime;][contact-field label=\u00a0\u00bbCondol\u00e9ances\u00a0\u00bb type=\u00a0\u00bbtextarea\u00a0\u00bb][\/contact-form]<\/p>\n","protected":false},"featured_media":42455,"template":"","event_cat":[7],"class_list":["post-42450","event","type-event","status-publish","has-post-thumbnail","hentry","event_cat-maison-l-j-g-mallet-inc"],"_links":{"self":[{"href":"https:\/\/nouveau.maisonmallet.com\/back05_01\/index.php?rest_route=\/wp\/v2\/event\/42450","targetHints":{"allow":["GET"]}}],"collection":[{"href":"https:\/\/nouveau.maisonmallet.com\/back05_01\/index.php?rest_route=\/wp\/v2\/event"}],"about":[{"href":"https:\/\/nouveau.maisonmallet.com\/back05_01\/index.php?rest_route=\/wp\/v2\/types\/event"}],"wp:featuredmedia":[{"embeddable":true,"href":"https:\/\/nouveau.maisonmallet.com\/back05_01\/index.php?rest_route=\/wp\/v2\/media\/42455"}],"wp:attachment":[{"href":"https:\/\/nouveau.maisonmallet.com\/back05_01\/index.php?rest_route=%2Fwp%2Fv2%2Fmedia&parent=42450"}],"wp:term":[{"taxonomy":"event_cat","embeddable":true,"href":"https:\/\/nouveau.maisonmallet.com\/back05_01\/index.php?rest_route=%2Fwp%2Fv2%2Fevent_cat&post=42450"}],"curies":[{"name":"wp","href":"https:\/\/api.w.org\/{rel}","templated":true}]}}

<p>La Maison L.J.G. Mallet a le regret de vous annoncer le décès de</p>
<p>&nbsp;</p>
<p>Donald Chapados</p>
<p>1960 &#8211; 2023</p>
<p>&nbsp;</p>
<p>À Havre-Saint-Pierre, le 2 août 2023, est décédé à l’âge de 62 ans, monsieur Donald Chapados fils de feu Ludger Chapados et de madame Marie-Claire Derosby domicilié à Rivière-Saint-Jean.</p>
<p>Les funérailles de monsieur Donald Chapados auront lieu le samedi 5 août 2023 à 14 h en l’église St-Jean Apôtre de Rivière-Saint-Jean.</p>
<p>Selon ses volontés, il a été confié au crématorium de la maison L.J.G. Mallet pour crémation.</p>
<p>La famille reçoit parents et amis le samedi 5 août 2023 jour des funérailles à compter de 13 h à l’église St-Jean Apôtre de Rivière-Saint-Jean.</p>
<p>Il laisse dans le deuil son fils Jason (Vanessa Caron), sa petite-fille Élizabelle, sa mère madame Marie-Claire Derosby, madame Pâquerette Beaudin ainsi que son frère, ses sœurs, ses beaux-frères, ses belles-sœurs, ses neveux, ses nièces, ses cousins, ses cousines et de nombreux ami(e)s.</p>
<p>Il était le frère de feu Gino.</p>
<p>La famille a confié les arrangements aux services professionnels de la Maison L.J.G. Mallet du 1429, rue du Canot à Havre-St-Pierre, membre de la Corporation des thanatologues du Québec.</p>
<p>Vous pouvez consulter cet avis de décès, sur le <a href="https://nouveau.maisonmallet.com">www.maisonmallet.com</a></p>
<p>Ceux et celles qui le désirent, peuvent y envoyer des messages de sympathie.</p>
<hr />
<p>Envoyer vos condoléances</p>
<p>[contact-form to= »v.caron20@icloud.com » subject= »Condoléances Donald Chapados »][contact-field label= »Votre nom » type= »name » required= »1&Prime;][contact-field label= »Votre courriel » type= »email » required= »1&Prime;][contact-field label= »Condoléances » type= »textarea »][/contact-form]</p>
