{"id":42530,"date":"2023-08-08T09:46:30","date_gmt":"2023-08-08T13:46:30","guid":{"rendered":"https:\/\/nouveau.maisonmallet.com\/?post_type=event&#038;p=42530"},"modified":"2024-01-17T21:32:47","modified_gmt":"2024-01-18T02:32:47","slug":"vigneault-sylvain","status":"publish","type":"event","link":"https:\/\/nouveau.maisonmallet.com\/back05_01\/?event=vigneault-sylvain","title":{"rendered":"VIGNEAULT, Sylvain"},"content":{"rendered":"<p>La Maison L.J.G. Mallet a le regret de vous annoncer le d\u00e9c\u00e8s de<\/p>\n<p>&nbsp;<\/p>\n<p>Sylvain Vigneault<\/p>\n<p>1962 \u2013 2023<\/p>\n<p>&nbsp;<\/p>\n<p>\u00c0 Sept-\u00celes, le 8 ao\u00fbt 2023, est d\u00e9c\u00e9d\u00e9 \u00e0 l\u2019\u00e2ge de 60 ans, monsieur Sylvain Vigneault conjoint de madame Tina Desch\u00eanes et domicili\u00e9 \u00e0 Sept-\u00celes.<\/p>\n<p>Les fun\u00e9railles de monsieur Sylvain Vigneault auront lieu le lundi 14 ao\u00fbt 2023 \u00e0 14 h en l\u2019\u00e9glise St-Pierre de Havre-St-Pierre.<\/p>\n<p>Selon ses volont\u00e9s, il a \u00e9t\u00e9 confi\u00e9 au cr\u00e9matorium de la maison L.J.G. Mallet pour cr\u00e9mation.<\/p>\n<p>La famille re\u00e7oit parents et amis le lundi 14 ao\u00fbt 2023 jour des fun\u00e9railles \u00e0 compter de 13 h \u00e0 l\u2019\u00e9glise St-Pierre de Havre-Saint-Pierre.<\/p>\n<p>Il laisse dans le deuil outre sa conjointe madame Tina Desch\u00eanes, ses enfants\u00a0: Olivier, \u00c9rika et Britanie (leur m\u00e8re Nathalie Coulombe), ses beaux-enfants\u00a0: Vanessa (Jason) et Marie-Soleil (S\u00e9bastien), ses petits-enfants, ses fr\u00e8res et ses s\u0153urs\u00a0: Jean-Paul (Martine), Albert (Micheline), Jacinthe (Michel), Nicole (Bertrand), Bertrand (Lorraine), Agathe (Camil), Th\u00e9r\u00e8se (Eddy) et Steeve (Kathy), son beau-fr\u00e8re Jan (Marie-Jos\u00e9e) ainsi que ses neveux, ses ni\u00e8ces, ses oncles, ses tantes, ses cousins, ses cousines et de nombreux ami(e)s.<\/p>\n<p>Vos marques de sympathie peuvent se traduire par un don \u00e0 L\u2019association Qu\u00e9b\u00e9coise de pr\u00e9vention du suicide <a href=\"http:\/\/www.aqps.info\">www.aqps.info<\/a><\/p>\n<p>La famille a confi\u00e9 la direction des fun\u00e9railles aux services professionnels de la Maison L.J.G. Mallet du 1429, rue du Canot \u00e0 Havre-St-Pierre, membre de la Corporation des thanatologues du Qu\u00e9bec.<\/p>\n<p>Vous pouvez consulter cet avis de d\u00e9c\u00e8s, sur le <a href=\"https:\/\/nouveau.maisonmallet.com\">www.maisonmallet.com<\/a><\/p>\n<p>Ceux et celles qui le d\u00e9sirent, peuvent y envoyer des messages de sympathie.<\/p>\n<p>&nbsp;<\/p>\n<hr \/>\n<p>Envoyer vos condol\u00e9ances<\/p>\n<p>[contact-form to=\u00a0\u00bbtiwin_3@hotmail.com\u00a0\u00bb subject=\u00a0\u00bbCondol\u00e9ances Sylvain Vigneault\u00a0\u00bb][contact-field label=\u00a0\u00bbVotre nom\u00a0\u00bb type=\u00a0\u00bbname\u00a0\u00bb required=\u00a0\u00bb1&Prime;][contact-field label=\u00a0\u00bbVotre courriel\u00a0\u00bb type=\u00a0\u00bbemail\u00a0\u00bb required=\u00a0\u00bb1&Prime;][contact-field label=\u00a0\u00bbCondol\u00e9ances\u00a0\u00bb type=\u00a0\u00bbtextarea\u00a0\u00bb][\/contact-form]<\/p>\n","protected":false},"featured_media":42566,"template":"","event_cat":[7],"class_list":["post-42530","event","type-event","status-publish","has-post-thumbnail","hentry","event_cat-maison-l-j-g-mallet-inc"],"_links":{"self":[{"href":"https:\/\/nouveau.maisonmallet.com\/back05_01\/index.php?rest_route=\/wp\/v2\/event\/42530","targetHints":{"allow":["GET"]}}],"collection":[{"href":"https:\/\/nouveau.maisonmallet.com\/back05_01\/index.php?rest_route=\/wp\/v2\/event"}],"about":[{"href":"https:\/\/nouveau.maisonmallet.com\/back05_01\/index.php?rest_route=\/wp\/v2\/types\/event"}],"wp:featuredmedia":[{"embeddable":true,"href":"https:\/\/nouveau.maisonmallet.com\/back05_01\/index.php?rest_route=\/wp\/v2\/media\/42566"}],"wp:attachment":[{"href":"https:\/\/nouveau.maisonmallet.com\/back05_01\/index.php?rest_route=%2Fwp%2Fv2%2Fmedia&parent=42530"}],"wp:term":[{"taxonomy":"event_cat","embeddable":true,"href":"https:\/\/nouveau.maisonmallet.com\/back05_01\/index.php?rest_route=%2Fwp%2Fv2%2Fevent_cat&post=42530"}],"curies":[{"name":"wp","href":"https:\/\/api.w.org\/{rel}","templated":true}]}}

<p>La Maison L.J.G. Mallet a le regret de vous annoncer le décès de</p>
<p>&nbsp;</p>
<p>Sylvain Vigneault</p>
<p>1962 – 2023</p>
<p>&nbsp;</p>
<p>À Sept-Îles, le 8 août 2023, est décédé à l’âge de 60 ans, monsieur Sylvain Vigneault conjoint de madame Tina Deschênes et domicilié à Sept-Îles.</p>
<p>Les funérailles de monsieur Sylvain Vigneault auront lieu le lundi 14 août 2023 à 14 h en l’église St-Pierre de Havre-St-Pierre.</p>
<p>Selon ses volontés, il a été confié au crématorium de la maison L.J.G. Mallet pour crémation.</p>
<p>La famille reçoit parents et amis le lundi 14 août 2023 jour des funérailles à compter de 13 h à l’église St-Pierre de Havre-Saint-Pierre.</p>
<p>Il laisse dans le deuil outre sa conjointe madame Tina Deschênes, ses enfants : Olivier, Érika et Britanie (leur mère Nathalie Coulombe), ses beaux-enfants : Vanessa (Jason) et Marie-Soleil (Sébastien), ses petits-enfants, ses frères et ses sœurs : Jean-Paul (Martine), Albert (Micheline), Jacinthe (Michel), Nicole (Bertrand), Bertrand (Lorraine), Agathe (Camil), Thérèse (Eddy) et Steeve (Kathy), son beau-frère Jan (Marie-Josée) ainsi que ses neveux, ses nièces, ses oncles, ses tantes, ses cousins, ses cousines et de nombreux ami(e)s.</p>
<p>Vos marques de sympathie peuvent se traduire par un don à L’association Québécoise de prévention du suicide <a href="http://www.aqps.info">www.aqps.info</a></p>
<p>La famille a confié la direction des funérailles aux services professionnels de la Maison L.J.G. Mallet du 1429, rue du Canot à Havre-St-Pierre, membre de la Corporation des thanatologues du Québec.</p>
<p>Vous pouvez consulter cet avis de décès, sur le <a href="https://nouveau.maisonmallet.com">www.maisonmallet.com</a></p>
<p>Ceux et celles qui le désirent, peuvent y envoyer des messages de sympathie.</p>
<p>&nbsp;</p>
<hr />
<p>Envoyer vos condoléances</p>
<p>[contact-form to= »tiwin_3@hotmail.com » subject= »Condoléances Sylvain Vigneault »][contact-field label= »Votre nom » type= »name » required= »1&Prime;][contact-field label= »Votre courriel » type= »email » required= »1&Prime;][contact-field label= »Condoléances » type= »textarea »][/contact-form]</p>
