{"id":4268,"date":"2019-08-09T13:14:25","date_gmt":"2019-08-09T17:14:25","guid":{"rendered":"https:\/\/nouveau.maisonmallet.com\/?post_type=event&#038;p=4268"},"modified":"2019-08-12T16:17:53","modified_gmt":"2019-08-12T20:17:53","slug":"lalomalek-antoine150631","status":"publish","type":"event","link":"https:\/\/nouveau.maisonmallet.com\/back05_01\/?event=lalomalek-antoine150631","title":{"rendered":"LALO-MALEK Antoine"},"content":{"rendered":"<p>1931-2019<\/p>\n<p>\u00c0 Nutashkuan, le 9 ao\u00fbt 2019, est d\u00e9c\u00e9d\u00e9 \u00e0 l\u2019\u00e2ge de 88 ans et 1 mois, monsieur Antoine Malek Lalo \u00e9poux de feue Marie-Rose Tobie et domicili\u00e9 \u00e0 Nutashkuan.<\/p>\n<p>Les fun\u00e9railles de monsieur Antoine Lalo-Malek auront lieu le mardi 13 ao\u00fbt 2019 \u00e0 10 h 00 en l\u2019\u00e9glise Notre-Dame-des-Indiens de Nutashkuan et l\u2019inhumation au cimeti\u00e8re de l\u2019endroit.<\/p>\n<p>La famille re\u00e7oit parents et amis le lundi 12 ao\u00fbt 2019 de 13 h00 16 h 00 de 19 h 00 \u00e0 22 h 00. Le mardi 13 ao\u00fbt 2019 jour des fun\u00e9railles \u00e0 compter de 9 h 00 au 177, rue Kapituakiat \u00e0 Nutashkuan.<\/p>\n<p>Il laisse dans le deuil ses fils : Richard (H\u00e9l\u00e8ne Mestokosho), Daniel (Anita Tettaut), Jean-Guy (Ang\u00e9la M\u00e9nicapo), ses filles : Marie-Marthe (R\u00e9al Leblanc), Suzanne (Donald Kaltush), Julienne (R\u00e9jean Kaltush), Christiane (Ga\u00e9tan Picard), Ang\u00e9lique (Bruno M\u00e9nard), Rose-Alma (Luc Mestokosho), Denise (R\u00e9al Tettaut), Viviane (Normand Vaillancourt), ses quarante petits-enfants, ses soixante et treize arri\u00e8re-petits-enfants, ses arri\u00e8re arri\u00e8re petits-enfants, ses fr\u00e8res, ses s\u0153urs, ses neveux, ses ni\u00e8ces, et de nombreux ami(e)s.<\/p>\n<p>La famille a confi\u00e9 la direction des fun\u00e9railles aux services professionnels de la Maison L.J.G. Mallet du 1429, rue du Canot \u00e0 Havre-Saint-Pierre, maintenant reconnue Distinction et membre de la Corporation des Thanatologues du Qu\u00e9bec.<\/p>\n<p>Vous pouvez consulter cet avis de d\u00e9c\u00e8s sur le <a href=\"https:\/\/nouveau.maisonmallet.com\/back05_01\/\">www.maisonmallet.com<\/a><\/p>\n<p>Ceux et celles qui le d\u00e9sirent, peuvent y envoyer des messages de sympathie.<\/p>\n<p>&nbsp;<\/p>\n<p>&nbsp;<\/p>\n<hr \/>\n<p>Envoyer vos condol\u00e9ances<\/p>\n<p>[contact-form to=\u00a0\u00bbrichardmalek61@gmail.com\u00a0\u00bb subject=\u00a0\u00bbCondol\u00e9ances Antoine Lalo-Malek\u00a0\u00bb][contact-field label=\u00a0\u00bbVotre nom\u00a0\u00bb type=\u00a0\u00bbname\u00a0\u00bb required=\u00a0\u00bb1&Prime;][contact-field label=\u00a0\u00bbVotre courriel\u00a0\u00bb type=\u00a0\u00bbemail\u00a0\u00bb required=\u00a0\u00bb1&Prime;][contact-field label=\u00a0\u00bbCondol\u00e9ances\u00a0\u00bb type=\u00a0\u00bbtextarea\u00a0\u00bb][\/contact-form]<\/p>\n","protected":false},"featured_media":4346,"template":"","event_cat":[7],"class_list":["post-4268","event","type-event","status-publish","has-post-thumbnail","hentry","event_cat-maison-l-j-g-mallet-inc"],"_links":{"self":[{"href":"https:\/\/nouveau.maisonmallet.com\/back05_01\/index.php?rest_route=\/wp\/v2\/event\/4268","targetHints":{"allow":["GET"]}}],"collection":[{"href":"https:\/\/nouveau.maisonmallet.com\/back05_01\/index.php?rest_route=\/wp\/v2\/event"}],"about":[{"href":"https:\/\/nouveau.maisonmallet.com\/back05_01\/index.php?rest_route=\/wp\/v2\/types\/event"}],"wp:featuredmedia":[{"embeddable":true,"href":"https:\/\/nouveau.maisonmallet.com\/back05_01\/index.php?rest_route=\/wp\/v2\/media\/4346"}],"wp:attachment":[{"href":"https:\/\/nouveau.maisonmallet.com\/back05_01\/index.php?rest_route=%2Fwp%2Fv2%2Fmedia&parent=4268"}],"wp:term":[{"taxonomy":"event_cat","embeddable":true,"href":"https:\/\/nouveau.maisonmallet.com\/back05_01\/index.php?rest_route=%2Fwp%2Fv2%2Fevent_cat&post=4268"}],"curies":[{"name":"wp","href":"https:\/\/api.w.org\/{rel}","templated":true}]}}

<p>1931-2019</p>
<p>À Nutashkuan, le 9 août 2019, est décédé à l’âge de 88 ans et 1 mois, monsieur Antoine Malek Lalo époux de feue Marie-Rose Tobie et domicilié à Nutashkuan.</p>
<p>Les funérailles de monsieur Antoine Lalo-Malek auront lieu le mardi 13 août 2019 à 10 h 00 en l’église Notre-Dame-des-Indiens de Nutashkuan et l’inhumation au cimetière de l’endroit.</p>
<p>La famille reçoit parents et amis le lundi 12 août 2019 de 13 h00 16 h 00 de 19 h 00 à 22 h 00. Le mardi 13 août 2019 jour des funérailles à compter de 9 h 00 au 177, rue Kapituakiat à Nutashkuan.</p>
<p>Il laisse dans le deuil ses fils : Richard (Hélène Mestokosho), Daniel (Anita Tettaut), Jean-Guy (Angéla Ménicapo), ses filles : Marie-Marthe (Réal Leblanc), Suzanne (Donald Kaltush), Julienne (Réjean Kaltush), Christiane (Gaétan Picard), Angélique (Bruno Ménard), Rose-Alma (Luc Mestokosho), Denise (Réal Tettaut), Viviane (Normand Vaillancourt), ses quarante petits-enfants, ses soixante et treize arrière-petits-enfants, ses arrière arrière petits-enfants, ses frères, ses sœurs, ses neveux, ses nièces, et de nombreux ami(e)s.</p>
<p>La famille a confié la direction des funérailles aux services professionnels de la Maison L.J.G. Mallet du 1429, rue du Canot à Havre-Saint-Pierre, maintenant reconnue Distinction et membre de la Corporation des Thanatologues du Québec.</p>
<p>Vous pouvez consulter cet avis de décès sur le <a href="https://nouveau.maisonmallet.com/back05_01/">www.maisonmallet.com</a></p>
<p>Ceux et celles qui le désirent, peuvent y envoyer des messages de sympathie.</p>
<p>&nbsp;</p>
<p>&nbsp;</p>
<hr />
<p>Envoyer vos condoléances</p>
<p>[contact-form to= »richardmalek61@gmail.com » subject= »Condoléances Antoine Lalo-Malek »][contact-field label= »Votre nom » type= »name » required= »1&Prime;][contact-field label= »Votre courriel » type= »email » required= »1&Prime;][contact-field label= »Condoléances » type= »textarea »][/contact-form]</p>
