{"id":42748,"date":"2023-08-17T10:00:43","date_gmt":"2023-08-17T14:00:43","guid":{"rendered":"https:\/\/nouveau.maisonmallet.com\/?post_type=event&#038;p=42748"},"modified":"2024-01-17T21:26:34","modified_gmt":"2024-01-18T02:26:34","slug":"picard-marie-paule","status":"publish","type":"event","link":"https:\/\/nouveau.maisonmallet.com\/back05_01\/?event=picard-marie-paule","title":{"rendered":"PICARD, Marie-Paule"},"content":{"rendered":"<p>La Maison L.J.G. Mallet a le regret de vous annoncer le d\u00e9c\u00e8s de<\/p>\n<p>&nbsp;<\/p>\n<p>Marie-Paule Picard<\/p>\n<p>1932 \u2013 2023<\/p>\n<p>\u00c0 Havre-Saint-Pierre, le 17 ao\u00fbt 2023, est d\u00e9c\u00e9d\u00e9e \u00e0 l\u2019\u00e2ge de 91 ans, madame Marie-Paule Picard \u00e9pouse de feu Yvon Vigneault, conjointe de monsieur Lionel Turbis et domicili\u00e9e \u00e0 Havre-Saint-Pierre.<\/p>\n<p>Les fun\u00e9railles de madame Marie-Paule Picard auront lieu le jeudi 24 ao\u00fbt 2023 \u00e0 16 h en l\u2019\u00c9glise Saint-Pierre de Havre-Saint-Pierre et de l\u00e0 au cimeti\u00e8re de l\u2019endroit.<\/p>\n<p>Selon ses volont\u00e9s, elle a \u00e9t\u00e9 confi\u00e9e au cr\u00e9matorium de la Maison L.J.G. Mallet pour cr\u00e9mation.<\/p>\n<p>La famille re\u00e7oit parents et amis le jeudi 24 ao\u00fbt 2023 jour des fun\u00e9railles \u00e0 compter de 15 h \u00e0 l\u2019\u00e9glise Saint-Pierre \u00e0 Havre-Saint-Pierre.<\/p>\n<p>Elle laisse dans le deuil outre son conjoint monsieur Lionel Turbis, ses filles : Florence (Alain Richard), Francine (Pierre Boudreau) et Andr\u00e9e, ses fils : Bertrand (Ginette Cormier), Daniel et Charley (Guylaine Boudreau), ses treize petits-enfants, ses vingt-cinq arri\u00e8re-petits-enfants, ses deux arri\u00e8re-arri\u00e8re-petits-enfants ainsi que son fr\u00e8re Julien-Marie (louise Cormier), ses s\u0153urs : H\u00e9l\u00e8ne et Jocelyne (Richard), ses beaux-fr\u00e8res, ses belles-s\u0153urs, ses neveux, ses ni\u00e8ces et ainsi que de nombreux ami(e)s.<\/p>\n<p>Vos marques de sympathie peuvent se traduire par un don \u00e0 la fabrique St-Pierre de Havre Saint-Pierre<\/p>\n<p>La famille a confi\u00e9 la direction des fun\u00e9railles aux services professionnels de la Maison L.J.G. Mallet du 1429, rue du Canot \u00e0 Havre-Saint-Pierre, maintenant reconnue Distinction et membre de la Corporation des Thanatologues du Qu\u00e9bec.<\/p>\n<p>Vous pouvez consulter cet avis de d\u00e9c\u00e8s sur le\u00a0<a href=\"https:\/\/nouveau.maisonmallet.com\/\">www.maisonmallet.com<\/a><\/p>\n<p>Ceux et celles qui le d\u00e9sirent, peuvent y envoyer des messages de sympathie.<\/p>\n<hr \/>\n<p>Envoyer vos condol\u00e9ances<\/p>\n<p>[contact-form to=\u00a0\u00bbcharley.vigneault@hotmail.com\u00a0\u00bb subject=\u00a0\u00bbCondol\u00e9ances Marie-Paule Picard\u00a0\u00bb][contact-field label=\u00a0\u00bbVotre nom\u00a0\u00bb type=\u00a0\u00bbname\u00a0\u00bb required=\u00a0\u00bb1&Prime;][contact-field label=\u00a0\u00bbVotre courriel\u00a0\u00bb type=\u00a0\u00bbemail\u00a0\u00bb required=\u00a0\u00bb1&Prime;][contact-field label=\u00a0\u00bbCondol\u00e9ances\u00a0\u00bb type=\u00a0\u00bbtextarea\u00a0\u00bb][\/contact-form]<\/p>\n","protected":false},"featured_media":42785,"template":"","event_cat":[7],"class_list":["post-42748","event","type-event","status-publish","has-post-thumbnail","hentry","event_cat-maison-l-j-g-mallet-inc"],"_links":{"self":[{"href":"https:\/\/nouveau.maisonmallet.com\/back05_01\/index.php?rest_route=\/wp\/v2\/event\/42748","targetHints":{"allow":["GET"]}}],"collection":[{"href":"https:\/\/nouveau.maisonmallet.com\/back05_01\/index.php?rest_route=\/wp\/v2\/event"}],"about":[{"href":"https:\/\/nouveau.maisonmallet.com\/back05_01\/index.php?rest_route=\/wp\/v2\/types\/event"}],"wp:featuredmedia":[{"embeddable":true,"href":"https:\/\/nouveau.maisonmallet.com\/back05_01\/index.php?rest_route=\/wp\/v2\/media\/42785"}],"wp:attachment":[{"href":"https:\/\/nouveau.maisonmallet.com\/back05_01\/index.php?rest_route=%2Fwp%2Fv2%2Fmedia&parent=42748"}],"wp:term":[{"taxonomy":"event_cat","embeddable":true,"href":"https:\/\/nouveau.maisonmallet.com\/back05_01\/index.php?rest_route=%2Fwp%2Fv2%2Fevent_cat&post=42748"}],"curies":[{"name":"wp","href":"https:\/\/api.w.org\/{rel}","templated":true}]}}

<p>La Maison L.J.G. Mallet a le regret de vous annoncer le décès de</p>
<p>&nbsp;</p>
<p>Marie-Paule Picard</p>
<p>1932 – 2023</p>
<p>À Havre-Saint-Pierre, le 17 août 2023, est décédée à l’âge de 91 ans, madame Marie-Paule Picard épouse de feu Yvon Vigneault, conjointe de monsieur Lionel Turbis et domiciliée à Havre-Saint-Pierre.</p>
<p>Les funérailles de madame Marie-Paule Picard auront lieu le jeudi 24 août 2023 à 16 h en l’Église Saint-Pierre de Havre-Saint-Pierre et de là au cimetière de l’endroit.</p>
<p>Selon ses volontés, elle a été confiée au crématorium de la Maison L.J.G. Mallet pour crémation.</p>
<p>La famille reçoit parents et amis le jeudi 24 août 2023 jour des funérailles à compter de 15 h à l’église Saint-Pierre à Havre-Saint-Pierre.</p>
<p>Elle laisse dans le deuil outre son conjoint monsieur Lionel Turbis, ses filles : Florence (Alain Richard), Francine (Pierre Boudreau) et Andrée, ses fils : Bertrand (Ginette Cormier), Daniel et Charley (Guylaine Boudreau), ses treize petits-enfants, ses vingt-cinq arrière-petits-enfants, ses deux arrière-arrière-petits-enfants ainsi que son frère Julien-Marie (louise Cormier), ses sœurs : Hélène et Jocelyne (Richard), ses beaux-frères, ses belles-sœurs, ses neveux, ses nièces et ainsi que de nombreux ami(e)s.</p>
<p>Vos marques de sympathie peuvent se traduire par un don à la fabrique St-Pierre de Havre Saint-Pierre</p>
<p>La famille a confié la direction des funérailles aux services professionnels de la Maison L.J.G. Mallet du 1429, rue du Canot à Havre-Saint-Pierre, maintenant reconnue Distinction et membre de la Corporation des Thanatologues du Québec.</p>
<p>Vous pouvez consulter cet avis de décès sur le <a href="https://nouveau.maisonmallet.com/">www.maisonmallet.com</a></p>
<p>Ceux et celles qui le désirent, peuvent y envoyer des messages de sympathie.</p>
<hr />
<p>Envoyer vos condoléances</p>
<p>[contact-form to= »charley.vigneault@hotmail.com » subject= »Condoléances Marie-Paule Picard »][contact-field label= »Votre nom » type= »name » required= »1&Prime;][contact-field label= »Votre courriel » type= »email » required= »1&Prime;][contact-field label= »Condoléances » type= »textarea »][/contact-form]</p>
