{"id":42783,"date":"2023-08-19T11:17:41","date_gmt":"2023-08-19T15:17:41","guid":{"rendered":"https:\/\/nouveau.maisonmallet.com\/?post_type=event&#038;p=42783"},"modified":"2023-08-20T11:34:28","modified_gmt":"2023-08-20T15:34:28","slug":"celebration-des-defunts-cimetiere-catholique-de-sept-iles","status":"publish","type":"event","link":"https:\/\/nouveau.maisonmallet.com\/back05_01\/?event=celebration-des-defunts-cimetiere-catholique-de-sept-iles","title":{"rendered":"C\u00c9L\u00c9BRATION DES D\u00c9FUNTS CIMETI\u00c8RE CATHOLIQUE DE SEPT-\u00ceLES"},"content":{"rendered":"<p>Le Complexe Thanatologique Mallet &amp; fils vous invite<\/p>\n<p>&nbsp;<\/p>\n<p><strong>C\u00c9L\u00c9BRATION DES D\u00c9FUNTS \u00a0<\/strong><\/p>\n<p><strong>\u00a0<\/strong><\/p>\n<p>Le Complexe Thanatologique Mallet &amp; fils vous invite \u00e0 la c\u00e9l\u00e9bration des d\u00e9funts 2023, en m\u00e9moire des membres de votre famille ou de vos amis d\u00e9c\u00e9d\u00e9s, au Cimeti\u00e8re Catholique de Sept-\u00celes.<\/p>\n<p><em>\u00a0<\/em><\/p>\n<p>Le dimanche 27 ao\u00fbt 2023, au Cimeti\u00e8re Catholique de Sept-\u00celes, il y aura une c\u00e9l\u00e9bration de la parole \u00e0 14 h pour nos d\u00e9funts et d\u00e9funtes.<\/p>\n<p>&nbsp;<\/p>\n<p>Venez vous regrouper autour de la croix dans le cimeti\u00e8re o\u00f9 se d\u00e9roulera la c\u00e9r\u00e9monie.<\/p>\n<p>&nbsp;<\/p>\n<p>Tous les parents et amis de nos d\u00e9funts et d\u00e9funtes sont invit\u00e9s.<\/p>\n<p><strong><em>\u00a0<\/em><\/strong><\/p>\n<p>En cas de mauvais temps, la c\u00e9l\u00e9bration sera remise au dimanche le 3 septembre \u00e0 14 h.<\/p>\n<p>&nbsp;<\/p>\n<p>Bienvenue \u00e0 tous<\/p>\n<hr \/>\n<p>Envoyer vos condol\u00e9ances<\/p>\n<p>[contact-form to=\u00a0\u00bbmarc@maisonmallet.com\u00a0\u00bb subject=\u00a0\u00bbCondol\u00e9ances\u00a0\u00bb][contact-field label=\u00a0\u00bbVotre nom\u00a0\u00bb type=\u00a0\u00bbname\u00a0\u00bb required=\u00a0\u00bb1&Prime;][contact-field label=\u00a0\u00bbVotre courriel\u00a0\u00bb type=\u00a0\u00bbemail\u00a0\u00bb required=\u00a0\u00bb1&Prime;][contact-field label=\u00a0\u00bbCondol\u00e9ances\u00a0\u00bb type=\u00a0\u00bbtextarea\u00a0\u00bb][\/contact-form]<\/p>\n","protected":false},"featured_media":42789,"template":"","event_cat":[6],"class_list":["post-42783","event","type-event","status-publish","has-post-thumbnail","hentry","event_cat-maison-mallet-et-fils-inc"],"_links":{"self":[{"href":"https:\/\/nouveau.maisonmallet.com\/back05_01\/index.php?rest_route=\/wp\/v2\/event\/42783","targetHints":{"allow":["GET"]}}],"collection":[{"href":"https:\/\/nouveau.maisonmallet.com\/back05_01\/index.php?rest_route=\/wp\/v2\/event"}],"about":[{"href":"https:\/\/nouveau.maisonmallet.com\/back05_01\/index.php?rest_route=\/wp\/v2\/types\/event"}],"wp:featuredmedia":[{"embeddable":true,"href":"https:\/\/nouveau.maisonmallet.com\/back05_01\/index.php?rest_route=\/wp\/v2\/media\/42789"}],"wp:attachment":[{"href":"https:\/\/nouveau.maisonmallet.com\/back05_01\/index.php?rest_route=%2Fwp%2Fv2%2Fmedia&parent=42783"}],"wp:term":[{"taxonomy":"event_cat","embeddable":true,"href":"https:\/\/nouveau.maisonmallet.com\/back05_01\/index.php?rest_route=%2Fwp%2Fv2%2Fevent_cat&post=42783"}],"curies":[{"name":"wp","href":"https:\/\/api.w.org\/{rel}","templated":true}]}}

CÉLÉBRATION DES DÉFUNTS CIMETIÈRE CATHOLIQUE DE SEPT-ÎLES

<p>Le Complexe Thanatologique Mallet &amp; fils vous invite</p>
<p>&nbsp;</p>
<p><strong>CÉLÉBRATION DES DÉFUNTS  </strong></p>
<p><strong> </strong></p>
<p>Le Complexe Thanatologique Mallet &amp; fils vous invite à la célébration des défunts 2023, en mémoire des membres de votre famille ou de vos amis décédés, au Cimetière Catholique de Sept-Îles.</p>
<p><em> </em></p>
<p>Le dimanche 27 août 2023, au Cimetière Catholique de Sept-Îles, il y aura une célébration de la parole à 14 h pour nos défunts et défuntes.</p>
<p>&nbsp;</p>
<p>Venez vous regrouper autour de la croix dans le cimetière où se déroulera la cérémonie.</p>
<p>&nbsp;</p>
<p>Tous les parents et amis de nos défunts et défuntes sont invités.</p>
<p><strong><em> </em></strong></p>
<p>En cas de mauvais temps, la célébration sera remise au dimanche le 3 septembre à 14 h.</p>
<p>&nbsp;</p>
<p>Bienvenue à tous</p>
<hr />
<p>Envoyer vos condoléances</p>
<p>[contact-form to= »marc@maisonmallet.com » subject= »Condoléances »][contact-field label= »Votre nom » type= »name » required= »1&Prime;][contact-field label= »Votre courriel » type= »email » required= »1&Prime;][contact-field label= »Condoléances » type= »textarea »][/contact-form]</p>
