{"id":42847,"date":"2023-08-16T08:34:42","date_gmt":"2023-08-16T12:34:42","guid":{"rendered":"https:\/\/nouveau.maisonmallet.com\/?post_type=event&#038;p=42847"},"modified":"2024-01-17T21:23:26","modified_gmt":"2024-01-18T02:23:26","slug":"bezeau-bruno","status":"publish","type":"event","link":"https:\/\/nouveau.maisonmallet.com\/back05_01\/?event=bezeau-bruno","title":{"rendered":"BEZEAU, Bruno"},"content":{"rendered":"<p>Le Complexe Thanatologique Mallet &amp; fils a le regret de vous annoncer le d\u00e9c\u00e8s de<\/p>\n<p>&nbsp;<\/p>\n<p>Bruno Bezeau<\/p>\n<p>1956 \u2013 2023<\/p>\n<p>&nbsp;<\/p>\n<p>\u00c0 Sept-\u00celes, le 16 ao\u00fbt 2023, est d\u00e9c\u00e9d\u00e9 l\u2019\u00e2ge de 67 ans, monsieur Bruno Bezeau \u00e9poux de madame Brigitte Pag\u00e9 et domicili\u00e9 \u00e0 Rivi\u00e8re Pentec\u00f4te.<\/p>\n<p>Les fun\u00e9railles de monsieur Bruno Bezeau auront lieu le samedi 26 ao\u00fbt 2023 \u00e0 11 h en l\u2019\u00e9glise St-Esprit de Pentec\u00f4te.<\/p>\n<p>Selon ses volont\u00e9s, il a \u00e9t\u00e9 confi\u00e9 au cr\u00e9matorium de la Maison Mallet &amp; fils pour cr\u00e9mation.<\/p>\n<p>La famille re\u00e7oit parents et amis le samedi 26 ao\u00fbt 2023 jour des fun\u00e9railles \u00e0 compter de 10 h \u00e0 l`\u00e9glise St-Esprit de Pentec\u00f4te.<\/p>\n<p>Il laisse dans le deuil outre son \u00e9pouse madame Brigitte Pag\u00e9, sa fille V\u00e9ronique (Martin Pearson), son fils Luc (Marie-Anne Dumas), ses petit-enfants\u00a0: Ma\u00e9li, Jayke et Sophie ainsi que ses fr\u00e8res, ses s\u0153urs, ses beaux-fr\u00e8res, ses belles-s\u0153urs, ses neveux, ses ni\u00e8ces, ses cousins, ses cousines et de nombreux ami(e)s.<\/p>\n<p>La famille a confi\u00e9 la direction des fun\u00e9railles aux services professionnels de la Maison Mallet &amp; fils du 57, route 138 \u00e0 Port-Cartier, maintenant reconnue Distinction et membre de la Corporation des Thanatologues du Qu\u00e9bec.<\/p>\n<p>Vous pouvez consulter cet avis de d\u00e9c\u00e8s, sur le <a href=\"https:\/\/nouveau.maisonmallet.com\">www.maisonmallet.com<\/a><\/p>\n<p>Ceux et celle qui le d\u00e9sirent, peuvent y envoyer des messages de sympathie.<\/p>\n<hr \/>\n<p>Envoyer vos condol\u00e9ances<\/p>\n<p>[contact-form to=\u00a0\u00bbti_luc72@hotmail.com\u00a0\u00bb subject=\u00a0\u00bbCondol\u00e9ances Bruno Bezeau\u00a0\u00bb][contact-field label=\u00a0\u00bbVotre nom\u00a0\u00bb type=\u00a0\u00bbname\u00a0\u00bb required=\u00a0\u00bb1&Prime;][contact-field label=\u00a0\u00bbVotre courriel\u00a0\u00bb type=\u00a0\u00bbemail\u00a0\u00bb required=\u00a0\u00bb1&Prime;][contact-field label=\u00a0\u00bbCondol\u00e9ances\u00a0\u00bb type=\u00a0\u00bbtextarea\u00a0\u00bb][\/contact-form]<\/p>\n","protected":false},"featured_media":42849,"template":"","event_cat":[6],"class_list":["post-42847","event","type-event","status-publish","has-post-thumbnail","hentry","event_cat-maison-mallet-et-fils-inc"],"_links":{"self":[{"href":"https:\/\/nouveau.maisonmallet.com\/back05_01\/index.php?rest_route=\/wp\/v2\/event\/42847","targetHints":{"allow":["GET"]}}],"collection":[{"href":"https:\/\/nouveau.maisonmallet.com\/back05_01\/index.php?rest_route=\/wp\/v2\/event"}],"about":[{"href":"https:\/\/nouveau.maisonmallet.com\/back05_01\/index.php?rest_route=\/wp\/v2\/types\/event"}],"wp:featuredmedia":[{"embeddable":true,"href":"https:\/\/nouveau.maisonmallet.com\/back05_01\/index.php?rest_route=\/wp\/v2\/media\/42849"}],"wp:attachment":[{"href":"https:\/\/nouveau.maisonmallet.com\/back05_01\/index.php?rest_route=%2Fwp%2Fv2%2Fmedia&parent=42847"}],"wp:term":[{"taxonomy":"event_cat","embeddable":true,"href":"https:\/\/nouveau.maisonmallet.com\/back05_01\/index.php?rest_route=%2Fwp%2Fv2%2Fevent_cat&post=42847"}],"curies":[{"name":"wp","href":"https:\/\/api.w.org\/{rel}","templated":true}]}}

<p>Le Complexe Thanatologique Mallet &amp; fils a le regret de vous annoncer le décès de</p>
<p>&nbsp;</p>
<p>Bruno Bezeau</p>
<p>1956 – 2023</p>
<p>&nbsp;</p>
<p>À Sept-Îles, le 16 août 2023, est décédé l’âge de 67 ans, monsieur Bruno Bezeau époux de madame Brigitte Pagé et domicilié à Rivière Pentecôte.</p>
<p>Les funérailles de monsieur Bruno Bezeau auront lieu le samedi 26 août 2023 à 11 h en l’église St-Esprit de Pentecôte.</p>
<p>Selon ses volontés, il a été confié au crématorium de la Maison Mallet &amp; fils pour crémation.</p>
<p>La famille reçoit parents et amis le samedi 26 août 2023 jour des funérailles à compter de 10 h à l`église St-Esprit de Pentecôte.</p>
<p>Il laisse dans le deuil outre son épouse madame Brigitte Pagé, sa fille Véronique (Martin Pearson), son fils Luc (Marie-Anne Dumas), ses petit-enfants : Maéli, Jayke et Sophie ainsi que ses frères, ses sœurs, ses beaux-frères, ses belles-sœurs, ses neveux, ses nièces, ses cousins, ses cousines et de nombreux ami(e)s.</p>
<p>La famille a confié la direction des funérailles aux services professionnels de la Maison Mallet &amp; fils du 57, route 138 à Port-Cartier, maintenant reconnue Distinction et membre de la Corporation des Thanatologues du Québec.</p>
<p>Vous pouvez consulter cet avis de décès, sur le <a href="https://nouveau.maisonmallet.com">www.maisonmallet.com</a></p>
<p>Ceux et celle qui le désirent, peuvent y envoyer des messages de sympathie.</p>
<hr />
<p>Envoyer vos condoléances</p>
<p>[contact-form to= »ti_luc72@hotmail.com » subject= »Condoléances Bruno Bezeau »][contact-field label= »Votre nom » type= »name » required= »1&Prime;][contact-field label= »Votre courriel » type= »email » required= »1&Prime;][contact-field label= »Condoléances » type= »textarea »][/contact-form]</p>
