{"id":43004,"date":"2023-06-28T16:48:17","date_gmt":"2023-06-28T20:48:17","guid":{"rendered":"https:\/\/nouveau.maisonmallet.com\/?post_type=event&#038;p=43004"},"modified":"2024-01-17T21:20:52","modified_gmt":"2024-01-18T02:20:52","slug":"cyr-julienne","status":"publish","type":"event","link":"https:\/\/nouveau.maisonmallet.com\/back05_01\/?event=cyr-julienne","title":{"rendered":"CYR, Julienne"},"content":{"rendered":"<p>La Maison L.J.G. Mallet a le regret de vous annoncer le d\u00e9c\u00e8s de<\/p>\n<p>&nbsp;<\/p>\n<p>Julienne Cyr<\/p>\n<p>1961 &#8211; 2023<\/p>\n<p>&nbsp;<\/p>\n<p>\u00c0 Havre-Saint-Pierre, le 28 juin 2023, est d\u00e9c\u00e9d\u00e9e \u00e0 l\u2019\u00e2ge de 61 ans, madame Julienne Cyr fille de feu Julien Marie Cyr et de feu H\u00e9l\u00e8ne Desjardins domicili\u00e9e \u00e0 Havre-Saint-Pierre.<\/p>\n<p>La c\u00e9r\u00e9monie comm\u00e9morative de madame Julienne Cyr aura lieu le vendredi 1<sup>er<\/sup> septembre 2023 \u00e0 15 h 15 au salon L.J.G. Mallet du 1429, rue du Canot \u00e0 Havre-Saint-Pierre et de l\u00e0 au cimeti\u00e8re de l&rsquo;endroit..<\/p>\n<p>Selon ses volont\u00e9s, elle a \u00e9t\u00e9 confi\u00e9e au cr\u00e9matorium de la Maison L.J.G. Mallet pour cr\u00e9mation.<\/p>\n<p>La famille re\u00e7oit parents et amis le vendredi 1<sup>er<\/sup> septembre 2023 de 13 h \u00e0 16 h au salon L.J.G. Mallet du 1429, rue du Canot \u00e0 Havre-Saint-Pierre.<\/p>\n<p>Elle laisse dans le deuil ses s\u0153urs\u00a0: Charlotte (Dany Richard) et Maryse, ses ni\u00e8ces\u00a0: Marie H\u00e9l\u00e8ne (Valery Brochu L\u00e9vesque) et Andr\u00e9a (Gabriel Boudreau) ainsi que son oncle, ses tantes, ses cousins, ses cousines et de nombreux ami(e)s.<\/p>\n<p>Vos marques de sympathie peuvent se traduire par un don au Centre de sant\u00e9 de la Minganie.<\/p>\n<p>La famille a confi\u00e9 les arrangements aux services professionnels de la Maison L.J.G. Mallet du 1429, rue du Canot \u00e0 Havre-Saint-Pierre, maintenant reconnue Distinction et membre de la Corporation des Thanatologues du Qu\u00e9bec.<\/p>\n<p>Vous pouvez consulter cet avis de d\u00e9c\u00e8s sur le <a href=\"https:\/\/nouveau.maisonmallet.com\">www.maisonmallet.com<\/a><\/p>\n<p>Ceux et celles qui le d\u00e9sirent, peuvent y envoyer des messages de sympathie.<\/p>\n<hr \/>\n<p>Envoyer vos condol\u00e9ances<\/p>\n<p>[contact-form to=\u00a0\u00bbmarysecyr1970@gmail.com\u00a0\u00bb subject=\u00a0\u00bbCondol\u00e9ances Julienne Cyr\u00a0\u00bb][contact-field label=\u00a0\u00bbVotre nom\u00a0\u00bb type=\u00a0\u00bbname\u00a0\u00bb required=\u00a0\u00bb1&Prime;][contact-field label=\u00a0\u00bbVotre courriel\u00a0\u00bb type=\u00a0\u00bbemail\u00a0\u00bb required=\u00a0\u00bb1&Prime;][contact-field label=\u00a0\u00bbCondol\u00e9ances\u00a0\u00bb type=\u00a0\u00bbtextarea\u00a0\u00bb][\/contact-form]<\/p>\n","protected":false},"featured_media":43027,"template":"","event_cat":[7],"class_list":["post-43004","event","type-event","status-publish","has-post-thumbnail","hentry","event_cat-maison-l-j-g-mallet-inc"],"_links":{"self":[{"href":"https:\/\/nouveau.maisonmallet.com\/back05_01\/index.php?rest_route=\/wp\/v2\/event\/43004","targetHints":{"allow":["GET"]}}],"collection":[{"href":"https:\/\/nouveau.maisonmallet.com\/back05_01\/index.php?rest_route=\/wp\/v2\/event"}],"about":[{"href":"https:\/\/nouveau.maisonmallet.com\/back05_01\/index.php?rest_route=\/wp\/v2\/types\/event"}],"wp:featuredmedia":[{"embeddable":true,"href":"https:\/\/nouveau.maisonmallet.com\/back05_01\/index.php?rest_route=\/wp\/v2\/media\/43027"}],"wp:attachment":[{"href":"https:\/\/nouveau.maisonmallet.com\/back05_01\/index.php?rest_route=%2Fwp%2Fv2%2Fmedia&parent=43004"}],"wp:term":[{"taxonomy":"event_cat","embeddable":true,"href":"https:\/\/nouveau.maisonmallet.com\/back05_01\/index.php?rest_route=%2Fwp%2Fv2%2Fevent_cat&post=43004"}],"curies":[{"name":"wp","href":"https:\/\/api.w.org\/{rel}","templated":true}]}}

<p>La Maison L.J.G. Mallet a le regret de vous annoncer le décès de</p>
<p>&nbsp;</p>
<p>Julienne Cyr</p>
<p>1961 &#8211; 2023</p>
<p>&nbsp;</p>
<p>À Havre-Saint-Pierre, le 28 juin 2023, est décédée à l’âge de 61 ans, madame Julienne Cyr fille de feu Julien Marie Cyr et de feu Hélène Desjardins domiciliée à Havre-Saint-Pierre.</p>
<p>La cérémonie commémorative de madame Julienne Cyr aura lieu le vendredi 1<sup>er</sup> septembre 2023 à 15 h 15 au salon L.J.G. Mallet du 1429, rue du Canot à Havre-Saint-Pierre et de là au cimetière de l&rsquo;endroit..</p>
<p>Selon ses volontés, elle a été confiée au crématorium de la Maison L.J.G. Mallet pour crémation.</p>
<p>La famille reçoit parents et amis le vendredi 1<sup>er</sup> septembre 2023 de 13 h à 16 h au salon L.J.G. Mallet du 1429, rue du Canot à Havre-Saint-Pierre.</p>
<p>Elle laisse dans le deuil ses sœurs : Charlotte (Dany Richard) et Maryse, ses nièces : Marie Hélène (Valery Brochu Lévesque) et Andréa (Gabriel Boudreau) ainsi que son oncle, ses tantes, ses cousins, ses cousines et de nombreux ami(e)s.</p>
<p>Vos marques de sympathie peuvent se traduire par un don au Centre de santé de la Minganie.</p>
<p>La famille a confié les arrangements aux services professionnels de la Maison L.J.G. Mallet du 1429, rue du Canot à Havre-Saint-Pierre, maintenant reconnue Distinction et membre de la Corporation des Thanatologues du Québec.</p>
<p>Vous pouvez consulter cet avis de décès sur le <a href="https://nouveau.maisonmallet.com">www.maisonmallet.com</a></p>
<p>Ceux et celles qui le désirent, peuvent y envoyer des messages de sympathie.</p>
<hr />
<p>Envoyer vos condoléances</p>
<p>[contact-form to= »marysecyr1970@gmail.com » subject= »Condoléances Julienne Cyr »][contact-field label= »Votre nom » type= »name » required= »1&Prime;][contact-field label= »Votre courriel » type= »email » required= »1&Prime;][contact-field label= »Condoléances » type= »textarea »][/contact-form]</p>
