{"id":43361,"date":"2023-09-05T08:17:38","date_gmt":"2023-09-05T12:17:38","guid":{"rendered":"https:\/\/nouveau.maisonmallet.com\/?post_type=event&#038;p=43361"},"modified":"2024-01-17T21:14:21","modified_gmt":"2024-01-18T02:14:21","slug":"laurent-francoise","status":"publish","type":"event","link":"https:\/\/nouveau.maisonmallet.com\/back05_01\/?event=laurent-francoise","title":{"rendered":"LAURENT, Fran\u00e7oise"},"content":{"rendered":"<p>Le Complexe Thanatologique Mallet &amp; fils a le regret de vous annoncer le d\u00e9c\u00e8s de<\/p>\n<p>&nbsp;<\/p>\n<p>Fran\u00e7oise Laurent<\/p>\n<p>1956 \u2013 2023<\/p>\n<p>&nbsp;<\/p>\n<p>\u00c0 Uashat, le 5 septembre 2023, est d\u00e9c\u00e9d\u00e9e \u00e0 l\u2019\u00e2ge de 67 ans, madame Fran\u00e7oise Laurent fille de feu Philippe Laurent et de feu Marie-Jeanne Ashini domicili\u00e9e \u00e0 Uashat.<\/p>\n<p>Les fun\u00e9railles de madame Fran\u00e7oise Laurent auront lieu le samedi 9 septembre 2023 \u00e0 15 h en l\u2019\u00e9glise Kateri Tekakwitha, situ\u00e9e au 1035, avenue Dequen \u00e0 Uashat et de l\u00e0 au cimeti\u00e8re de Uashat.<\/p>\n<p>La famille re\u00e7oit parents et amis le vendredi 8 septembre 2023 \u00e0 compter de de 10 h au 1026, ave. Arnaud \u00e0 Uashat.<\/p>\n<p>Elle laisse dans le deuil sa fille Catherine (Eddy-\u00c9ric Fontaine), son fils Shapatesh (Brigitte Ashini Desterres), ses huit petits-enfants ainsi que ses s\u0153urs\u00a0: Rachel et Juliette, son fr\u00e8re Michel (Claude Grimard), sa belle-s\u0153ur Anita Laurent, ses neveux, ses ni\u00e8ces, ses tantes, ses cousins, ses cousines et de nombreux ami(e)s.<\/p>\n<p>Elle \u00e9tait la s\u0153ur de\u00a0: feu Jean-Baptiste, feu Marie-Jeanne, feu Suzanne et feu Charles.<\/p>\n<p>La famille a confi\u00e9 la direction des fun\u00e9railles aux services professionnels de la Maison Mallet &amp; fils du 585, Boul. Laure \u00e0 Sept-\u00celes, maintenant reconnue Distinction et membre de la Corporation des Thanatologues du Qu\u00e9bec.<\/p>\n<p>Vous pouvez consulter cet avis de d\u00e9c\u00e8s sur le <a href=\"https:\/\/nouveau.maisonmallet.com\">www.maisonmallet.com<\/a><\/p>\n<p>Ceux et celles qui le d\u00e9sirent, peuvent y envoyer des messages de condol\u00e9ances.<\/p>\n<hr \/>\n<p>Envoyer vos condol\u00e9ances<\/p>\n<p>[contact-form to=\u00a0\u00bbkatineish@live.ca\u00a0\u00bb subject=\u00a0\u00bbCondol\u00e9ances Fran\u00e7oise Laurent\u00a0\u00bb][contact-field label=\u00a0\u00bbVotre nom\u00a0\u00bb type=\u00a0\u00bbname\u00a0\u00bb required=\u00a0\u00bb1&Prime;][contact-field label=\u00a0\u00bbVotre courriel\u00a0\u00bb type=\u00a0\u00bbemail\u00a0\u00bb required=\u00a0\u00bb1&Prime;][contact-field label=\u00a0\u00bbCondol\u00e9ances\u00a0\u00bb type=\u00a0\u00bbtextarea\u00a0\u00bb][\/contact-form]<\/p>\n","protected":false},"featured_media":43440,"template":"","event_cat":[6],"class_list":["post-43361","event","type-event","status-publish","has-post-thumbnail","hentry","event_cat-maison-mallet-et-fils-inc"],"_links":{"self":[{"href":"https:\/\/nouveau.maisonmallet.com\/back05_01\/index.php?rest_route=\/wp\/v2\/event\/43361","targetHints":{"allow":["GET"]}}],"collection":[{"href":"https:\/\/nouveau.maisonmallet.com\/back05_01\/index.php?rest_route=\/wp\/v2\/event"}],"about":[{"href":"https:\/\/nouveau.maisonmallet.com\/back05_01\/index.php?rest_route=\/wp\/v2\/types\/event"}],"wp:featuredmedia":[{"embeddable":true,"href":"https:\/\/nouveau.maisonmallet.com\/back05_01\/index.php?rest_route=\/wp\/v2\/media\/43440"}],"wp:attachment":[{"href":"https:\/\/nouveau.maisonmallet.com\/back05_01\/index.php?rest_route=%2Fwp%2Fv2%2Fmedia&parent=43361"}],"wp:term":[{"taxonomy":"event_cat","embeddable":true,"href":"https:\/\/nouveau.maisonmallet.com\/back05_01\/index.php?rest_route=%2Fwp%2Fv2%2Fevent_cat&post=43361"}],"curies":[{"name":"wp","href":"https:\/\/api.w.org\/{rel}","templated":true}]}}

LAURENT, Françoise

<p>Le Complexe Thanatologique Mallet &amp; fils a le regret de vous annoncer le décès de</p>
<p>&nbsp;</p>
<p>Françoise Laurent</p>
<p>1956 – 2023</p>
<p>&nbsp;</p>
<p>À Uashat, le 5 septembre 2023, est décédée à l’âge de 67 ans, madame Françoise Laurent fille de feu Philippe Laurent et de feu Marie-Jeanne Ashini domiciliée à Uashat.</p>
<p>Les funérailles de madame Françoise Laurent auront lieu le samedi 9 septembre 2023 à 15 h en l’église Kateri Tekakwitha, située au 1035, avenue Dequen à Uashat et de là au cimetière de Uashat.</p>
<p>La famille reçoit parents et amis le vendredi 8 septembre 2023 à compter de de 10 h au 1026, ave. Arnaud à Uashat.</p>
<p>Elle laisse dans le deuil sa fille Catherine (Eddy-Éric Fontaine), son fils Shapatesh (Brigitte Ashini Desterres), ses huit petits-enfants ainsi que ses sœurs : Rachel et Juliette, son frère Michel (Claude Grimard), sa belle-sœur Anita Laurent, ses neveux, ses nièces, ses tantes, ses cousins, ses cousines et de nombreux ami(e)s.</p>
<p>Elle était la sœur de : feu Jean-Baptiste, feu Marie-Jeanne, feu Suzanne et feu Charles.</p>
<p>La famille a confié la direction des funérailles aux services professionnels de la Maison Mallet &amp; fils du 585, Boul. Laure à Sept-Îles, maintenant reconnue Distinction et membre de la Corporation des Thanatologues du Québec.</p>
<p>Vous pouvez consulter cet avis de décès sur le <a href="https://nouveau.maisonmallet.com">www.maisonmallet.com</a></p>
<p>Ceux et celles qui le désirent, peuvent y envoyer des messages de condoléances.</p>
<hr />
<p>Envoyer vos condoléances</p>
<p>[contact-form to= »katineish@live.ca » subject= »Condoléances Françoise Laurent »][contact-field label= »Votre nom » type= »name » required= »1&Prime;][contact-field label= »Votre courriel » type= »email » required= »1&Prime;][contact-field label= »Condoléances » type= »textarea »][/contact-form]</p>
