{"id":43447,"date":"2023-08-19T10:18:16","date_gmt":"2023-08-19T14:18:16","guid":{"rendered":"https:\/\/nouveau.maisonmallet.com\/?post_type=event&#038;p=43447"},"modified":"2024-01-17T21:12:56","modified_gmt":"2024-01-18T02:12:56","slug":"bezeau-julien","status":"publish","type":"event","link":"https:\/\/nouveau.maisonmallet.com\/back05_01\/?event=bezeau-julien","title":{"rendered":"BEZEAU, Julien"},"content":{"rendered":"<p>La Maison L.J.G. Mallet a le regret de vous annoncer le d\u00e9c\u00e8s de<\/p>\n<p>&nbsp;<\/p>\n<p>Julien Bezeau<\/p>\n<p>1935 &#8211; 2023<\/p>\n<p>&nbsp;<\/p>\n<p>&nbsp;<\/p>\n<p>\u00c0 Havre-Saint-Pierre, le 19 ao\u00fbt 2023, est d\u00e9c\u00e9d\u00e9 \u00e0 l\u2019\u00e2ge de 88 ans, monsieur Julien Bezeau fils de feu Alphonse Bezeau et de feu L\u00e9da Leblanc domicili\u00e9 \u00e0 Havre-Saint-Pierre.<\/p>\n<p>La famille re\u00e7oit parents et amis le samedi 16 septembre 2023 de 9 h \u00e0 10 h \u00e0 l\u2019\u00e9glise Saint-Hippolyte de Rivi\u00e8re-au-Tonnerre.<\/p>\n<p>Selon ses volont\u00e9s, il a \u00e9t\u00e9 confi\u00e9 au cr\u00e9matorium de la Maison L.J.G. Mallet pour cr\u00e9mation.<\/p>\n<p>Les fun\u00e9railles de monsieur Julien Bezeau auront lieu le samedi 16 septembre 2023 \u00e0 10 h en l\u2019\u00e9glise Saint-Hippolyte de Rivi\u00e8re-au-Tonnerre et de l\u00e0 au cimeti\u00e8re de Rivi\u00e8re-au-Tonnerre.<\/p>\n<p>Il laisse dans le deuil ses fr\u00e8res : Edmond, Paul-Emile, Alain et Denis, ses s\u0153urs : Odette, Francine et Linda, ses beaux-fr\u00e8res, ses belles-s\u0153urs, ses neveux, ses ni\u00e8ces ses oncles, ses tantes, ses cousins, ses cousines et ses ami(e)s.<\/p>\n<p>La famille a confi\u00e9 la direction des fun\u00e9railles aux services professionnels de la Maison L.J.G. Mallet du 1429, du Canot \u00e0 Havre-St-Pierre, maintenant reconnue Distinction et membre de la Corporation des Thanatologues du Qu\u00e9bec.<\/p>\n<p>Vous pouvez consulter cet avis de d\u00e9c\u00e8s, sur le <a href=\"https:\/\/nouveau.maisonmallet.com\">www.maisonmallet.com<\/a><\/p>\n<p>Ceux et celles qui le d\u00e9sirent, peuvent y envoyer des messages de sympathie.<\/p>\n<hr \/>\n<p>Envoyer vos condol\u00e9ances<\/p>\n<p>[contact-form to=\u00a0\u00bbbezeaul@hormail.com\u00a0\u00bb subject=\u00a0\u00bbCondol\u00e9ances Julien Bezeau\u00a0\u00bb][contact-field label=\u00a0\u00bbVotre nom\u00a0\u00bb type=\u00a0\u00bbname\u00a0\u00bb required=\u00a0\u00bb1&Prime;][contact-field label=\u00a0\u00bbVotre courriel\u00a0\u00bb type=\u00a0\u00bbemail\u00a0\u00bb required=\u00a0\u00bb1&Prime;][contact-field label=\u00a0\u00bbCondol\u00e9ances\u00a0\u00bb type=\u00a0\u00bbtextarea\u00a0\u00bb][\/contact-form]<\/p>\n","protected":false},"featured_media":43482,"template":"","event_cat":[7],"class_list":["post-43447","event","type-event","status-publish","has-post-thumbnail","hentry","event_cat-maison-l-j-g-mallet-inc"],"_links":{"self":[{"href":"https:\/\/nouveau.maisonmallet.com\/back05_01\/index.php?rest_route=\/wp\/v2\/event\/43447","targetHints":{"allow":["GET"]}}],"collection":[{"href":"https:\/\/nouveau.maisonmallet.com\/back05_01\/index.php?rest_route=\/wp\/v2\/event"}],"about":[{"href":"https:\/\/nouveau.maisonmallet.com\/back05_01\/index.php?rest_route=\/wp\/v2\/types\/event"}],"wp:featuredmedia":[{"embeddable":true,"href":"https:\/\/nouveau.maisonmallet.com\/back05_01\/index.php?rest_route=\/wp\/v2\/media\/43482"}],"wp:attachment":[{"href":"https:\/\/nouveau.maisonmallet.com\/back05_01\/index.php?rest_route=%2Fwp%2Fv2%2Fmedia&parent=43447"}],"wp:term":[{"taxonomy":"event_cat","embeddable":true,"href":"https:\/\/nouveau.maisonmallet.com\/back05_01\/index.php?rest_route=%2Fwp%2Fv2%2Fevent_cat&post=43447"}],"curies":[{"name":"wp","href":"https:\/\/api.w.org\/{rel}","templated":true}]}}

<p>La Maison L.J.G. Mallet a le regret de vous annoncer le décès de</p>
<p>&nbsp;</p>
<p>Julien Bezeau</p>
<p>1935 &#8211; 2023</p>
<p>&nbsp;</p>
<p>&nbsp;</p>
<p>À Havre-Saint-Pierre, le 19 août 2023, est décédé à l’âge de 88 ans, monsieur Julien Bezeau fils de feu Alphonse Bezeau et de feu Léda Leblanc domicilié à Havre-Saint-Pierre.</p>
<p>La famille reçoit parents et amis le samedi 16 septembre 2023 de 9 h à 10 h à l’église Saint-Hippolyte de Rivière-au-Tonnerre.</p>
<p>Selon ses volontés, il a été confié au crématorium de la Maison L.J.G. Mallet pour crémation.</p>
<p>Les funérailles de monsieur Julien Bezeau auront lieu le samedi 16 septembre 2023 à 10 h en l’église Saint-Hippolyte de Rivière-au-Tonnerre et de là au cimetière de Rivière-au-Tonnerre.</p>
<p>Il laisse dans le deuil ses frères : Edmond, Paul-Emile, Alain et Denis, ses sœurs : Odette, Francine et Linda, ses beaux-frères, ses belles-sœurs, ses neveux, ses nièces ses oncles, ses tantes, ses cousins, ses cousines et ses ami(e)s.</p>
<p>La famille a confié la direction des funérailles aux services professionnels de la Maison L.J.G. Mallet du 1429, du Canot à Havre-St-Pierre, maintenant reconnue Distinction et membre de la Corporation des Thanatologues du Québec.</p>
<p>Vous pouvez consulter cet avis de décès, sur le <a href="https://nouveau.maisonmallet.com">www.maisonmallet.com</a></p>
<p>Ceux et celles qui le désirent, peuvent y envoyer des messages de sympathie.</p>
<hr />
<p>Envoyer vos condoléances</p>
<p>[contact-form to= »bezeaul@hormail.com » subject= »Condoléances Julien Bezeau »][contact-field label= »Votre nom » type= »name » required= »1&Prime;][contact-field label= »Votre courriel » type= »email » required= »1&Prime;][contact-field label= »Condoléances » type= »textarea »][/contact-form]</p>
