{"id":43544,"date":"2023-09-21T13:42:18","date_gmt":"2023-09-21T17:42:18","guid":{"rendered":"https:\/\/nouveau.maisonmallet.com\/?post_type=event&#038;p=43544"},"modified":"2023-11-11T12:11:36","modified_gmt":"2023-11-11T17:11:36","slug":"bernatchez-lucienne","status":"publish","type":"event","link":"https:\/\/nouveau.maisonmallet.com\/back05_01\/?event=bernatchez-lucienne","title":{"rendered":"BERNATCHEZ, Lucienne"},"content":{"rendered":"<p>Le Complexe Thanatologique Mallet &amp; fils a le regret de vous annoncer le d\u00e9c\u00e8s de<\/p>\n<p>Lucienne Bernatchez<\/p>\n<p>1940 \u2013 2023<\/p>\n<p>&nbsp;<\/p>\n<p>\u00c0 Sept-\u00celes, le 21 septembre 2023, est d\u00e9c\u00e9d\u00e9e \u00e0 l\u2019\u00e2ge de 83 ans, madame Lucienne Bernatchez conjointe de monsieur Magella Thibeault et domicili\u00e9e \u00e0 Moisie.<\/p>\n<p>Selon ses volont\u00e9s, elle a \u00e9t\u00e9 confi\u00e9e au cr\u00e9matorium de la Maison Mallet &amp; fils pour cr\u00e9mation.<\/p>\n<p>Elle laisse dans le deuil outre son conjoint Magella Thibeault, ses enfants\u00a0: Lucien (feu Martine Bouchard), Patsy (Andr\u00e9 Poulin), Brenda (Raoul Lebrasseur), Maureen et Sherlyn, ses petits-enfants\u00a0: Tania, Patrick, Myl\u00e8ne, Bryand, Jessy, Keven, Sandy, Mo\u00efse, Tommy, Jany et Morgan, ses arri\u00e8re-petits-enfants, ses s\u0153urs\u00a0: Marie-Marthe (feu Paul Gauthier) et Patricia ainsi que ses beaux-fr\u00e8res, ses belles-s\u0153urs, ses neveux, ses ni\u00e8ces ses cousins, ses cousines et de nombreux ami(e)s.<\/p>\n<p>La famille a confi\u00e9 les arrangements aux services professionnels de la Maison Mallet &amp; fils du 585 Boul. Laure \u00e0 Sept-\u00celes, maintenant reconnue Distinction et membre de la Corporation des Thanatologues du Qu\u00e9bec.<\/p>\n<p>Vous pouvez consulter cet avis de d\u00e9c\u00e8s sur le\u00a0: <a href=\"https:\/\/nouveau.maisonmallet.com\">www.maisonmallet.com<\/a><\/p>\n<p>Ceux et celles qui le d\u00e9sirent, peuvent y envoyer des messages de sympathie.<\/p>\n<p>&nbsp;<\/p>\n<hr \/>\n<p>Envoyer vos condol\u00e9ances<\/p>\n<p>[contact-form to=\u00a0\u00bbmaureen.maher@live.ca\u00a0\u00bb subject=\u00a0\u00bbCondol\u00e9ances Lucienne Bernatchez\u00a0\u00bb][contact-field label=\u00a0\u00bbVotre nom\u00a0\u00bb type=\u00a0\u00bbname\u00a0\u00bb required=\u00a0\u00bb1&Prime;][contact-field label=\u00a0\u00bbVotre courriel\u00a0\u00bb type=\u00a0\u00bbemail\u00a0\u00bb required=\u00a0\u00bb1&Prime;][contact-field label=\u00a0\u00bbCondol\u00e9ances\u00a0\u00bb type=\u00a0\u00bbtextarea\u00a0\u00bb][\/contact-form]<\/p>\n","protected":false},"featured_media":43599,"template":"","event_cat":[6],"class_list":["post-43544","event","type-event","status-publish","has-post-thumbnail","hentry","event_cat-maison-mallet-et-fils-inc"],"_links":{"self":[{"href":"https:\/\/nouveau.maisonmallet.com\/back05_01\/index.php?rest_route=\/wp\/v2\/event\/43544","targetHints":{"allow":["GET"]}}],"collection":[{"href":"https:\/\/nouveau.maisonmallet.com\/back05_01\/index.php?rest_route=\/wp\/v2\/event"}],"about":[{"href":"https:\/\/nouveau.maisonmallet.com\/back05_01\/index.php?rest_route=\/wp\/v2\/types\/event"}],"wp:featuredmedia":[{"embeddable":true,"href":"https:\/\/nouveau.maisonmallet.com\/back05_01\/index.php?rest_route=\/wp\/v2\/media\/43599"}],"wp:attachment":[{"href":"https:\/\/nouveau.maisonmallet.com\/back05_01\/index.php?rest_route=%2Fwp%2Fv2%2Fmedia&parent=43544"}],"wp:term":[{"taxonomy":"event_cat","embeddable":true,"href":"https:\/\/nouveau.maisonmallet.com\/back05_01\/index.php?rest_route=%2Fwp%2Fv2%2Fevent_cat&post=43544"}],"curies":[{"name":"wp","href":"https:\/\/api.w.org\/{rel}","templated":true}]}}

<p>Le Complexe Thanatologique Mallet &amp; fils a le regret de vous annoncer le décès de</p>
<p>Lucienne Bernatchez</p>
<p>1940 – 2023</p>
<p>&nbsp;</p>
<p>À Sept-Îles, le 21 septembre 2023, est décédée à l’âge de 83 ans, madame Lucienne Bernatchez conjointe de monsieur Magella Thibeault et domiciliée à Moisie.</p>
<p>Selon ses volontés, elle a été confiée au crématorium de la Maison Mallet &amp; fils pour crémation.</p>
<p>Elle laisse dans le deuil outre son conjoint Magella Thibeault, ses enfants : Lucien (feu Martine Bouchard), Patsy (André Poulin), Brenda (Raoul Lebrasseur), Maureen et Sherlyn, ses petits-enfants : Tania, Patrick, Mylène, Bryand, Jessy, Keven, Sandy, Moïse, Tommy, Jany et Morgan, ses arrière-petits-enfants, ses sœurs : Marie-Marthe (feu Paul Gauthier) et Patricia ainsi que ses beaux-frères, ses belles-sœurs, ses neveux, ses nièces ses cousins, ses cousines et de nombreux ami(e)s.</p>
<p>La famille a confié les arrangements aux services professionnels de la Maison Mallet &amp; fils du 585 Boul. Laure à Sept-Îles, maintenant reconnue Distinction et membre de la Corporation des Thanatologues du Québec.</p>
<p>Vous pouvez consulter cet avis de décès sur le : <a href="https://nouveau.maisonmallet.com">www.maisonmallet.com</a></p>
<p>Ceux et celles qui le désirent, peuvent y envoyer des messages de sympathie.</p>
<p>&nbsp;</p>
<hr />
<p>Envoyer vos condoléances</p>
<p>[contact-form to= »maureen.maher@live.ca » subject= »Condoléances Lucienne Bernatchez »][contact-field label= »Votre nom » type= »name » required= »1&Prime;][contact-field label= »Votre courriel » type= »email » required= »1&Prime;][contact-field label= »Condoléances » type= »textarea »][/contact-form]</p>
