{"id":43621,"date":"2023-09-26T20:31:24","date_gmt":"2023-09-27T00:31:24","guid":{"rendered":"https:\/\/nouveau.maisonmallet.com\/?post_type=event&#038;p=43621"},"modified":"2023-11-11T12:08:08","modified_gmt":"2023-11-11T17:08:08","slug":"vigneault-hermenegilde","status":"publish","type":"event","link":"https:\/\/nouveau.maisonmallet.com\/back05_01\/?event=vigneault-hermenegilde","title":{"rendered":"VIGNEAULT, Herm\u00e9n\u00e9gilde"},"content":{"rendered":"<p>La Maison L.J.G. Mallet a le regret de vous annoncer le d\u00e9c\u00e8s de<\/p>\n<p>&nbsp;<\/p>\n<p>Herm\u00e9n\u00e9gilde Vigneault<\/p>\n<p>1935 &#8211; 2023<\/p>\n<p>&nbsp;<\/p>\n<p>&nbsp;<\/p>\n<p>\u00c0 Havre-Saint-Pierre, le 26 septembre 2023, est d\u00e9c\u00e9d\u00e9 \u00e0 l\u2019\u00e2ge de 88 ans, monsieur Herm\u00e9n\u00e9gilde Vigneault fils de feu Ignace Vigneault et de feu Ad\u00e9la Landry domicili\u00e9 \u00e0 Natashquan.<\/p>\n<p>Les fun\u00e9railles de monsieur Herm\u00e9n\u00e9gilde Vigneault auront lieu le lundi 2 octobre 2023 \u00e0 11 h en l\u2019\u00e9glise de l\u2019Immacul\u00e9e-Conception de Natashquan et de l\u00e0 au cimeti\u00e8re de l\u2019endroit.<\/p>\n<p>Selon ses volont\u00e9s, il a \u00e9t\u00e9 confi\u00e9 au cr\u00e9matorium de la Maison L.J.G. Mallet pour cr\u00e9mation.<\/p>\n<p>La famille re\u00e7oit parents et amis le lundi 2 octobre 2023 jour des fun\u00e9railles \u00e0 compter de 10 h \u00e0 l\u2019\u00c9glise de l\u2019Immacul\u00e9e-Conception de Natashquan.<\/p>\n<p>Il laisse dans le deuil son beau-fr\u00e8re Jean-Marie Hounsell, ses neveux, ses ni\u00e8ces, ses cousins, ses cousines et de nombreux ami(e)s.<\/p>\n<p>La famille a confi\u00e9 la direction des fun\u00e9railles aux services professionnels de la Maison L.J.G. Mallet du 1429, rue du Canot \u00e0 Havre-Saint-Pierre, maintenant reconnue Distinction et membre de la Corporation des Thanatologues du Qu\u00e9bec.<\/p>\n<p>Vous pouvez consulter cet avis de d\u00e9c\u00e8s sur le <a href=\"https:\/\/nouveau.maisonmallet.com\">www.maisonmallet.com<\/a><\/p>\n<p>Ceux et celles qui le d\u00e9sirent, peuvent y envoyer des messages de sympathie.<\/p>\n<hr \/>\n<p>Envoyer vos condol\u00e9ances<\/p>\n<p>[contact-form to=\u00a0\u00bbmadeleinehounsell@hotmail.com\u00a0\u00bb subject=\u00a0\u00bbCondol\u00e9ances Herm\u00e9n\u00e9gilde Vigneault\u00a0\u00bb][contact-field label=\u00a0\u00bbVotre nom\u00a0\u00bb type=\u00a0\u00bbname\u00a0\u00bb required=\u00a0\u00bb1&Prime;][contact-field label=\u00a0\u00bbVotre courriel\u00a0\u00bb type=\u00a0\u00bbemail\u00a0\u00bb required=\u00a0\u00bb1&Prime;][contact-field label=\u00a0\u00bbCondol\u00e9ances\u00a0\u00bb type=\u00a0\u00bbtextarea\u00a0\u00bb][\/contact-form]<\/p>\n","protected":false},"featured_media":43681,"template":"","event_cat":[7],"class_list":["post-43621","event","type-event","status-publish","has-post-thumbnail","hentry","event_cat-maison-l-j-g-mallet-inc"],"_links":{"self":[{"href":"https:\/\/nouveau.maisonmallet.com\/back05_01\/index.php?rest_route=\/wp\/v2\/event\/43621","targetHints":{"allow":["GET"]}}],"collection":[{"href":"https:\/\/nouveau.maisonmallet.com\/back05_01\/index.php?rest_route=\/wp\/v2\/event"}],"about":[{"href":"https:\/\/nouveau.maisonmallet.com\/back05_01\/index.php?rest_route=\/wp\/v2\/types\/event"}],"wp:featuredmedia":[{"embeddable":true,"href":"https:\/\/nouveau.maisonmallet.com\/back05_01\/index.php?rest_route=\/wp\/v2\/media\/43681"}],"wp:attachment":[{"href":"https:\/\/nouveau.maisonmallet.com\/back05_01\/index.php?rest_route=%2Fwp%2Fv2%2Fmedia&parent=43621"}],"wp:term":[{"taxonomy":"event_cat","embeddable":true,"href":"https:\/\/nouveau.maisonmallet.com\/back05_01\/index.php?rest_route=%2Fwp%2Fv2%2Fevent_cat&post=43621"}],"curies":[{"name":"wp","href":"https:\/\/api.w.org\/{rel}","templated":true}]}}

VIGNEAULT, Herménégilde

<p>La Maison L.J.G. Mallet a le regret de vous annoncer le décès de</p>
<p>&nbsp;</p>
<p>Herménégilde Vigneault</p>
<p>1935 &#8211; 2023</p>
<p>&nbsp;</p>
<p>&nbsp;</p>
<p>À Havre-Saint-Pierre, le 26 septembre 2023, est décédé à l’âge de 88 ans, monsieur Herménégilde Vigneault fils de feu Ignace Vigneault et de feu Adéla Landry domicilié à Natashquan.</p>
<p>Les funérailles de monsieur Herménégilde Vigneault auront lieu le lundi 2 octobre 2023 à 11 h en l’église de l’Immaculée-Conception de Natashquan et de là au cimetière de l’endroit.</p>
<p>Selon ses volontés, il a été confié au crématorium de la Maison L.J.G. Mallet pour crémation.</p>
<p>La famille reçoit parents et amis le lundi 2 octobre 2023 jour des funérailles à compter de 10 h à l’Église de l’Immaculée-Conception de Natashquan.</p>
<p>Il laisse dans le deuil son beau-frère Jean-Marie Hounsell, ses neveux, ses nièces, ses cousins, ses cousines et de nombreux ami(e)s.</p>
<p>La famille a confié la direction des funérailles aux services professionnels de la Maison L.J.G. Mallet du 1429, rue du Canot à Havre-Saint-Pierre, maintenant reconnue Distinction et membre de la Corporation des Thanatologues du Québec.</p>
<p>Vous pouvez consulter cet avis de décès sur le <a href="https://nouveau.maisonmallet.com">www.maisonmallet.com</a></p>
<p>Ceux et celles qui le désirent, peuvent y envoyer des messages de sympathie.</p>
<hr />
<p>Envoyer vos condoléances</p>
<p>[contact-form to= »madeleinehounsell@hotmail.com » subject= »Condoléances Herménégilde Vigneault »][contact-field label= »Votre nom » type= »name » required= »1&Prime;][contact-field label= »Votre courriel » type= »email » required= »1&Prime;][contact-field label= »Condoléances » type= »textarea »][/contact-form]</p>
