{"id":4388,"date":"2019-08-12T17:25:03","date_gmt":"2019-08-12T21:25:03","guid":{"rendered":"https:\/\/nouveau.maisonmallet.com\/?post_type=event&#038;p=4388"},"modified":"2019-08-14T17:34:48","modified_gmt":"2019-08-14T21:34:48","slug":"mark-sylvio30091972","status":"publish","type":"event","link":"https:\/\/nouveau.maisonmallet.com\/back05_01\/?event=mark-sylvio30091972","title":{"rendered":"MARK, Sylvio"},"content":{"rendered":"<p>1972 &#8211; 2019<\/p>\n<p>MARK, Sylvio<\/p>\n<p>&nbsp;<\/p>\n<p>&nbsp;<\/p>\n<p>\u00c0 Qu\u00e9bec, le 12 ao\u00fbt 2019, est d\u00e9c\u00e9d\u00e9 l\u2019\u00e2ge de 46 ans, monsieur Sylvio Mark conjoint de madame No\u00eblla Lalo et domicili\u00e9 \u00e0 La Romaine.<\/p>\n<p>Les fun\u00e9railles de monsieur Sylvio Mark auront lieu le samedi 17 ao\u00fbt 2019 \u00e0 10 h en l\u2019\u00e9glise Marie-Reine-des-Indiens \u00e0 La Romaine et de l\u00e0 au cimeti\u00e8re de l\u2019endroit.<\/p>\n<p>La famille re\u00e7oit parents et amis le jeudi 15 ao\u00fbt 2019 \u00e0 compter de 13 h au 29, rue Teueikan \u00e0 La Romaine.<\/p>\n<p>Il laisse dans le deuil outre sa conjointe madame No\u00eblla Lalo, ses enfants\u00a0: Nelly-Kate (Robert Bellefleur), Ronny-Gaston et Sarah-Kim, ses petites-filles\u00a0: Lo\u00e9va et Laysha, ses fr\u00e8res\u00a0: R\u00e9jean (Sarah Ishpatao) et R\u00e9nald, ainsi que ses s\u0153urs\u00a0: M\u00e9lanie et Priscilla, ses beaux-fr\u00e8res, sa belle-s\u0153ur, ses neveux, ses ni\u00e8ces, ses oncles, ses tantes, ses cousins, ses cousines et de nombreux ami(e)s.<\/p>\n<p>La famille a confi\u00e9 les arrangements aux services professionnels de la Maison Mallet &amp; fils du 585, boul. Laure \u00e0 Sept-\u00celes, maintenant reconnue Distinction et membre de la Corporation des Thanatologues du Qu\u00e9bec.<\/p>\n<p>Vous pouvez consulter cet avis de d\u00e9c\u00e8s, sur le <a href=\"https:\/\/nouveau.maisonmallet.com\/back05_01\/\">www.maisonmallet.com<\/a><\/p>\n<p>Ceux et celles qui le d\u00e9sirent, peuvent y envoyer des messages de sympathie.<\/p>\n<p>&nbsp;<\/p>\n<hr \/>\n<p>Envoyer vos condol\u00e9ances<\/p>\n<p>[contact-form to=\u00a0\u00bbn_kate_lalo@hotmail.com\u00a0\u00bb subject=\u00a0\u00bbCondol\u00e9ances Sylvio Mark\u00a0\u00bb][contact-field label=\u00a0\u00bbVotre nom\u00a0\u00bb type=\u00a0\u00bbname\u00a0\u00bb required=\u00a0\u00bb1&Prime;][contact-field label=\u00a0\u00bbVotre courriel\u00a0\u00bb type=\u00a0\u00bbemail\u00a0\u00bb required=\u00a0\u00bb1&Prime;][contact-field label=\u00a0\u00bbCondol\u00e9ances\u00a0\u00bb type=\u00a0\u00bbtextarea\u00a0\u00bb][\/contact-form]<\/p>\n","protected":false},"featured_media":4459,"template":"","event_cat":[6],"class_list":["post-4388","event","type-event","status-publish","has-post-thumbnail","hentry","event_cat-maison-mallet-et-fils-inc"],"_links":{"self":[{"href":"https:\/\/nouveau.maisonmallet.com\/back05_01\/index.php?rest_route=\/wp\/v2\/event\/4388","targetHints":{"allow":["GET"]}}],"collection":[{"href":"https:\/\/nouveau.maisonmallet.com\/back05_01\/index.php?rest_route=\/wp\/v2\/event"}],"about":[{"href":"https:\/\/nouveau.maisonmallet.com\/back05_01\/index.php?rest_route=\/wp\/v2\/types\/event"}],"wp:featuredmedia":[{"embeddable":true,"href":"https:\/\/nouveau.maisonmallet.com\/back05_01\/index.php?rest_route=\/wp\/v2\/media\/4459"}],"wp:attachment":[{"href":"https:\/\/nouveau.maisonmallet.com\/back05_01\/index.php?rest_route=%2Fwp%2Fv2%2Fmedia&parent=4388"}],"wp:term":[{"taxonomy":"event_cat","embeddable":true,"href":"https:\/\/nouveau.maisonmallet.com\/back05_01\/index.php?rest_route=%2Fwp%2Fv2%2Fevent_cat&post=4388"}],"curies":[{"name":"wp","href":"https:\/\/api.w.org\/{rel}","templated":true}]}}

<p>1972 &#8211; 2019</p>
<p>MARK, Sylvio</p>
<p>&nbsp;</p>
<p>&nbsp;</p>
<p>À Québec, le 12 août 2019, est décédé l’âge de 46 ans, monsieur Sylvio Mark conjoint de madame Noëlla Lalo et domicilié à La Romaine.</p>
<p>Les funérailles de monsieur Sylvio Mark auront lieu le samedi 17 août 2019 à 10 h en l’église Marie-Reine-des-Indiens à La Romaine et de là au cimetière de l’endroit.</p>
<p>La famille reçoit parents et amis le jeudi 15 août 2019 à compter de 13 h au 29, rue Teueikan à La Romaine.</p>
<p>Il laisse dans le deuil outre sa conjointe madame Noëlla Lalo, ses enfants : Nelly-Kate (Robert Bellefleur), Ronny-Gaston et Sarah-Kim, ses petites-filles : Loéva et Laysha, ses frères : Réjean (Sarah Ishpatao) et Rénald, ainsi que ses sœurs : Mélanie et Priscilla, ses beaux-frères, sa belle-sœur, ses neveux, ses nièces, ses oncles, ses tantes, ses cousins, ses cousines et de nombreux ami(e)s.</p>
<p>La famille a confié les arrangements aux services professionnels de la Maison Mallet &amp; fils du 585, boul. Laure à Sept-Îles, maintenant reconnue Distinction et membre de la Corporation des Thanatologues du Québec.</p>
<p>Vous pouvez consulter cet avis de décès, sur le <a href="https://nouveau.maisonmallet.com/back05_01/">www.maisonmallet.com</a></p>
<p>Ceux et celles qui le désirent, peuvent y envoyer des messages de sympathie.</p>
<p>&nbsp;</p>
<hr />
<p>Envoyer vos condoléances</p>
<p>[contact-form to= »n_kate_lalo@hotmail.com » subject= »Condoléances Sylvio Mark »][contact-field label= »Votre nom » type= »name » required= »1&Prime;][contact-field label= »Votre courriel » type= »email » required= »1&Prime;][contact-field label= »Condoléances » type= »textarea »][/contact-form]</p>
