{"id":43905,"date":"2023-09-14T15:53:49","date_gmt":"2023-09-14T19:53:49","guid":{"rendered":"https:\/\/nouveau.maisonmallet.com\/?post_type=event&#038;p=43905"},"modified":"2023-11-11T11:52:20","modified_gmt":"2023-11-11T16:52:20","slug":"stubbert-julien-marie","status":"publish","type":"event","link":"https:\/\/nouveau.maisonmallet.com\/back05_01\/?event=stubbert-julien-marie","title":{"rendered":"STUBBERT, Julien-Marie"},"content":{"rendered":"<p>Le Complexe Thanatologique Mallet &amp; fils a le regret de vous annoncer le d\u00e9c\u00e8s de<\/p>\n<p>Julien-Marie Stubbert<\/p>\n<p>1948 \u2013 2023<\/p>\n<p>&nbsp;<\/p>\n<p>\u00c0 Sept-\u00celes, le 14 septembre 2023, est d\u00e9c\u00e9d\u00e9 \u00e0 l\u2019\u00e2ge de 75 ans, monsieur Julien-Marie Stubbert \u00e9poux de Isabelle Chevarie et domicili\u00e9 \u00e0 Aguanish.<\/p>\n<p>Les fun\u00e9railles de monsieur Julien-Marie Stubbert auront lieu le samedi le 21 octobre 2023 \u00e0 14 h en l\u2019\u00e9glise Marie-Immacul\u00e9e situ\u00e9e au 180, rue Papineau \u00e0 Sept-\u00celes.<\/p>\n<p>Selon ses volont\u00e9s, il a \u00e9t\u00e9 confi\u00e9 au cr\u00e9matorium de la Maison Mallet &amp; fils pour cr\u00e9mation.<\/p>\n<p>La famille re\u00e7oit parents et amis le samedi le 21 octobre 2023 jour des fun\u00e9railles \u00e0 compter de 13 h \u00e0 l\u2019\u00e9glise Marie-Immacul\u00e9e.<\/p>\n<p>Il laisse dans le deuil outre son \u00e9pouse Isabelle Chevarie, sa fille Chantale, son fils Claude (Laurie Monger), ses petits-enfants\u00a0: Arielle et Josua, ses fr\u00e8res et ses s\u0153urs\u00a0: Micheline (feu T\u00e9lesphore Jenniss), Eva (Roger Beaudry), Lorraine, Denis, Georgette, Monique (Richard Fortin), Jean-Luc (Marie-Louise Thatcher), Alexis, Antonio, Solange (Daniel Thibault) et Jacinthe ainsi que ses beaux-fr\u00e8res, ses belles-s\u0153urs, ses neveux, ses ni\u00e8ces et de nombreux ami(e)s.<\/p>\n<p>La famille a confi\u00e9 la direction des fun\u00e9railles aux services professionnels de la Maison Mallet &amp; fils du 585 Boul. Laure \u00e0 Sept-\u00celes, maintenant reconnue Distinction et membre de la Corporation des Thanatologues du Qu\u00e9bec.<\/p>\n<p>Vous pouvez consulter cet avis de d\u00e9c\u00e8s, sur le <a href=\"https:\/\/nouveau.maisonmallet.com\">www.maisonmallet.com<\/a><\/p>\n<p>Ceux et celles qui le d\u00e9sirent, peuvent y envoyer des messages de sympathie.<\/p>\n<p>&nbsp;<\/p>\n<hr \/>\n<p>Envoyer vos condol\u00e9ances<\/p>\n<p>[contact-form to=\u00a0\u00bbisabellechevarie8@gmail.com\u00a0\u00bb subject=\u00a0\u00bbCondol\u00e9ances Julien-Marie Stubbert\u00a0\u00bb][contact-field label=\u00a0\u00bbVotre nom\u00a0\u00bb type=\u00a0\u00bbname\u00a0\u00bb required=\u00a0\u00bb1&Prime;][contact-field label=\u00a0\u00bbVotre courriel\u00a0\u00bb type=\u00a0\u00bbemail\u00a0\u00bb required=\u00a0\u00bb1&Prime;][contact-field label=\u00a0\u00bbCondol\u00e9ances\u00a0\u00bb type=\u00a0\u00bbtextarea\u00a0\u00bb][\/contact-form]<\/p>\n","protected":false},"featured_media":43934,"template":"","event_cat":[6],"class_list":["post-43905","event","type-event","status-publish","has-post-thumbnail","hentry","event_cat-maison-mallet-et-fils-inc"],"_links":{"self":[{"href":"https:\/\/nouveau.maisonmallet.com\/back05_01\/index.php?rest_route=\/wp\/v2\/event\/43905","targetHints":{"allow":["GET"]}}],"collection":[{"href":"https:\/\/nouveau.maisonmallet.com\/back05_01\/index.php?rest_route=\/wp\/v2\/event"}],"about":[{"href":"https:\/\/nouveau.maisonmallet.com\/back05_01\/index.php?rest_route=\/wp\/v2\/types\/event"}],"wp:featuredmedia":[{"embeddable":true,"href":"https:\/\/nouveau.maisonmallet.com\/back05_01\/index.php?rest_route=\/wp\/v2\/media\/43934"}],"wp:attachment":[{"href":"https:\/\/nouveau.maisonmallet.com\/back05_01\/index.php?rest_route=%2Fwp%2Fv2%2Fmedia&parent=43905"}],"wp:term":[{"taxonomy":"event_cat","embeddable":true,"href":"https:\/\/nouveau.maisonmallet.com\/back05_01\/index.php?rest_route=%2Fwp%2Fv2%2Fevent_cat&post=43905"}],"curies":[{"name":"wp","href":"https:\/\/api.w.org\/{rel}","templated":true}]}}

<p>Le Complexe Thanatologique Mallet &amp; fils a le regret de vous annoncer le décès de</p>
<p>Julien-Marie Stubbert</p>
<p>1948 – 2023</p>
<p>&nbsp;</p>
<p>À Sept-Îles, le 14 septembre 2023, est décédé à l’âge de 75 ans, monsieur Julien-Marie Stubbert époux de Isabelle Chevarie et domicilié à Aguanish.</p>
<p>Les funérailles de monsieur Julien-Marie Stubbert auront lieu le samedi le 21 octobre 2023 à 14 h en l’église Marie-Immaculée située au 180, rue Papineau à Sept-Îles.</p>
<p>Selon ses volontés, il a été confié au crématorium de la Maison Mallet &amp; fils pour crémation.</p>
<p>La famille reçoit parents et amis le samedi le 21 octobre 2023 jour des funérailles à compter de 13 h à l’église Marie-Immaculée.</p>
<p>Il laisse dans le deuil outre son épouse Isabelle Chevarie, sa fille Chantale, son fils Claude (Laurie Monger), ses petits-enfants : Arielle et Josua, ses frères et ses sœurs : Micheline (feu Télesphore Jenniss), Eva (Roger Beaudry), Lorraine, Denis, Georgette, Monique (Richard Fortin), Jean-Luc (Marie-Louise Thatcher), Alexis, Antonio, Solange (Daniel Thibault) et Jacinthe ainsi que ses beaux-frères, ses belles-sœurs, ses neveux, ses nièces et de nombreux ami(e)s.</p>
<p>La famille a confié la direction des funérailles aux services professionnels de la Maison Mallet &amp; fils du 585 Boul. Laure à Sept-Îles, maintenant reconnue Distinction et membre de la Corporation des Thanatologues du Québec.</p>
<p>Vous pouvez consulter cet avis de décès, sur le <a href="https://nouveau.maisonmallet.com">www.maisonmallet.com</a></p>
<p>Ceux et celles qui le désirent, peuvent y envoyer des messages de sympathie.</p>
<p>&nbsp;</p>
<hr />
<p>Envoyer vos condoléances</p>
<p>[contact-form to= »isabellechevarie8@gmail.com » subject= »Condoléances Julien-Marie Stubbert »][contact-field label= »Votre nom » type= »name » required= »1&Prime;][contact-field label= »Votre courriel » type= »email » required= »1&Prime;][contact-field label= »Condoléances » type= »textarea »][/contact-form]</p>
