{"id":43971,"date":"2023-10-07T10:01:04","date_gmt":"2023-10-07T14:01:04","guid":{"rendered":"https:\/\/nouveau.maisonmallet.com\/?post_type=event&#038;p=43971"},"modified":"2023-11-11T11:54:37","modified_gmt":"2023-11-11T16:54:37","slug":"uapishtan-paul","status":"publish","type":"event","link":"https:\/\/nouveau.maisonmallet.com\/back05_01\/?event=uapishtan-paul","title":{"rendered":"UAPISHTAN, Paul"},"content":{"rendered":"<p>La Maison L.J.G. Mallet a le regret de vous annoncer le d\u00e9c\u00e8s de<\/p>\n<p>&nbsp;<\/p>\n<p>Paul Uapishan<\/p>\n<p>1935 \u2013 2023<\/p>\n<p>&nbsp;<\/p>\n<p>\u00c0 Havre-Saint-Pierre, le 7 octobre 2023, est d\u00e9c\u00e9d\u00e9 \u00e0 l\u2019\u00e2ge de 88 ans, monsieur Paul Uapishtan \u00e9poux de feu Marie Catherine Tobie et domicili\u00e9 \u00e0 Nutashkuan.<\/p>\n<p>Les fun\u00e9railles de monsieur Paul Uapishtan auront lieu le samedi 14 octobre 2023 \u00e0 10 h en l\u2019\u00e9glise Notre-Dame-des-Indiens de Nutashkuan et de l\u00e0 au cimeti\u00e8re de l\u2019endroit.<\/p>\n<p>La famille re\u00e7oit parents et amis, le jeudi 12 octobre 2023 \u00e0 compter de 17 h au 75, rue Maskush \u00e0 Nutashkuan.<\/p>\n<p>Il laisse dans le deuil ses filles\u00a0: Jeanne d\u2019Arc (R\u00e9mi Ishpatao), Pauline (Gilbert Bellefleur), Rita (Marcel Ishpatao), Louisa (Denis Mestokosho), Jeannette (Jean Mestokosho), Am\u00e9lia (Bernard Kaltush) et Alice (R\u00e9mi Lalo), ses fils\u00a0: Raoul, Jean-Yves (France Ishpatao), Paul \u00c9mile (Marie-Claude Malec) et Vincent, ses petits-enfants, ses arri\u00e8re-Petits-enfants ainsi sa s\u0153ur Ad\u00e9line, ses neveux, ses ni\u00e8ces, ses cousins, ses cousines et de nombreux amis.<\/p>\n<p>Il \u00e9tait le p\u00e8re de feu Diane.<\/p>\n<p>La famille a confi\u00e9 la direction des fun\u00e9railles aux services professionnels de la Maison L.J.G. Mallet du 1429, rue du Canot \u00e0 Havre-Saint-Pierre, maintenant reconnue Distinction et membre de la Corporation des Thanatologues du Qu\u00e9bec.<\/p>\n<p>Vous pouvez consulter cet avis de d\u00e9c\u00e8s sur le <a href=\"https:\/\/nouveau.maisonmallet.com\">www.maisonmallet.com<\/a><\/p>\n<p>Ceux et celles qui le d\u00e9sirent, peuvent y envoyer des messages de sympathie.<\/p>\n<hr \/>\n<p>Envoyer vos condol\u00e9ances<\/p>\n<p>[contact-form to=\u00a0\u00bbmarc@maisonmallet.com\u00a0\u00bb subject=\u00a0\u00bbCondol\u00e9ances Paul Uapishtan\u00a0\u00bb][contact-field label=\u00a0\u00bbVotre nom\u00a0\u00bb type=\u00a0\u00bbname\u00a0\u00bb required=\u00a0\u00bb1&Prime;][contact-field label=\u00a0\u00bbVotre courriel\u00a0\u00bb type=\u00a0\u00bbemail\u00a0\u00bb required=\u00a0\u00bb1&Prime;][contact-field label=\u00a0\u00bbCondol\u00e9ances\u00a0\u00bb type=\u00a0\u00bbtextarea\u00a0\u00bb][\/contact-form]<\/p>\n","protected":false},"featured_media":44020,"template":"","event_cat":[7],"class_list":["post-43971","event","type-event","status-publish","has-post-thumbnail","hentry","event_cat-maison-l-j-g-mallet-inc"],"_links":{"self":[{"href":"https:\/\/nouveau.maisonmallet.com\/back05_01\/index.php?rest_route=\/wp\/v2\/event\/43971","targetHints":{"allow":["GET"]}}],"collection":[{"href":"https:\/\/nouveau.maisonmallet.com\/back05_01\/index.php?rest_route=\/wp\/v2\/event"}],"about":[{"href":"https:\/\/nouveau.maisonmallet.com\/back05_01\/index.php?rest_route=\/wp\/v2\/types\/event"}],"wp:featuredmedia":[{"embeddable":true,"href":"https:\/\/nouveau.maisonmallet.com\/back05_01\/index.php?rest_route=\/wp\/v2\/media\/44020"}],"wp:attachment":[{"href":"https:\/\/nouveau.maisonmallet.com\/back05_01\/index.php?rest_route=%2Fwp%2Fv2%2Fmedia&parent=43971"}],"wp:term":[{"taxonomy":"event_cat","embeddable":true,"href":"https:\/\/nouveau.maisonmallet.com\/back05_01\/index.php?rest_route=%2Fwp%2Fv2%2Fevent_cat&post=43971"}],"curies":[{"name":"wp","href":"https:\/\/api.w.org\/{rel}","templated":true}]}}

<p>La Maison L.J.G. Mallet a le regret de vous annoncer le décès de</p>
<p>&nbsp;</p>
<p>Paul Uapishan</p>
<p>1935 – 2023</p>
<p>&nbsp;</p>
<p>À Havre-Saint-Pierre, le 7 octobre 2023, est décédé à l’âge de 88 ans, monsieur Paul Uapishtan époux de feu Marie Catherine Tobie et domicilié à Nutashkuan.</p>
<p>Les funérailles de monsieur Paul Uapishtan auront lieu le samedi 14 octobre 2023 à 10 h en l’église Notre-Dame-des-Indiens de Nutashkuan et de là au cimetière de l’endroit.</p>
<p>La famille reçoit parents et amis, le jeudi 12 octobre 2023 à compter de 17 h au 75, rue Maskush à Nutashkuan.</p>
<p>Il laisse dans le deuil ses filles : Jeanne d’Arc (Rémi Ishpatao), Pauline (Gilbert Bellefleur), Rita (Marcel Ishpatao), Louisa (Denis Mestokosho), Jeannette (Jean Mestokosho), Amélia (Bernard Kaltush) et Alice (Rémi Lalo), ses fils : Raoul, Jean-Yves (France Ishpatao), Paul Émile (Marie-Claude Malec) et Vincent, ses petits-enfants, ses arrière-Petits-enfants ainsi sa sœur Adéline, ses neveux, ses nièces, ses cousins, ses cousines et de nombreux amis.</p>
<p>Il était le père de feu Diane.</p>
<p>La famille a confié la direction des funérailles aux services professionnels de la Maison L.J.G. Mallet du 1429, rue du Canot à Havre-Saint-Pierre, maintenant reconnue Distinction et membre de la Corporation des Thanatologues du Québec.</p>
<p>Vous pouvez consulter cet avis de décès sur le <a href="https://nouveau.maisonmallet.com">www.maisonmallet.com</a></p>
<p>Ceux et celles qui le désirent, peuvent y envoyer des messages de sympathie.</p>
<hr />
<p>Envoyer vos condoléances</p>
<p>[contact-form to= »marc@maisonmallet.com » subject= »Condoléances Paul Uapishtan »][contact-field label= »Votre nom » type= »name » required= »1&Prime;][contact-field label= »Votre courriel » type= »email » required= »1&Prime;][contact-field label= »Condoléances » type= »textarea »][/contact-form]</p>
