{"id":44019,"date":"2023-05-30T15:05:48","date_gmt":"2023-05-30T19:05:48","guid":{"rendered":"https:\/\/nouveau.maisonmallet.com\/?post_type=event&#038;p=44019"},"modified":"2023-11-11T11:55:08","modified_gmt":"2023-11-11T16:55:08","slug":"collin-bruno","status":"publish","type":"event","link":"https:\/\/nouveau.maisonmallet.com\/back05_01\/?event=collin-bruno","title":{"rendered":"COLLIN, Bruno"},"content":{"rendered":"<p>Le Complexe Thanatologique Mallet &amp; fils a le regret de vous annoncer le d\u00e9c\u00e8s de<\/p>\n<p>Bruno Collin<\/p>\n<p>1969 \u2013 2023<\/p>\n<p>&nbsp;<\/p>\n<p>\u00c0 Qu\u00e9bec, le 30 mai 2023, est d\u00e9c\u00e9d\u00e9 \u00e0 l\u2019\u00e2ge de 53 ans, monsieur Bruno Collin fils de feu Aur\u00e8le Collin et de madame Nicole Girard domicili\u00e9 \u00e0 Port-Cartier.<\/p>\n<p>Les fun\u00e9railles de monsieur Bruno Collin auront lieu le vendredi 3 novembre 2023 \u00e0 15 h en l\u2019\u00e9glise Sacr\u00e9-C\u0153ur situ\u00e9e au 38, rue Parent \u00e0 Port-Cartier.<\/p>\n<p>Selon ses volont\u00e9s, il a \u00e9t\u00e9 confi\u00e9 au cr\u00e9matorium de la Maison Mallet &amp; fils pour cr\u00e9mation.<\/p>\n<p>Il laisse dans le deuil sa m\u00e8re madame Nicole Girard (feu Aur\u00e8le Collin), son amie de c\u0153ur Jos\u00e9e Robillard, ses enfants\u00a0: Jordan (Kim Ouellet), Kariane (Terry Therriault) et Deven, ses petits-enfants\u00a0: Alex-Ann, Tyson, Abyga\u00eblle et El\u00e9onore, sa s\u0153ur Linda (Richard Rochette), son fr\u00e8re St\u00e9phane (Laurie Aspirot) ainsi que ses neveux, ses ni\u00e8ces, ses oncles, ses tantes, ses cousins, ses cousines et de nombreux ami(e)s.<\/p>\n<p>La famille a confi\u00e9 les arrangements aux services professionnels de la maison Mallet &amp; fils du 57, route 138 \u00e0 Port-Cartier, maintenant reconnue Distinction et membre de la Corporation des Thanatologues du Qu\u00e9bec.<\/p>\n<p>Vous pouvez consulter cet avis de d\u00e9c\u00e8s, sur le <a href=\"https:\/\/nouveau.maisonmallet.com\">www.maisonmallet.com<\/a><\/p>\n<p>Ceux et celles qui le d\u00e9sirent, peuvent y envoyer des messages de sympathie.<\/p>\n<p>&nbsp;<\/p>\n<hr \/>\n<p>Envoyer vos condol\u00e9ances<\/p>\n<p>[contact-form to=\u00a0\u00bbnycky12@hotmail.com\u00a0\u00bb subject=\u00a0\u00bbCondol\u00e9ances Bruno Collin\u00a0\u00bb][contact-field label=\u00a0\u00bbVotre nom\u00a0\u00bb type=\u00a0\u00bbname\u00a0\u00bb required=\u00a0\u00bb1&Prime;][contact-field label=\u00a0\u00bbVotre courriel\u00a0\u00bb type=\u00a0\u00bbemail\u00a0\u00bb required=\u00a0\u00bb1&Prime;][contact-field label=\u00a0\u00bbCondol\u00e9ances\u00a0\u00bb type=\u00a0\u00bbtextarea\u00a0\u00bb][\/contact-form]<\/p>\n","protected":false},"featured_media":44035,"template":"","event_cat":[6],"class_list":["post-44019","event","type-event","status-publish","has-post-thumbnail","hentry","event_cat-maison-mallet-et-fils-inc"],"_links":{"self":[{"href":"https:\/\/nouveau.maisonmallet.com\/back05_01\/index.php?rest_route=\/wp\/v2\/event\/44019","targetHints":{"allow":["GET"]}}],"collection":[{"href":"https:\/\/nouveau.maisonmallet.com\/back05_01\/index.php?rest_route=\/wp\/v2\/event"}],"about":[{"href":"https:\/\/nouveau.maisonmallet.com\/back05_01\/index.php?rest_route=\/wp\/v2\/types\/event"}],"wp:featuredmedia":[{"embeddable":true,"href":"https:\/\/nouveau.maisonmallet.com\/back05_01\/index.php?rest_route=\/wp\/v2\/media\/44035"}],"wp:attachment":[{"href":"https:\/\/nouveau.maisonmallet.com\/back05_01\/index.php?rest_route=%2Fwp%2Fv2%2Fmedia&parent=44019"}],"wp:term":[{"taxonomy":"event_cat","embeddable":true,"href":"https:\/\/nouveau.maisonmallet.com\/back05_01\/index.php?rest_route=%2Fwp%2Fv2%2Fevent_cat&post=44019"}],"curies":[{"name":"wp","href":"https:\/\/api.w.org\/{rel}","templated":true}]}}

<p>Le Complexe Thanatologique Mallet &amp; fils a le regret de vous annoncer le décès de</p>
<p>Bruno Collin</p>
<p>1969 – 2023</p>
<p>&nbsp;</p>
<p>À Québec, le 30 mai 2023, est décédé à l’âge de 53 ans, monsieur Bruno Collin fils de feu Aurèle Collin et de madame Nicole Girard domicilié à Port-Cartier.</p>
<p>Les funérailles de monsieur Bruno Collin auront lieu le vendredi 3 novembre 2023 à 15 h en l’église Sacré-Cœur située au 38, rue Parent à Port-Cartier.</p>
<p>Selon ses volontés, il a été confié au crématorium de la Maison Mallet &amp; fils pour crémation.</p>
<p>Il laisse dans le deuil sa mère madame Nicole Girard (feu Aurèle Collin), son amie de cœur Josée Robillard, ses enfants : Jordan (Kim Ouellet), Kariane (Terry Therriault) et Deven, ses petits-enfants : Alex-Ann, Tyson, Abygaëlle et Eléonore, sa sœur Linda (Richard Rochette), son frère Stéphane (Laurie Aspirot) ainsi que ses neveux, ses nièces, ses oncles, ses tantes, ses cousins, ses cousines et de nombreux ami(e)s.</p>
<p>La famille a confié les arrangements aux services professionnels de la maison Mallet &amp; fils du 57, route 138 à Port-Cartier, maintenant reconnue Distinction et membre de la Corporation des Thanatologues du Québec.</p>
<p>Vous pouvez consulter cet avis de décès, sur le <a href="https://nouveau.maisonmallet.com">www.maisonmallet.com</a></p>
<p>Ceux et celles qui le désirent, peuvent y envoyer des messages de sympathie.</p>
<p>&nbsp;</p>
<hr />
<p>Envoyer vos condoléances</p>
<p>[contact-form to= »nycky12@hotmail.com » subject= »Condoléances Bruno Collin »][contact-field label= »Votre nom » type= »name » required= »1&Prime;][contact-field label= »Votre courriel » type= »email » required= »1&Prime;][contact-field label= »Condoléances » type= »textarea »][/contact-form]</p>
