{"id":44099,"date":"2023-10-16T11:53:04","date_gmt":"2023-10-16T15:53:04","guid":{"rendered":"https:\/\/nouveau.maisonmallet.com\/?post_type=event&#038;p=44099"},"modified":"2023-11-11T11:58:07","modified_gmt":"2023-11-11T16:58:07","slug":"horth-romeo","status":"publish","type":"event","link":"https:\/\/nouveau.maisonmallet.com\/back05_01\/?event=horth-romeo","title":{"rendered":"HORTH, Rom\u00e9o"},"content":{"rendered":"<p>Le Complexe Thanatologique Mallet &amp; fils a le regret de vous annoncer le d\u00e9c\u00e8s de<\/p>\n<p>&nbsp;<\/p>\n<p>Rom\u00e9o Horth<\/p>\n<p>1933 \u2013 2023<\/p>\n<p>&nbsp;<\/p>\n<p>\u00c0 Port-Cartier, le 16 octobre 2023, est d\u00e9c\u00e9d\u00e9 \u00e0 l\u2019\u00e2ge de 90 ans, monsieur Rom\u00e9o Horth \u00e9poux de madame Ad\u00e9lina Duguay et domicili\u00e9 \u00e0 Port-Cartier.<\/p>\n<p>Les fun\u00e9railles de monsieur Rom\u00e9o Horth auront lieu le mardi 24 octobre 2023 \u00e0 14 h en l\u2019\u00e9glise Sacr\u00e9-C\u0153ur situ\u00e9e au 38, rue Parent \u00e0 Port-Cartier.<\/p>\n<p>Selon ses volont\u00e9s, il a \u00e9t\u00e9 confi\u00e9 au cr\u00e9matorium de la Maison Mallet &amp; fils pour cr\u00e9mation.<\/p>\n<p>Il laisse dans le deuil outre son \u00e9pouse madame Ad\u00e9lina Duguay, se enfants\u00a0: Renaud (Suzie Girard), Lucie (feu Hubert Cotnoir), Jacinthe (Richard Simard) et Sylvain (Nathalie Larocque), ses petits-enfants\u00a0: St\u00e9phanie, Mathieu, Johannie, Marie-\u00c9milie et Julien, ses dix arri\u00e8re-petits-enfants ainsi que ses s\u0153urs\u00a0: Laurette (G\u00e9rald Huard) et Vanita (feu Cyprien Loisel), sa belle-s\u0153ur Jeannine Joseph (feu Bernard), ses neveux, ses ni\u00e8ces et de nombreux ami(e)s.<\/p>\n<p>La famille a confi\u00e9 la direction des fun\u00e9railles aux services professionnels de la maison Mallet &amp; fils du 57, route 138 \u00e0 Port-Cartier, maintenant reconnue Distinction et membre de la Corporation des Thanatologues du Qu\u00e9bec.<\/p>\n<p>Vous pouvez consulter cet avis de d\u00e9c\u00e8s, sur le <a href=\"https:\/\/nouveau.maisonmallet.com\">www.maisonmallet.com<\/a><\/p>\n<p>Ceux et celles qui le d\u00e9sirent, peuvent y envoyer des messages de sympathie.<\/p>\n<hr \/>\n<p>Envoyer vos condol\u00e9ances<\/p>\n<p>[contact-form to=\u00a0\u00bbhorthlucie@yahoo.ca\u00a0\u00bb subject=\u00a0\u00bbCondol\u00e9ances Rom\u00e9o Horth\u00a0\u00bb][contact-field label=\u00a0\u00bbVotre nom\u00a0\u00bb type=\u00a0\u00bbname\u00a0\u00bb required=\u00a0\u00bb1&Prime;][contact-field label=\u00a0\u00bbVotre courriel\u00a0\u00bb type=\u00a0\u00bbemail\u00a0\u00bb required=\u00a0\u00bb1&Prime;][contact-field label=\u00a0\u00bbCondol\u00e9ances\u00a0\u00bb type=\u00a0\u00bbtextarea\u00a0\u00bb][\/contact-form]<\/p>\n","protected":false},"featured_media":44109,"template":"","event_cat":[6],"class_list":["post-44099","event","type-event","status-publish","has-post-thumbnail","hentry","event_cat-maison-mallet-et-fils-inc"],"_links":{"self":[{"href":"https:\/\/nouveau.maisonmallet.com\/back05_01\/index.php?rest_route=\/wp\/v2\/event\/44099","targetHints":{"allow":["GET"]}}],"collection":[{"href":"https:\/\/nouveau.maisonmallet.com\/back05_01\/index.php?rest_route=\/wp\/v2\/event"}],"about":[{"href":"https:\/\/nouveau.maisonmallet.com\/back05_01\/index.php?rest_route=\/wp\/v2\/types\/event"}],"wp:featuredmedia":[{"embeddable":true,"href":"https:\/\/nouveau.maisonmallet.com\/back05_01\/index.php?rest_route=\/wp\/v2\/media\/44109"}],"wp:attachment":[{"href":"https:\/\/nouveau.maisonmallet.com\/back05_01\/index.php?rest_route=%2Fwp%2Fv2%2Fmedia&parent=44099"}],"wp:term":[{"taxonomy":"event_cat","embeddable":true,"href":"https:\/\/nouveau.maisonmallet.com\/back05_01\/index.php?rest_route=%2Fwp%2Fv2%2Fevent_cat&post=44099"}],"curies":[{"name":"wp","href":"https:\/\/api.w.org\/{rel}","templated":true}]}}

HORTH, Roméo

<p>Le Complexe Thanatologique Mallet &amp; fils a le regret de vous annoncer le décès de</p>
<p>&nbsp;</p>
<p>Roméo Horth</p>
<p>1933 – 2023</p>
<p>&nbsp;</p>
<p>À Port-Cartier, le 16 octobre 2023, est décédé à l’âge de 90 ans, monsieur Roméo Horth époux de madame Adélina Duguay et domicilié à Port-Cartier.</p>
<p>Les funérailles de monsieur Roméo Horth auront lieu le mardi 24 octobre 2023 à 14 h en l’église Sacré-Cœur située au 38, rue Parent à Port-Cartier.</p>
<p>Selon ses volontés, il a été confié au crématorium de la Maison Mallet &amp; fils pour crémation.</p>
<p>Il laisse dans le deuil outre son épouse madame Adélina Duguay, se enfants : Renaud (Suzie Girard), Lucie (feu Hubert Cotnoir), Jacinthe (Richard Simard) et Sylvain (Nathalie Larocque), ses petits-enfants : Stéphanie, Mathieu, Johannie, Marie-Émilie et Julien, ses dix arrière-petits-enfants ainsi que ses sœurs : Laurette (Gérald Huard) et Vanita (feu Cyprien Loisel), sa belle-sœur Jeannine Joseph (feu Bernard), ses neveux, ses nièces et de nombreux ami(e)s.</p>
<p>La famille a confié la direction des funérailles aux services professionnels de la maison Mallet &amp; fils du 57, route 138 à Port-Cartier, maintenant reconnue Distinction et membre de la Corporation des Thanatologues du Québec.</p>
<p>Vous pouvez consulter cet avis de décès, sur le <a href="https://nouveau.maisonmallet.com">www.maisonmallet.com</a></p>
<p>Ceux et celles qui le désirent, peuvent y envoyer des messages de sympathie.</p>
<hr />
<p>Envoyer vos condoléances</p>
<p>[contact-form to= »horthlucie@yahoo.ca » subject= »Condoléances Roméo Horth »][contact-field label= »Votre nom » type= »name » required= »1&Prime;][contact-field label= »Votre courriel » type= »email » required= »1&Prime;][contact-field label= »Condoléances » type= »textarea »][/contact-form]</p>
