{"id":44107,"date":"2023-10-15T15:19:38","date_gmt":"2023-10-15T19:19:38","guid":{"rendered":"https:\/\/nouveau.maisonmallet.com\/?post_type=event&#038;p=44107"},"modified":"2023-11-11T11:59:30","modified_gmt":"2023-11-11T16:59:30","slug":"thomas-jean-guy-john-delphis","status":"publish","type":"event","link":"https:\/\/nouveau.maisonmallet.com\/back05_01\/?event=thomas-jean-guy-john-delphis","title":{"rendered":"THOMAS, Jean-Guy (John) Delphis"},"content":{"rendered":"<p>Le Complexe Thanatologique Mallet &amp; fils a le regret de vous annoncer le d\u00e9c\u00e8s de<\/p>\n<p>Jean-Guy (John) Delphis Thomas<\/p>\n<p>1950 \u2013 2023<\/p>\n<p>&nbsp;<\/p>\n<p>&nbsp;<\/p>\n<p>\u00c0 Montr\u00e9al, le 15 octobre 2023, est d\u00e9c\u00e9d\u00e9 \u00e0 l\u2019\u00e2ge de 73 ans, monsieur Jean-Guy (John) Delphis Thomas fils de feu Philippe Thomas et de feu Marianne R\u00e9gis domicili\u00e9 \u00e0 Montr\u00e9al autrefois \u00e0 Mani-utenam.<\/p>\n<p>Les fun\u00e9railles de monsieur Jean-Guy (John) Delphis Thomas auront lieu le jeudi 26 octobre 2023 \u00e0 14 h en l\u2019\u00e9glise Notre-Dame-du-Cap situ\u00e9e au 139, rue de l\u2019\u00c9glise \u00e0 Mani-utenam.<\/p>\n<p>La famille re\u00e7oit parents et amis le mercredi 25 octobre 2023 de 19 h \u00e0 22 h, le jeudi 26 octobre 2023 jours des fun\u00e9railles \u00e0 compter de 12 h au Complexe Thanatologique Mallet &amp; fils du 585 Boul. Laure \u00e0 Sept-\u00celes.<\/p>\n<p>Il laisse dans le deuil sa fille Lisa Maude (Vincent), son fils M\u00eetshu (Nancy), ses petits-enfants\u00a0: Maxence, Fabien, L\u00e9anne et Benjamin, sa s\u0153ur Georgette, \u00a0ainsi que ses neveux, ses ni\u00e8ces, ses cousins, ses cousines et de nombreux ami(e)s.<\/p>\n<p>Vos marques de sympathie peuvent se traduire par un don \u00e0 la Fondation Nouveaux Sentiers.<\/p>\n<p>La famille a confi\u00e9 la direction des fun\u00e9railles aux services professionnels de la Maison Mallet &amp; fils du 585, Boul. Laure \u00e0 Sept-\u00celes, maintenant reconnue Distinction et membre de la Corporation des Thanatologues du Qu\u00e9bec.<\/p>\n<p>Vous pouvez consulter cet avis de d\u00e9c\u00e8s sur le <a href=\"https:\/\/nouveau.maisonmallet.com\">www.maisonmallet.com<\/a><\/p>\n<p>Ceux et celles qui le d\u00e9sirent, peuvent y envoyer des messages de condol\u00e9ances.<\/p>\n<p>&nbsp;<\/p>\n<hr \/>\n<p>Envoyer vos condol\u00e9ances<\/p>\n<p>[contact-form to=\u00a0\u00bblisa_maude@yahoo.ca\u00a0\u00bb subject=\u00a0\u00bbCondol\u00e9ances Jean-Guy (John) Delphis Thomas\u00a0\u00bb][contact-field label=\u00a0\u00bbVotre nom\u00a0\u00bb type=\u00a0\u00bbname\u00a0\u00bb required=\u00a0\u00bb1&Prime;][contact-field label=\u00a0\u00bbVotre courriel\u00a0\u00bb type=\u00a0\u00bbemail\u00a0\u00bb required=\u00a0\u00bb1&Prime;][contact-field label=\u00a0\u00bbCondol\u00e9ances\u00a0\u00bb type=\u00a0\u00bbtextarea\u00a0\u00bb][\/contact-form]<\/p>\n","protected":false},"featured_media":44153,"template":"","event_cat":[6],"class_list":["post-44107","event","type-event","status-publish","has-post-thumbnail","hentry","event_cat-maison-mallet-et-fils-inc"],"_links":{"self":[{"href":"https:\/\/nouveau.maisonmallet.com\/back05_01\/index.php?rest_route=\/wp\/v2\/event\/44107","targetHints":{"allow":["GET"]}}],"collection":[{"href":"https:\/\/nouveau.maisonmallet.com\/back05_01\/index.php?rest_route=\/wp\/v2\/event"}],"about":[{"href":"https:\/\/nouveau.maisonmallet.com\/back05_01\/index.php?rest_route=\/wp\/v2\/types\/event"}],"wp:featuredmedia":[{"embeddable":true,"href":"https:\/\/nouveau.maisonmallet.com\/back05_01\/index.php?rest_route=\/wp\/v2\/media\/44153"}],"wp:attachment":[{"href":"https:\/\/nouveau.maisonmallet.com\/back05_01\/index.php?rest_route=%2Fwp%2Fv2%2Fmedia&parent=44107"}],"wp:term":[{"taxonomy":"event_cat","embeddable":true,"href":"https:\/\/nouveau.maisonmallet.com\/back05_01\/index.php?rest_route=%2Fwp%2Fv2%2Fevent_cat&post=44107"}],"curies":[{"name":"wp","href":"https:\/\/api.w.org\/{rel}","templated":true}]}}

<p>Le Complexe Thanatologique Mallet &amp; fils a le regret de vous annoncer le décès de</p>
<p>Jean-Guy (John) Delphis Thomas</p>
<p>1950 – 2023</p>
<p>&nbsp;</p>
<p>&nbsp;</p>
<p>À Montréal, le 15 octobre 2023, est décédé à l’âge de 73 ans, monsieur Jean-Guy (John) Delphis Thomas fils de feu Philippe Thomas et de feu Marianne Régis domicilié à Montréal autrefois à Mani-utenam.</p>
<p>Les funérailles de monsieur Jean-Guy (John) Delphis Thomas auront lieu le jeudi 26 octobre 2023 à 14 h en l’église Notre-Dame-du-Cap située au 139, rue de l’Église à Mani-utenam.</p>
<p>La famille reçoit parents et amis le mercredi 25 octobre 2023 de 19 h à 22 h, le jeudi 26 octobre 2023 jours des funérailles à compter de 12 h au Complexe Thanatologique Mallet &amp; fils du 585 Boul. Laure à Sept-Îles.</p>
<p>Il laisse dans le deuil sa fille Lisa Maude (Vincent), son fils Mîtshu (Nancy), ses petits-enfants : Maxence, Fabien, Léanne et Benjamin, sa sœur Georgette,  ainsi que ses neveux, ses nièces, ses cousins, ses cousines et de nombreux ami(e)s.</p>
<p>Vos marques de sympathie peuvent se traduire par un don à la Fondation Nouveaux Sentiers.</p>
<p>La famille a confié la direction des funérailles aux services professionnels de la Maison Mallet &amp; fils du 585, Boul. Laure à Sept-Îles, maintenant reconnue Distinction et membre de la Corporation des Thanatologues du Québec.</p>
<p>Vous pouvez consulter cet avis de décès sur le <a href="https://nouveau.maisonmallet.com">www.maisonmallet.com</a></p>
<p>Ceux et celles qui le désirent, peuvent y envoyer des messages de condoléances.</p>
<p>&nbsp;</p>
<hr />
<p>Envoyer vos condoléances</p>
<p>[contact-form to= »lisa_maude@yahoo.ca » subject= »Condoléances Jean-Guy (John) Delphis Thomas »][contact-field label= »Votre nom » type= »name » required= »1&Prime;][contact-field label= »Votre courriel » type= »email » required= »1&Prime;][contact-field label= »Condoléances » type= »textarea »][/contact-form]</p>
