{"id":44241,"date":"2023-10-29T10:05:02","date_gmt":"2023-10-29T14:05:02","guid":{"rendered":"https:\/\/nouveau.maisonmallet.com\/?post_type=event&#038;p=44241"},"modified":"2023-11-11T11:58:37","modified_gmt":"2023-11-11T16:58:37","slug":"vibert-rita","status":"publish","type":"event","link":"https:\/\/nouveau.maisonmallet.com\/back05_01\/?event=vibert-rita","title":{"rendered":"VIBERT, Rita"},"content":{"rendered":"<p>La Maison L.J.G. Mallet a le regret de vous annoncer le d\u00e9c\u00e8s de<\/p>\n<p>Rita Vibert (Chiasson)<\/p>\n<p>1921 \u2013 2023<\/p>\n<p>&nbsp;<\/p>\n<p>&nbsp;<\/p>\n<p>\u00c0 Sept-\u00celes (maison \u00c9lyme des sables), le 29 octobre 2023, est d\u00e9c\u00e9d\u00e9e \u00e0 l\u2019\u00e2ge de 102 ans et 9 mois madame Rita Vibert \u00e9pouse de feu Eug\u00e8ne Chiasson et domicili\u00e9e \u00e0 Sept-\u00celes.<\/p>\n<p>Les fun\u00e9railles de madame Rita Vibert Chiasson auront lieu le samedi 29 juin 2024 \u00e0 15 h en l\u2019\u00e9glise St-Fran\u00e7ois d\u2019Assise de Longue-Pointe-de-Mingan et de l\u00e0 au cimeti\u00e8re de l`endroit.<\/p>\n<p>Selon ses volont\u00e9s, elle a \u00e9t\u00e9 confi\u00e9e au cr\u00e9matorium de la Maison L.J.G. Mallet pour cr\u00e9mation.<\/p>\n<p>La famille re\u00e7oit parents et amis le samedi 29 juin 2024 jour des fun\u00e9railles \u00e0 compter de 13 h \u00e0 l\u2019\u00e9glise St-Fran\u00e7ois d\u2019Assise de Longue-Pointe-de-Mingan.<\/p>\n<p>Elle laisse dans le deuil ses enfants : Annie (Jean-Marie Morais), Diane, Emilien, Edgar, Louis (Simone Cyr), Micheline (feu Jean-Louis Cormier), Th\u00e9r\u00e8se (Gilles Levesque) et Mariette (Raymond Tessier), ses petits-enfants : Carl, Karen, Yves, Marc, Derek, Dany, Danka, Jane, Sandra, Yannick, Jean-Fran\u00e7ois, Julie, Nancy et Myl\u00e8ne, ses arri\u00e8re-petits-enfants : Danick, Megan, Alexandre, Oc\u00e9ane, Roxanne, Carolanne, S\u00e9bastien, Isabelle, Matthieu, Simon, A\u00efcha, Ma\u00ebl, Liam, Julien et Pierre-Karl, ses arri\u00e8re arri\u00e8re-petits-enfants : Charles, Rapha\u00ebl, Benjamin, Emile et Thomas, ses fr\u00e8res : Jean-Marie (Rosella Duguay) et Joseph (Diane Collin) ainsi que ses belles-s\u0153urs : Aline Gallant et Fran\u00e7oise Landry, ses neveux, ses ni\u00e8ces et de nombreux ami(e)s.<\/p>\n<p>Elle \u00e9tait la m\u00e8re de feu Gabrielle Chiasson (feu Andr\u00e9 Malouin).<\/p>\n<p>Vos marques de sympathie peuvent se traduire par un don \u00e0 l\u2019\u00c9lyme des sables <a href=\"http:\/\/www.elymedessables.com\">www.elymedessables.com<\/a><\/p>\n<p>La famille tient \u00e0 remercier chaleureusement Dre. Annie Lebel ainsi que le personnel de l\u2019\u00c9lyme des sables pour la qualit\u00e9 des soins prodigu\u00e9s.<\/p>\n<p>La famille a confi\u00e9 les arrangements fun\u00e9raires aux services professionnels de la Maison L.J.G. Mallet du 1429, rue du Canot \u00e0 Havre-St-Pierre, maintenant reconnue Distinction et membre de la Corporation des Thanatologues du Qu\u00e9bec.<\/p>\n<p>Vous pouvez consulter cet avis de d\u00e9c\u00e8s, sur le <a href=\"https:\/\/nouveau.maisonmallet.com\">www.maisonmallet.com<\/a><\/p>\n<p>Ceux et celles qui le d\u00e9sirent, peuvent y envoyer des messages de sympathie.<\/p>\n<hr \/>\n<p>Envoyer vos condol\u00e9ances<\/p>\n<p>[contact-form to=\u00a0\u00bbgithe50@hotmail.com\u00a0\u00bb subject=\u00a0\u00bbCondol\u00e9ances Rita Vibert\u00a0\u00bb][contact-field label=\u00a0\u00bbVotre nom\u00a0\u00bb type=\u00a0\u00bbname\u00a0\u00bb required=\u00a0\u00bb1&Prime;][contact-field label=\u00a0\u00bbVotre courriel\u00a0\u00bb type=\u00a0\u00bbemail\u00a0\u00bb required=\u00a0\u00bb1&Prime;][contact-field label=\u00a0\u00bbCondol\u00e9ances\u00a0\u00bb type=\u00a0\u00bbtextarea\u00a0\u00bb][\/contact-form]<\/p>\n","protected":false},"featured_media":44246,"template":"","event_cat":[7],"class_list":["post-44241","event","type-event","status-publish","has-post-thumbnail","hentry","event_cat-maison-l-j-g-mallet-inc"],"_links":{"self":[{"href":"https:\/\/nouveau.maisonmallet.com\/back05_01\/index.php?rest_route=\/wp\/v2\/event\/44241","targetHints":{"allow":["GET"]}}],"collection":[{"href":"https:\/\/nouveau.maisonmallet.com\/back05_01\/index.php?rest_route=\/wp\/v2\/event"}],"about":[{"href":"https:\/\/nouveau.maisonmallet.com\/back05_01\/index.php?rest_route=\/wp\/v2\/types\/event"}],"wp:featuredmedia":[{"embeddable":true,"href":"https:\/\/nouveau.maisonmallet.com\/back05_01\/index.php?rest_route=\/wp\/v2\/media\/44246"}],"wp:attachment":[{"href":"https:\/\/nouveau.maisonmallet.com\/back05_01\/index.php?rest_route=%2Fwp%2Fv2%2Fmedia&parent=44241"}],"wp:term":[{"taxonomy":"event_cat","embeddable":true,"href":"https:\/\/nouveau.maisonmallet.com\/back05_01\/index.php?rest_route=%2Fwp%2Fv2%2Fevent_cat&post=44241"}],"curies":[{"name":"wp","href":"https:\/\/api.w.org\/{rel}","templated":true}]}}

<p>La Maison L.J.G. Mallet a le regret de vous annoncer le décès de</p>
<p>Rita Vibert (Chiasson)</p>
<p>1921 – 2023</p>
<p>&nbsp;</p>
<p>&nbsp;</p>
<p>À Sept-Îles (maison Élyme des sables), le 29 octobre 2023, est décédée à l’âge de 102 ans et 9 mois madame Rita Vibert épouse de feu Eugène Chiasson et domiciliée à Sept-Îles.</p>
<p>Les funérailles de madame Rita Vibert Chiasson auront lieu le samedi 29 juin 2024 à 15 h en l’église St-François d’Assise de Longue-Pointe-de-Mingan et de là au cimetière de l`endroit.</p>
<p>Selon ses volontés, elle a été confiée au crématorium de la Maison L.J.G. Mallet pour crémation.</p>
<p>La famille reçoit parents et amis le samedi 29 juin 2024 jour des funérailles à compter de 13 h à l’église St-François d’Assise de Longue-Pointe-de-Mingan.</p>
<p>Elle laisse dans le deuil ses enfants : Annie (Jean-Marie Morais), Diane, Emilien, Edgar, Louis (Simone Cyr), Micheline (feu Jean-Louis Cormier), Thérèse (Gilles Levesque) et Mariette (Raymond Tessier), ses petits-enfants : Carl, Karen, Yves, Marc, Derek, Dany, Danka, Jane, Sandra, Yannick, Jean-François, Julie, Nancy et Mylène, ses arrière-petits-enfants : Danick, Megan, Alexandre, Océane, Roxanne, Carolanne, Sébastien, Isabelle, Matthieu, Simon, Aïcha, Maël, Liam, Julien et Pierre-Karl, ses arrière arrière-petits-enfants : Charles, Raphaël, Benjamin, Emile et Thomas, ses frères : Jean-Marie (Rosella Duguay) et Joseph (Diane Collin) ainsi que ses belles-sœurs : Aline Gallant et Françoise Landry, ses neveux, ses nièces et de nombreux ami(e)s.</p>
<p>Elle était la mère de feu Gabrielle Chiasson (feu André Malouin).</p>
<p>Vos marques de sympathie peuvent se traduire par un don à l’Élyme des sables <a href="http://www.elymedessables.com">www.elymedessables.com</a></p>
<p>La famille tient à remercier chaleureusement Dre. Annie Lebel ainsi que le personnel de l’Élyme des sables pour la qualité des soins prodigués.</p>
<p>La famille a confié les arrangements funéraires aux services professionnels de la Maison L.J.G. Mallet du 1429, rue du Canot à Havre-St-Pierre, maintenant reconnue Distinction et membre de la Corporation des Thanatologues du Québec.</p>
<p>Vous pouvez consulter cet avis de décès, sur le <a href="https://nouveau.maisonmallet.com">www.maisonmallet.com</a></p>
<p>Ceux et celles qui le désirent, peuvent y envoyer des messages de sympathie.</p>
<hr />
<p>Envoyer vos condoléances</p>
<p>[contact-form to= »githe50@hotmail.com » subject= »Condoléances Rita Vibert »][contact-field label= »Votre nom » type= »name » required= »1&Prime;][contact-field label= »Votre courriel » type= »email » required= »1&Prime;][contact-field label= »Condoléances » type= »textarea »][/contact-form]</p>
