{"id":44281,"date":"2023-10-31T22:40:17","date_gmt":"2023-11-01T02:40:17","guid":{"rendered":"https:\/\/nouveau.maisonmallet.com\/?post_type=event&#038;p=44281"},"modified":"2023-11-13T17:07:37","modified_gmt":"2023-11-13T22:07:37","slug":"cloutier-marc-andre","status":"publish","type":"event","link":"https:\/\/nouveau.maisonmallet.com\/back05_01\/?event=cloutier-marc-andre","title":{"rendered":"CLOUTIER, Marc-Andr\u00e9"},"content":{"rendered":"<p>Le Complexe Thanatologique Mallet &amp; fils a le regret de vous annoncer le d\u00e9c\u00e8s de<\/p>\n<p>&nbsp;<\/p>\n<p>Marc-Andr\u00e9 Cloutier<\/p>\n<p>1937 \u2013 2023<\/p>\n<p>&nbsp;<\/p>\n<p>\u00c0 Sept-\u00celes, le 31 octobre 2023, est d\u00e9c\u00e9d\u00e9 \u00e0 l\u2019\u00e2ge de 86 ans, monsieur Marc-Andr\u00e9 Cloutier \u00e9poux de madame Th\u00e9r\u00e8se Tessier et domicili\u00e9 \u00e0 Sept-\u00celes.<\/p>\n<p>Les fun\u00e9railles de monsieur Marc-Andr\u00e9 Cloutier auront lieu le samedi 11 novembre 2023 \u00e0 14 h en l\u2019\u00e9glise St-Joseph situ\u00e9e au 535, ave. Brochu \u00e0 Sept-\u00celes et de l\u00e0 au cr\u00e9matorium de la Maison Mallet &amp; fils pour cr\u00e9mation.<\/p>\n<p>La famille re\u00e7oit parents et amis le vendredi 10 novembre 2023 de 19 h \u00e0 22 h. Le samedi 11 novembre 2023 jour des fun\u00e9railles, \u00e0 compter de 12 h 30 au Complexe Thanatologique Mallet &amp; fils du 585, boul. Laure \u00e0 Sept-\u00celes.<\/p>\n<p>Il laisse dans le deuil outre son \u00e9pouse madame Th\u00e9r\u00e8se Tessier, ses filles\u00a0: C\u00e9line et Marie-Jos\u00e9e, son fils Jean-Guy (Cecila Zacari), ses petites-filles\u00a0: Julie (Jean-Fran\u00e7ois Pag\u00e9) et Isabelle, ses petits-fils\u00a0: Jean-Carlos et Marc-Alexandre, ses arri\u00e8re-petites-filles\u00a0: Mila et Na\u00efla, ses arri\u00e8re-petits-fils\u00a0: Daven et Shawn ainsi que son fr\u00e8re, ses s\u0153urs, ses beaux-fr\u00e8res, ses belles-s\u0153urs, ses neveux, ses ni\u00e8ces et de nombreux ami(e)s.<\/p>\n<p>Nous d\u00e9sirons remercier le personnel du Centre Hospitalier de Sept-\u00celes et le Dr. Roy pour leur excellent travail et leur gentillesse.<\/p>\n<p>La famille a confi\u00e9 la direction des fun\u00e9railles aux services professionnels de la Maison Mallet &amp; fils du 585, boul. Laure \u00e0 Sept-\u00celes, maintenant reconnue Distinction et membre de la Corporation des Thanatologues du Qu\u00e9bec.<\/p>\n<p>Vous pouvez consulter cet avis de d\u00e9c\u00e8s sur le <a href=\"https:\/\/nouveau.maisonmallet.com\">www.maisonmallet.com<\/a><\/p>\n<p>Ceux et celles qui le d\u00e9sirent, peuvent y envoyer des messages de sympathies.<\/p>\n<hr \/>\n<p>Envoyer vos condol\u00e9ances<\/p>\n<p>[contact-form to=\u00a0\u00bbmj.cloutier@outlook.fr\u00a0\u00bb subject=\u00a0\u00bbCondol\u00e9ances Marc-Andr\u00e9 Coutier\u00a0\u00bb][contact-field label=\u00a0\u00bbVotre nom\u00a0\u00bb type=\u00a0\u00bbname\u00a0\u00bb required=\u00a0\u00bb1&Prime;][contact-field label=\u00a0\u00bbVotre courriel\u00a0\u00bb type=\u00a0\u00bbemail\u00a0\u00bb required=\u00a0\u00bb1&Prime;][contact-field label=\u00a0\u00bbCondol\u00e9ances\u00a0\u00bb type=\u00a0\u00bbtextarea\u00a0\u00bb][\/contact-form]<\/p>\n","protected":false},"featured_media":44323,"template":"","event_cat":[6],"class_list":["post-44281","event","type-event","status-publish","has-post-thumbnail","hentry","event_cat-maison-mallet-et-fils-inc"],"_links":{"self":[{"href":"https:\/\/nouveau.maisonmallet.com\/back05_01\/index.php?rest_route=\/wp\/v2\/event\/44281","targetHints":{"allow":["GET"]}}],"collection":[{"href":"https:\/\/nouveau.maisonmallet.com\/back05_01\/index.php?rest_route=\/wp\/v2\/event"}],"about":[{"href":"https:\/\/nouveau.maisonmallet.com\/back05_01\/index.php?rest_route=\/wp\/v2\/types\/event"}],"wp:featuredmedia":[{"embeddable":true,"href":"https:\/\/nouveau.maisonmallet.com\/back05_01\/index.php?rest_route=\/wp\/v2\/media\/44323"}],"wp:attachment":[{"href":"https:\/\/nouveau.maisonmallet.com\/back05_01\/index.php?rest_route=%2Fwp%2Fv2%2Fmedia&parent=44281"}],"wp:term":[{"taxonomy":"event_cat","embeddable":true,"href":"https:\/\/nouveau.maisonmallet.com\/back05_01\/index.php?rest_route=%2Fwp%2Fv2%2Fevent_cat&post=44281"}],"curies":[{"name":"wp","href":"https:\/\/api.w.org\/{rel}","templated":true}]}}

CLOUTIER, Marc-André

<p>Le Complexe Thanatologique Mallet &amp; fils a le regret de vous annoncer le décès de</p>
<p>&nbsp;</p>
<p>Marc-André Cloutier</p>
<p>1937 – 2023</p>
<p>&nbsp;</p>
<p>À Sept-Îles, le 31 octobre 2023, est décédé à l’âge de 86 ans, monsieur Marc-André Cloutier époux de madame Thérèse Tessier et domicilié à Sept-Îles.</p>
<p>Les funérailles de monsieur Marc-André Cloutier auront lieu le samedi 11 novembre 2023 à 14 h en l’église St-Joseph située au 535, ave. Brochu à Sept-Îles et de là au crématorium de la Maison Mallet &amp; fils pour crémation.</p>
<p>La famille reçoit parents et amis le vendredi 10 novembre 2023 de 19 h à 22 h. Le samedi 11 novembre 2023 jour des funérailles, à compter de 12 h 30 au Complexe Thanatologique Mallet &amp; fils du 585, boul. Laure à Sept-Îles.</p>
<p>Il laisse dans le deuil outre son épouse madame Thérèse Tessier, ses filles : Céline et Marie-Josée, son fils Jean-Guy (Cecila Zacari), ses petites-filles : Julie (Jean-François Pagé) et Isabelle, ses petits-fils : Jean-Carlos et Marc-Alexandre, ses arrière-petites-filles : Mila et Naïla, ses arrière-petits-fils : Daven et Shawn ainsi que son frère, ses sœurs, ses beaux-frères, ses belles-sœurs, ses neveux, ses nièces et de nombreux ami(e)s.</p>
<p>Nous désirons remercier le personnel du Centre Hospitalier de Sept-Îles et le Dr. Roy pour leur excellent travail et leur gentillesse.</p>
<p>La famille a confié la direction des funérailles aux services professionnels de la Maison Mallet &amp; fils du 585, boul. Laure à Sept-Îles, maintenant reconnue Distinction et membre de la Corporation des Thanatologues du Québec.</p>
<p>Vous pouvez consulter cet avis de décès sur le <a href="https://nouveau.maisonmallet.com">www.maisonmallet.com</a></p>
<p>Ceux et celles qui le désirent, peuvent y envoyer des messages de sympathies.</p>
<hr />
<p>Envoyer vos condoléances</p>
<p>[contact-form to= »mj.cloutier@outlook.fr » subject= »Condoléances Marc-André Coutier »][contact-field label= »Votre nom » type= »name » required= »1&Prime;][contact-field label= »Votre courriel » type= »email » required= »1&Prime;][contact-field label= »Condoléances » type= »textarea »][/contact-form]</p>
