{"id":44786,"date":"2023-11-29T17:22:17","date_gmt":"2023-11-29T22:22:17","guid":{"rendered":"https:\/\/nouveau.maisonmallet.com\/?post_type=event&#038;p=44786"},"modified":"2024-01-17T20:59:08","modified_gmt":"2024-01-18T01:59:08","slug":"turbis-lionel","status":"publish","type":"event","link":"https:\/\/nouveau.maisonmallet.com\/back05_01\/?event=turbis-lionel","title":{"rendered":"TURBIS, Lionel"},"content":{"rendered":"<p>La Maison L.J.G. Mallet a le regret de vous annoncer le d\u00e9c\u00e8s de<\/p>\n<p>&nbsp;<\/p>\n<p>&nbsp;<\/p>\n<p>\u00c0 Sept-\u00celes, le 29 novembre 2023, est d\u00e9c\u00e9d\u00e9 \u00e0 l\u2019\u00e2ge de 89 ans monsieur Lionel Turbis fils de feu Paul Turbis et de feu Georgette Boudreau domicili\u00e9 \u00e0 Sept-\u00celes.<\/p>\n<p>Les fun\u00e9railles de monsieur Lionel Turbis auront lieu le samedi 2 d\u00e9cembre 2023 \u00e0 11 h en l\u2019\u00e9glise Saint-Pierre de Havre-Saint-Pierre.<\/p>\n<p>Selon ses volont\u00e9s, il a \u00e9t\u00e9 confi\u00e9 au cr\u00e9matorium de la Maison L.J.G. Mallet pour cr\u00e9mation.<\/p>\n<p>La famille re\u00e7oit parents et amis le samedi 2 d\u00e9cembre 2023 jour des fun\u00e9railles \u00e0 compter de 10 h \u00e0 l\u2019\u00c9glise Saint-Pierre de Havre-Saint-Pierre.<\/p>\n<p>Il laisse dans le deuil ses fils : Pierre et Denis, ses filles : Maryse (Pierre Lebrun), Diane (Robert Richard) et Gina (Jean-Pierre Dumais), ses petits-fils : S\u00e9bastien (Jos\u00e9e Boudreau), Dany (Sylvia Boudreau), Tommy (Isabelle Th\u00e9riault) et Derek, ses petites-filles :\u00a0 Chantal (Fr\u00e9d\u00e9ric Boudreau) et\u00a0 Alexandra (William Lapierre), ses arri\u00e8re-petits-fils : Vincent, Hubert et Lo\u00efc, ses arri\u00e8re-petites-filles : Rosalie, \u00c9lodie, Eve et Sofia ainsi que ses s\u0153urs : Jeannine, Ir\u00e8ne et H\u00e9l\u00e8ne (Andr\u00e9 Matte), son fr\u00e8re Harold (Ad\u00e8le St-Pierre), ses neveux, ses ni\u00e8ces, et de nombreux ami(e)s.<\/p>\n<p>Vos marques de sympathie peuvent se traduire par un don \u00e0 la paroisse St-Pierre de Havre-Saint-Pierre.<\/p>\n<p>La famille a confi\u00e9 la direction des fun\u00e9railles aux services professionnels de la Maison L.J.G. Mallet du 1429, rue du Canot \u00e0 Havre-Saint-Pierre, maintenant reconnue Distinction et membre de la Corporation des Thanatologues du Qu\u00e9bec.<\/p>\n<p>Vous pouvez consulter cet avis de d\u00e9c\u00e8s sur le www.maisonmallet.com<\/p>\n<p>Ceux et celles qui le d\u00e9sirent, peuvent y envoyer des messages de sympathie.<\/p>\n<hr \/>\n<p>Envoyer vos condol\u00e9ances<\/p>\n<p>[contact-form to=\u00a0\u00bbdiane.turbis@hotmail.com\u00a0\u00bb subject=\u00a0\u00bbCondol\u00e9ances Lionel Turbis\u00a0\u00bb][contact-field label=\u00a0\u00bbVotre nom\u00a0\u00bb type=\u00a0\u00bbname\u00a0\u00bb required=\u00a0\u00bb1&Prime;][contact-field label=\u00a0\u00bbVotre courriel\u00a0\u00bb type=\u00a0\u00bbemail\u00a0\u00bb required=\u00a0\u00bb1&Prime;][contact-field label=\u00a0\u00bbCondol\u00e9ances\u00a0\u00bb type=\u00a0\u00bbtextarea\u00a0\u00bb][\/contact-form]<\/p>\n","protected":false},"featured_media":44801,"template":"","event_cat":[7],"class_list":["post-44786","event","type-event","status-publish","has-post-thumbnail","hentry","event_cat-maison-l-j-g-mallet-inc"],"_links":{"self":[{"href":"https:\/\/nouveau.maisonmallet.com\/back05_01\/index.php?rest_route=\/wp\/v2\/event\/44786","targetHints":{"allow":["GET"]}}],"collection":[{"href":"https:\/\/nouveau.maisonmallet.com\/back05_01\/index.php?rest_route=\/wp\/v2\/event"}],"about":[{"href":"https:\/\/nouveau.maisonmallet.com\/back05_01\/index.php?rest_route=\/wp\/v2\/types\/event"}],"wp:featuredmedia":[{"embeddable":true,"href":"https:\/\/nouveau.maisonmallet.com\/back05_01\/index.php?rest_route=\/wp\/v2\/media\/44801"}],"wp:attachment":[{"href":"https:\/\/nouveau.maisonmallet.com\/back05_01\/index.php?rest_route=%2Fwp%2Fv2%2Fmedia&parent=44786"}],"wp:term":[{"taxonomy":"event_cat","embeddable":true,"href":"https:\/\/nouveau.maisonmallet.com\/back05_01\/index.php?rest_route=%2Fwp%2Fv2%2Fevent_cat&post=44786"}],"curies":[{"name":"wp","href":"https:\/\/api.w.org\/{rel}","templated":true}]}}

<p>La Maison L.J.G. Mallet a le regret de vous annoncer le décès de</p>
<p>&nbsp;</p>
<p>&nbsp;</p>
<p>À Sept-Îles, le 29 novembre 2023, est décédé à l’âge de 89 ans monsieur Lionel Turbis fils de feu Paul Turbis et de feu Georgette Boudreau domicilié à Sept-Îles.</p>
<p>Les funérailles de monsieur Lionel Turbis auront lieu le samedi 2 décembre 2023 à 11 h en l’église Saint-Pierre de Havre-Saint-Pierre.</p>
<p>Selon ses volontés, il a été confié au crématorium de la Maison L.J.G. Mallet pour crémation.</p>
<p>La famille reçoit parents et amis le samedi 2 décembre 2023 jour des funérailles à compter de 10 h à l’Église Saint-Pierre de Havre-Saint-Pierre.</p>
<p>Il laisse dans le deuil ses fils : Pierre et Denis, ses filles : Maryse (Pierre Lebrun), Diane (Robert Richard) et Gina (Jean-Pierre Dumais), ses petits-fils : Sébastien (Josée Boudreau), Dany (Sylvia Boudreau), Tommy (Isabelle Thériault) et Derek, ses petites-filles :  Chantal (Frédéric Boudreau) et  Alexandra (William Lapierre), ses arrière-petits-fils : Vincent, Hubert et Loïc, ses arrière-petites-filles : Rosalie, Élodie, Eve et Sofia ainsi que ses sœurs : Jeannine, Irène et Hélène (André Matte), son frère Harold (Adèle St-Pierre), ses neveux, ses nièces, et de nombreux ami(e)s.</p>
<p>Vos marques de sympathie peuvent se traduire par un don à la paroisse St-Pierre de Havre-Saint-Pierre.</p>
<p>La famille a confié la direction des funérailles aux services professionnels de la Maison L.J.G. Mallet du 1429, rue du Canot à Havre-Saint-Pierre, maintenant reconnue Distinction et membre de la Corporation des Thanatologues du Québec.</p>
<p>Vous pouvez consulter cet avis de décès sur le www.maisonmallet.com</p>
<p>Ceux et celles qui le désirent, peuvent y envoyer des messages de sympathie.</p>
<hr />
<p>Envoyer vos condoléances</p>
<p>[contact-form to= »diane.turbis@hotmail.com » subject= »Condoléances Lionel Turbis »][contact-field label= »Votre nom » type= »name » required= »1&Prime;][contact-field label= »Votre courriel » type= »email » required= »1&Prime;][contact-field label= »Condoléances » type= »textarea »][/contact-form]</p>
