{"id":44869,"date":"2023-11-23T21:49:28","date_gmt":"2023-11-24T02:49:28","guid":{"rendered":"https:\/\/nouveau.maisonmallet.com\/?post_type=event&#038;p=44869"},"modified":"2024-01-17T20:57:51","modified_gmt":"2024-01-18T01:57:51","slug":"potvin-jean-marie","status":"publish","type":"event","link":"https:\/\/nouveau.maisonmallet.com\/back05_01\/?event=potvin-jean-marie","title":{"rendered":"POTVIN, Jean Marie"},"content":{"rendered":"<p>Le Complexe Thanatologique Mallet &amp; fils a le regret de vous annoncer le d\u00e9c\u00e8s de<\/p>\n<p>&nbsp;<\/p>\n<p>Jean-Marie-Potvin<\/p>\n<p>1958 \u2013 2023<\/p>\n<p>\u00c0 Port-Cartier, le 23 novembre 2023, est d\u00e9c\u00e9d\u00e9 \u00e0 l\u2019\u00e2ge de 65 ans, monsieur Jean-Marie Potvin conjoint de madame Dominique Girard et domicili\u00e9 \u00e0 Port-Cartier.<\/p>\n<p>Les fun\u00e9railles de monsieur Jean-Marie Potvin auront lieu le samedi 16 d\u00e9cembre 2023 \u00e0 10 h 30 en l\u2019\u00e9glise Marie-Immacul\u00e9e situ\u00e9e au 180, rue Papineau \u00e0 Sept-\u00celes.<\/p>\n<p>Selon ses volont\u00e9s, il a \u00e9t\u00e9 confi\u00e9 au cr\u00e9matorium de la Maison Mallet &amp; fils pour cr\u00e9mation.<\/p>\n<p>\u00c0 Port-Cartier<\/p>\n<p>La famille re\u00e7oit parents et amis le vendredi 15 d\u00e9cembre 2023 de 19 h \u00e0 22 h, au Complexe Thanatologique Mallet &amp; fils du 57, route 138 \u00e0 Port-Cartier.<\/p>\n<p>\u00c0 Sept-\u00celes<\/p>\n<p>La famille re\u00e7oit parents et amis le samedi jour des fun\u00e9railles \u00e0 compter de 9 h au Complexe Thanatologique Mallet &amp; fils du 585, Boul. Laure \u00e0 Sept-\u00celes.<\/p>\n<p>Il laisse dans le deuil outre sa conjointe madame Dominique Girard, ses filles : Julie (Onkabetse Tshephe), M\u00e9lanie (Claudie Desrosiers-Pineault), Genevi\u00e8ve (\u00c9ric Chass\u00e9) et No\u00e9mie, ses fils : Fran\u00e7ois (Naomi Rowsell) et Tommy (Brielle Boudrias-Maurice), ses petites-filles : Maely, Charlotte, L\u00e9a-Rose, Am\u00e9lia, Maya, Zo\u00e9 et Alexia, ses petits-fils : Elliot, \u00c9mile, Jacob et Maxime ainsi que son beau-p\u00e8re Rock Girard (C\u00e9line Chicoine), sa belle-m\u00e8re Dyanne Cyr (Lucien Landry), ses s\u0153urs : Claire (Yvon Beaulieu) et Louise (Camil Loignon), ses fr\u00e8res : Ren\u00e9 (Lyne Richard) et Alain (\u00c8dith Morin), sa belle-s\u0153ur Sammie (Tommy Boudreau), ses neveux, ses ni\u00e8ces, ses cousins, ses cousines et de nombreux ami(e)s.<\/p>\n<p>La famille a confi\u00e9 la direction des fun\u00e9railles aux services professionnels de la Maison Mallet &amp; fils du 585, boul. Laure \u00e0 Sept-\u00celes, maintenant reconnue Distinction et membre de la Corporation des Thanatologues du Qu\u00e9bec.<\/p>\n<p>Vous pouvez consulter cet avis de d\u00e9c\u00e8s sur le <a href=\"https:\/\/nouveau.maisonmallet.com\">www.maisonmallet.com<\/a><\/p>\n<p>Ceux et celles qui le d\u00e9sirent, peuvent y envoyer des messages de sympathies.<\/p>\n<hr \/>\n<p>Envoyer vos condol\u00e9ances<\/p>\n<p>[contact-form to=\u00a0\u00bbdominique.girard@telus.net\u00a0\u00bb subject=\u00a0\u00bbCondol\u00e9ances Jean Marie Potvin\u00a0\u00bb][contact-field label=\u00a0\u00bbVotre nom\u00a0\u00bb type=\u00a0\u00bbname\u00a0\u00bb required=\u00a0\u00bb1&Prime;][contact-field label=\u00a0\u00bbVotre courriel\u00a0\u00bb type=\u00a0\u00bbemail\u00a0\u00bb required=\u00a0\u00bb1&Prime;][contact-field label=\u00a0\u00bbCondol\u00e9ances\u00a0\u00bb type=\u00a0\u00bbtextarea\u00a0\u00bb][\/contact-form]<\/p>\n","protected":false},"featured_media":44870,"template":"","event_cat":[6],"class_list":["post-44869","event","type-event","status-publish","has-post-thumbnail","hentry","event_cat-maison-mallet-et-fils-inc"],"_links":{"self":[{"href":"https:\/\/nouveau.maisonmallet.com\/back05_01\/index.php?rest_route=\/wp\/v2\/event\/44869","targetHints":{"allow":["GET"]}}],"collection":[{"href":"https:\/\/nouveau.maisonmallet.com\/back05_01\/index.php?rest_route=\/wp\/v2\/event"}],"about":[{"href":"https:\/\/nouveau.maisonmallet.com\/back05_01\/index.php?rest_route=\/wp\/v2\/types\/event"}],"wp:featuredmedia":[{"embeddable":true,"href":"https:\/\/nouveau.maisonmallet.com\/back05_01\/index.php?rest_route=\/wp\/v2\/media\/44870"}],"wp:attachment":[{"href":"https:\/\/nouveau.maisonmallet.com\/back05_01\/index.php?rest_route=%2Fwp%2Fv2%2Fmedia&parent=44869"}],"wp:term":[{"taxonomy":"event_cat","embeddable":true,"href":"https:\/\/nouveau.maisonmallet.com\/back05_01\/index.php?rest_route=%2Fwp%2Fv2%2Fevent_cat&post=44869"}],"curies":[{"name":"wp","href":"https:\/\/api.w.org\/{rel}","templated":true}]}}

<p>Le Complexe Thanatologique Mallet &amp; fils a le regret de vous annoncer le décès de</p>
<p>&nbsp;</p>
<p>Jean-Marie-Potvin</p>
<p>1958 – 2023</p>
<p>À Port-Cartier, le 23 novembre 2023, est décédé à l’âge de 65 ans, monsieur Jean-Marie Potvin conjoint de madame Dominique Girard et domicilié à Port-Cartier.</p>
<p>Les funérailles de monsieur Jean-Marie Potvin auront lieu le samedi 16 décembre 2023 à 10 h 30 en l’église Marie-Immaculée située au 180, rue Papineau à Sept-Îles.</p>
<p>Selon ses volontés, il a été confié au crématorium de la Maison Mallet &amp; fils pour crémation.</p>
<p>À Port-Cartier</p>
<p>La famille reçoit parents et amis le vendredi 15 décembre 2023 de 19 h à 22 h, au Complexe Thanatologique Mallet &amp; fils du 57, route 138 à Port-Cartier.</p>
<p>À Sept-Îles</p>
<p>La famille reçoit parents et amis le samedi jour des funérailles à compter de 9 h au Complexe Thanatologique Mallet &amp; fils du 585, Boul. Laure à Sept-Îles.</p>
<p>Il laisse dans le deuil outre sa conjointe madame Dominique Girard, ses filles : Julie (Onkabetse Tshephe), Mélanie (Claudie Desrosiers-Pineault), Geneviève (Éric Chassé) et Noémie, ses fils : François (Naomi Rowsell) et Tommy (Brielle Boudrias-Maurice), ses petites-filles : Maely, Charlotte, Léa-Rose, Amélia, Maya, Zoé et Alexia, ses petits-fils : Elliot, Émile, Jacob et Maxime ainsi que son beau-père Rock Girard (Céline Chicoine), sa belle-mère Dyanne Cyr (Lucien Landry), ses sœurs : Claire (Yvon Beaulieu) et Louise (Camil Loignon), ses frères : René (Lyne Richard) et Alain (Èdith Morin), sa belle-sœur Sammie (Tommy Boudreau), ses neveux, ses nièces, ses cousins, ses cousines et de nombreux ami(e)s.</p>
<p>La famille a confié la direction des funérailles aux services professionnels de la Maison Mallet &amp; fils du 585, boul. Laure à Sept-Îles, maintenant reconnue Distinction et membre de la Corporation des Thanatologues du Québec.</p>
<p>Vous pouvez consulter cet avis de décès sur le <a href="https://nouveau.maisonmallet.com">www.maisonmallet.com</a></p>
<p>Ceux et celles qui le désirent, peuvent y envoyer des messages de sympathies.</p>
<hr />
<p>Envoyer vos condoléances</p>
<p>[contact-form to= »dominique.girard@telus.net » subject= »Condoléances Jean Marie Potvin »][contact-field label= »Votre nom » type= »name » required= »1&Prime;][contact-field label= »Votre courriel » type= »email » required= »1&Prime;][contact-field label= »Condoléances » type= »textarea »][/contact-form]</p>
