{"id":44916,"date":"2023-11-30T09:16:49","date_gmt":"2023-11-30T14:16:49","guid":{"rendered":"https:\/\/nouveau.maisonmallet.com\/?post_type=event&#038;p=44916"},"modified":"2024-01-17T20:57:00","modified_gmt":"2024-01-18T01:57:00","slug":"miller-joseph","status":"publish","type":"event","link":"https:\/\/nouveau.maisonmallet.com\/back05_01\/?event=miller-joseph","title":{"rendered":"MILLER, Joseph"},"content":{"rendered":"<p>Le Complexe Thanatologique Mallet &amp; fils a le regret de vous annoncer le d\u00e9c\u00e8s de<\/p>\n<p>&nbsp;<\/p>\n<p>Joseph Miller<\/p>\n<p>1935 \u2013 2023<\/p>\n<p>&nbsp;<\/p>\n<p>\u00c0 Port-Cartier, le 30 novembre 2023, est d\u00e9c\u00e9d\u00e9 \u00e0 l\u2019\u00e2ge de 87 ans, monsieur Joseph Miller \u00e9poux de feu Vera Miller et domicili\u00e9 \u00e0 Port-Cartier.<\/p>\n<p>Les fun\u00e9railles de monsieur Joseph Miller auront lieu le vendredi 8 d\u00e9cembre 2023 \u00e0 17 h en l\u2019\u00e9glise Sacr\u00e9-C\u0153ur situ\u00e9e au 38, rue Parent \u00e0 Port-Cartier.<\/p>\n<p>Selon ses volont\u00e9s, il a \u00e9t\u00e9 confi\u00e9 au cr\u00e9matorium de la Maison Mallet &amp; fils pour cr\u00e9mation.<\/p>\n<p>La famille re\u00e7oit parents et amis le vendredi 8 d\u00e9cembre 2023 jour des fun\u00e9railles \u00e0 compter de 16 h \u00e0 l\u2019\u00e9glise Sacr\u00e9-C\u0153ur de Port-Cartier.<\/p>\n<p>Il laisse dans le deuil ses fils : Patrick (Ginette Miron), Blaine (Suzanne Brunet) et Michael, ses filles : Regina (James Van Haren), Marilyn et Katrina, ses dix petits-enfants, ses trois arri\u00e8re-petits-enfants ainsi que ses beaux-fr\u00e8res, ses belles-s\u0153urs, ses neveux, ses ni\u00e8ces et de nombreux ami(e)s.<\/p>\n<p>Vos marques de sympathie peuvent se traduire par un don \u00e0 la soci\u00e9t\u00e9 Alzheimer Cote-Nord <a href=\"http:\/\/www.societealzheimercotenord.com\">www.societealzheimercotenord.com<\/a><\/p>\n<p>La famille a confi\u00e9 la direction des fun\u00e9railles aux services professionnels de la maison Mallet &amp; fils du 57, route 138 \u00e0 Port-Cartier, maintenant reconnue Distinction et membre de la Corporation des Thanatologues du Qu\u00e9bec.<\/p>\n<p>Vous pouvez consulter cet avis de d\u00e9c\u00e8s, sur le <a href=\"https:\/\/nouveau.maisonmallet.com\">www.maisonmallet.com<\/a><\/p>\n<p>Ceux et celles qui le d\u00e9sirent, peuvent y envoyer des messages de sympathie.<\/p>\n<p>&nbsp;<\/p>\n<p>&#8212;&#8212;&#8212;&#8212;&#8212;&#8212;&#8212;&#8212;&#8212;&#8212;&#8212;&#8212;&#8212;&#8212;&#8212;&#8212;&#8212;&#8212;&#8212;&#8212;&#8212;&#8212;&#8212;&#8212;&#8212;&#8212;&#8212;&#8212;&#8212;&#8212;&#8212;&#8212;&#8212;&#8212;&#8211;<\/p>\n<p>&nbsp;<\/p>\n<p>Le Complexe Thanatologique Mallet &amp; fils regrets to announce<\/p>\n<p>the passing of<\/p>\n<p>&nbsp;<\/p>\n<p>Joseph Miller<\/p>\n<p>1935 \u2013 2023<\/p>\n<p>Resident of Port-Cartier on November 30, 2023, at the age of 87, Mr. Joseph Miller, husband of the late Vera Miller.<\/p>\n<p>Funeral Services will be held on Friday, December 8, 2023, at 5 p.m. at Sacr\u00e9-Coeur Church located at 38 rue Parent in Port-Cartier.<\/p>\n<p>As per his wishes he was entrusted to the Maison Mallet &amp; fils crematorium for cremation.<\/p>\n<p>The family will welcome relatives and friends on Friday, December 8, 2023, day of the funeral, starting at 4 p.m. at Sacr\u00e9-Coeur Church in Port-Cartier.<\/p>\n<p>He leaves behind his sons Patrick (Ginette Miron), Blaine (Suzanne Brunet) and Michael, his daughters Regina (James Van Haren), Marilyn and Katrina, his ten grandchildren, three great-grandchildren as well as his brothers-in-law, sisters-in-law, his nephews, nieces, and many other friends and family.<\/p>\n<p>Donations may be made to \u200bLa soci\u00e9t\u00e9 Alzheimer de la C\u00f4te-Nord at <a href=\"http:\/\/www.societealzheimercotenord.com\">www.societealzheimercotenord.com<\/a><\/p>\n<p>Those who wish to send messages of sympathy or share memories can do so at <a href=\"https:\/\/nouveau.maisonmallet.com\">www.maisonmallet.com<\/a><\/p>\n<p>&nbsp;<\/p>\n<hr \/>\n<p>Envoyer vos condol\u00e9ances<\/p>\n<p>[contact-form to=\u00a0\u00bbmarilyn.dianne.miller@gmail.com\u00a0\u00bb subject=\u00a0\u00bbCondol\u00e9ances Joseph Miller\u00a0\u00bb][contact-field label=\u00a0\u00bbVotre nom\u00a0\u00bb type=\u00a0\u00bbname\u00a0\u00bb required=\u00a0\u00bb1&Prime;][contact-field label=\u00a0\u00bbVotre courriel\u00a0\u00bb type=\u00a0\u00bbemail\u00a0\u00bb required=\u00a0\u00bb1&Prime;][contact-field label=\u00a0\u00bbCondol\u00e9ances\u00a0\u00bb type=\u00a0\u00bbtextarea\u00a0\u00bb][\/contact-form]<\/p>\n","protected":false},"featured_media":44918,"template":"","event_cat":[6],"class_list":["post-44916","event","type-event","status-publish","has-post-thumbnail","hentry","event_cat-maison-mallet-et-fils-inc"],"_links":{"self":[{"href":"https:\/\/nouveau.maisonmallet.com\/back05_01\/index.php?rest_route=\/wp\/v2\/event\/44916","targetHints":{"allow":["GET"]}}],"collection":[{"href":"https:\/\/nouveau.maisonmallet.com\/back05_01\/index.php?rest_route=\/wp\/v2\/event"}],"about":[{"href":"https:\/\/nouveau.maisonmallet.com\/back05_01\/index.php?rest_route=\/wp\/v2\/types\/event"}],"wp:featuredmedia":[{"embeddable":true,"href":"https:\/\/nouveau.maisonmallet.com\/back05_01\/index.php?rest_route=\/wp\/v2\/media\/44918"}],"wp:attachment":[{"href":"https:\/\/nouveau.maisonmallet.com\/back05_01\/index.php?rest_route=%2Fwp%2Fv2%2Fmedia&parent=44916"}],"wp:term":[{"taxonomy":"event_cat","embeddable":true,"href":"https:\/\/nouveau.maisonmallet.com\/back05_01\/index.php?rest_route=%2Fwp%2Fv2%2Fevent_cat&post=44916"}],"curies":[{"name":"wp","href":"https:\/\/api.w.org\/{rel}","templated":true}]}}

<p>Le Complexe Thanatologique Mallet &amp; fils a le regret de vous annoncer le décès de</p>
<p>&nbsp;</p>
<p>Joseph Miller</p>
<p>1935 – 2023</p>
<p>&nbsp;</p>
<p>À Port-Cartier, le 30 novembre 2023, est décédé à l’âge de 87 ans, monsieur Joseph Miller époux de feu Vera Miller et domicilié à Port-Cartier.</p>
<p>Les funérailles de monsieur Joseph Miller auront lieu le vendredi 8 décembre 2023 à 17 h en l’église Sacré-Cœur située au 38, rue Parent à Port-Cartier.</p>
<p>Selon ses volontés, il a été confié au crématorium de la Maison Mallet &amp; fils pour crémation.</p>
<p>La famille reçoit parents et amis le vendredi 8 décembre 2023 jour des funérailles à compter de 16 h à l’église Sacré-Cœur de Port-Cartier.</p>
<p>Il laisse dans le deuil ses fils : Patrick (Ginette Miron), Blaine (Suzanne Brunet) et Michael, ses filles : Regina (James Van Haren), Marilyn et Katrina, ses dix petits-enfants, ses trois arrière-petits-enfants ainsi que ses beaux-frères, ses belles-sœurs, ses neveux, ses nièces et de nombreux ami(e)s.</p>
<p>Vos marques de sympathie peuvent se traduire par un don à la société Alzheimer Cote-Nord <a href="http://www.societealzheimercotenord.com">www.societealzheimercotenord.com</a></p>
<p>La famille a confié la direction des funérailles aux services professionnels de la maison Mallet &amp; fils du 57, route 138 à Port-Cartier, maintenant reconnue Distinction et membre de la Corporation des Thanatologues du Québec.</p>
<p>Vous pouvez consulter cet avis de décès, sur le <a href="https://nouveau.maisonmallet.com">www.maisonmallet.com</a></p>
<p>Ceux et celles qui le désirent, peuvent y envoyer des messages de sympathie.</p>
<p>&nbsp;</p>
<p>&#8212;&#8212;&#8212;&#8212;&#8212;&#8212;&#8212;&#8212;&#8212;&#8212;&#8212;&#8212;&#8212;&#8212;&#8212;&#8212;&#8212;&#8212;&#8212;&#8212;&#8212;&#8212;&#8212;&#8212;&#8212;&#8212;&#8212;&#8212;&#8212;&#8212;&#8212;&#8212;&#8212;&#8212;&#8211;</p>
<p>&nbsp;</p>
<p>Le Complexe Thanatologique Mallet &amp; fils regrets to announce</p>
<p>the passing of</p>
<p>&nbsp;</p>
<p>Joseph Miller</p>
<p>1935 – 2023</p>
<p>Resident of Port-Cartier on November 30, 2023, at the age of 87, Mr. Joseph Miller, husband of the late Vera Miller.</p>
<p>Funeral Services will be held on Friday, December 8, 2023, at 5 p.m. at Sacré-Coeur Church located at 38 rue Parent in Port-Cartier.</p>
<p>As per his wishes he was entrusted to the Maison Mallet &amp; fils crematorium for cremation.</p>
<p>The family will welcome relatives and friends on Friday, December 8, 2023, day of the funeral, starting at 4 p.m. at Sacré-Coeur Church in Port-Cartier.</p>
<p>He leaves behind his sons Patrick (Ginette Miron), Blaine (Suzanne Brunet) and Michael, his daughters Regina (James Van Haren), Marilyn and Katrina, his ten grandchildren, three great-grandchildren as well as his brothers-in-law, sisters-in-law, his nephews, nieces, and many other friends and family.</p>
<p>Donations may be made to ​La société Alzheimer de la Côte-Nord at <a href="http://www.societealzheimercotenord.com">www.societealzheimercotenord.com</a></p>
<p>Those who wish to send messages of sympathy or share memories can do so at <a href="https://nouveau.maisonmallet.com">www.maisonmallet.com</a></p>
<p>&nbsp;</p>
<hr />
<p>Envoyer vos condoléances</p>
<p>[contact-form to= »marilyn.dianne.miller@gmail.com » subject= »Condoléances Joseph Miller »][contact-field label= »Votre nom » type= »name » required= »1&Prime;][contact-field label= »Votre courriel » type= »email » required= »1&Prime;][contact-field label= »Condoléances » type= »textarea »][/contact-form]</p>
