{"id":44917,"date":"2023-12-01T09:24:00","date_gmt":"2023-12-01T14:24:00","guid":{"rendered":"https:\/\/nouveau.maisonmallet.com\/?post_type=event&#038;p=44917"},"modified":"2024-01-17T20:56:24","modified_gmt":"2024-01-18T01:56:24","slug":"pinette-noella","status":"publish","type":"event","link":"https:\/\/nouveau.maisonmallet.com\/back05_01\/?event=pinette-noella","title":{"rendered":"PINETTE, No\u00eblla"},"content":{"rendered":"<p>Le Complexe Thanatologique Mallet &amp; fils a le regret de vous annoncer le d\u00e9c\u00e8s de<\/p>\n<p>&nbsp;<\/p>\n<p>&nbsp;<\/p>\n<p>No\u00eblla Pinette<\/p>\n<p>1948 \u2013 2023<\/p>\n<p>&nbsp;<\/p>\n<p>\u00c0 Sept-\u00celes (maison \u00c9lyme des sables), le 1<sup>er<\/sup> d\u00e9cembre 2023, est d\u00e9c\u00e9d\u00e9e \u00e0 l&rsquo;\u00e2ge de 74 ans, madame No\u00eblla Pinette \u00e9pouse de monsieur L\u00e9onide Bois et domicili\u00e9e \u00e0 Sept-\u00celes.<\/p>\n<p>La c\u00e9r\u00e9monie comm\u00e9morative de madame No\u00eblla Pinette aura lieu le dimanche 10 d\u00e9cembre 2023 \u00e0 14 h \u00e0 la chapelle du Complexe Thanatologique Mallet &amp; fils du 585, boul. Laure \u00e0 Sept-\u00celes.<\/p>\n<p>Selon ses volont\u00e9s, elle a \u00e9t\u00e9 confi\u00e9e au cr\u00e9matorium de la Maison Mallet et fils pour cr\u00e9mation.<\/p>\n<p>La famille re\u00e7oit parents et amis le samedi 9 d\u00e9cembre 2023 de 19 h \u00e0 22 h. Le dimanche 10 d\u00e9cembre 2023 jour de la c\u00e9r\u00e9monie \u00e0 compter de 12 h 30 au Complexe Thanatologique Mallet &amp; fils du 585 Boul. Laure \u00e0 Sept-\u00celes.<\/p>\n<p>Elle laisse dans le deuil outre son \u00e9poux monsieur L\u00e9onide Bois, ses filles : Sylvie (St\u00e9phane Lafreni\u00e8re) et Marie-Claude (Alain Latour), ses petites-filles : Jade (Jonathan St-Louis) et Madisson (Francis Bertrand), son petit-fils Alexandre (Marie-Ange S\u00e9n\u00e9chal), ses arri\u00e8re-petits-fils : Nathan et L\u00e9o, son arri\u00e8re-petite-fille Stella ainsi que sa s\u0153ur Yvonne, son fr\u00e8re Jerry, ses beaux-fr\u00e8res, ses belles-s\u0153urs, ses neveux, ses ni\u00e8ces, ses cousins, ses cousines et de nombreux amis(e)s.<\/p>\n<p>Vos marques de sympathie peuvent se traduire par un don \u00e0 l\u2019\u00c9lyme des sables <a href=\"http:\/\/www.elymedessables.com\">www.elymedessables.com<\/a><\/p>\n<p>La famille a confi\u00e9 les arrangements aux services professionnels de la Maison Mallet &amp; fils du 585 Boul. Laure \u00e0 Sept-\u00celes, maintenant reconnue Distinction et membre de la Corporation des Thanatologues du Qu\u00e9bec.<\/p>\n<p>Vous pouvez consulter cet avis de d\u00e9c\u00e8s sur le :\u00a0<a href=\"https:\/\/nouveau.maisonmallet.com\/\">www.maisonmallet.com<\/a><\/p>\n<p>Ceux et celles qui le d\u00e9sirent, peuvent y envoyer des messages de sympathie.<\/p>\n<hr \/>\n<p>Envoyer vos condol\u00e9ances<\/p>\n<p>[contact-form to=\u00a0\u00bbleonide.bois@cgocable.ca\u00a0\u00bb subject=\u00a0\u00bbCondol\u00e9ances No\u00eblla Pinette\u00a0\u00bb][contact-field label=\u00a0\u00bbVotre nom\u00a0\u00bb type=\u00a0\u00bbname\u00a0\u00bb required=\u00a0\u00bb1&Prime;][contact-field label=\u00a0\u00bbVotre courriel\u00a0\u00bb type=\u00a0\u00bbemail\u00a0\u00bb required=\u00a0\u00bb1&Prime;][contact-field label=\u00a0\u00bbCondol\u00e9ances\u00a0\u00bb type=\u00a0\u00bbtextarea\u00a0\u00bb][\/contact-form]<\/p>\n","protected":false},"featured_media":44921,"template":"","event_cat":[6],"class_list":["post-44917","event","type-event","status-publish","has-post-thumbnail","hentry","event_cat-maison-mallet-et-fils-inc"],"_links":{"self":[{"href":"https:\/\/nouveau.maisonmallet.com\/back05_01\/index.php?rest_route=\/wp\/v2\/event\/44917","targetHints":{"allow":["GET"]}}],"collection":[{"href":"https:\/\/nouveau.maisonmallet.com\/back05_01\/index.php?rest_route=\/wp\/v2\/event"}],"about":[{"href":"https:\/\/nouveau.maisonmallet.com\/back05_01\/index.php?rest_route=\/wp\/v2\/types\/event"}],"wp:featuredmedia":[{"embeddable":true,"href":"https:\/\/nouveau.maisonmallet.com\/back05_01\/index.php?rest_route=\/wp\/v2\/media\/44921"}],"wp:attachment":[{"href":"https:\/\/nouveau.maisonmallet.com\/back05_01\/index.php?rest_route=%2Fwp%2Fv2%2Fmedia&parent=44917"}],"wp:term":[{"taxonomy":"event_cat","embeddable":true,"href":"https:\/\/nouveau.maisonmallet.com\/back05_01\/index.php?rest_route=%2Fwp%2Fv2%2Fevent_cat&post=44917"}],"curies":[{"name":"wp","href":"https:\/\/api.w.org\/{rel}","templated":true}]}}

PINETTE, Noëlla

<p>Le Complexe Thanatologique Mallet &amp; fils a le regret de vous annoncer le décès de</p>
<p>&nbsp;</p>
<p>&nbsp;</p>
<p>Noëlla Pinette</p>
<p>1948 – 2023</p>
<p>&nbsp;</p>
<p>À Sept-Îles (maison Élyme des sables), le 1<sup>er</sup> décembre 2023, est décédée à l&rsquo;âge de 74 ans, madame Noëlla Pinette épouse de monsieur Léonide Bois et domiciliée à Sept-Îles.</p>
<p>La cérémonie commémorative de madame Noëlla Pinette aura lieu le dimanche 10 décembre 2023 à 14 h à la chapelle du Complexe Thanatologique Mallet &amp; fils du 585, boul. Laure à Sept-Îles.</p>
<p>Selon ses volontés, elle a été confiée au crématorium de la Maison Mallet et fils pour crémation.</p>
<p>La famille reçoit parents et amis le samedi 9 décembre 2023 de 19 h à 22 h. Le dimanche 10 décembre 2023 jour de la cérémonie à compter de 12 h 30 au Complexe Thanatologique Mallet &amp; fils du 585 Boul. Laure à Sept-Îles.</p>
<p>Elle laisse dans le deuil outre son époux monsieur Léonide Bois, ses filles : Sylvie (Stéphane Lafrenière) et Marie-Claude (Alain Latour), ses petites-filles : Jade (Jonathan St-Louis) et Madisson (Francis Bertrand), son petit-fils Alexandre (Marie-Ange Sénéchal), ses arrière-petits-fils : Nathan et Léo, son arrière-petite-fille Stella ainsi que sa sœur Yvonne, son frère Jerry, ses beaux-frères, ses belles-sœurs, ses neveux, ses nièces, ses cousins, ses cousines et de nombreux amis(e)s.</p>
<p>Vos marques de sympathie peuvent se traduire par un don à l’Élyme des sables <a href="http://www.elymedessables.com">www.elymedessables.com</a></p>
<p>La famille a confié les arrangements aux services professionnels de la Maison Mallet &amp; fils du 585 Boul. Laure à Sept-Îles, maintenant reconnue Distinction et membre de la Corporation des Thanatologues du Québec.</p>
<p>Vous pouvez consulter cet avis de décès sur le : <a href="https://nouveau.maisonmallet.com/">www.maisonmallet.com</a></p>
<p>Ceux et celles qui le désirent, peuvent y envoyer des messages de sympathie.</p>
<hr />
<p>Envoyer vos condoléances</p>
<p>[contact-form to= »leonide.bois@cgocable.ca » subject= »Condoléances Noëlla Pinette »][contact-field label= »Votre nom » type= »name » required= »1&Prime;][contact-field label= »Votre courriel » type= »email » required= »1&Prime;][contact-field label= »Condoléances » type= »textarea »][/contact-form]</p>
