{"id":45065,"date":"2023-12-07T11:23:43","date_gmt":"2023-12-07T16:23:43","guid":{"rendered":"https:\/\/nouveau.maisonmallet.com\/?post_type=event&#038;p=45065"},"modified":"2024-01-17T20:52:15","modified_gmt":"2024-01-18T01:52:15","slug":"charest-lavoie-laurie","status":"publish","type":"event","link":"https:\/\/nouveau.maisonmallet.com\/back05_01\/?event=charest-lavoie-laurie","title":{"rendered":"CHAREST LAVOIE, Laurie"},"content":{"rendered":"<p>Le Complexe Thanatologique Mallet &amp; fils a le regret de vous annoncer le d\u00e9c\u00e8s de<\/p>\n<p>Laurie Charest Lavoie<\/p>\n<p>1995 &#8211; 2023<\/p>\n<p>\u00c0 Sept-\u00celes, le 7 d\u00e9cembre 2023, est d\u00e9c\u00e9d\u00e9e \u00e0 l\u2019\u00e2ge de 27 ans, Laurie Charest Lavoie fille monsieur Alain Lavoie et de madame Johanne Charest domicil\u00e9e \u00e0 Sept-\u00celes.<\/p>\n<p>Selon ses volont\u00e9s, elle a \u00e9t\u00e9 confi\u00e9e au cr\u00e9matorium de la Maison Mallet &amp; fils pour cr\u00e9mation.<\/p>\n<p>Les rituels fun\u00e9raires de Laurie Charest Lavoie auront lieu en toute intimit\u00e9.<\/p>\n<p>Elle laisse dans le deuil son p\u00e8re monsieur Alain Lavoie, sa m\u00e8re madame Johanne Charest, son fr\u00e8re Gabriel Charest Lavoie (Katy Fournier), son grand-p\u00e8re monsieur Fran\u00e7ois Charest, sa grand-m\u00e8re madame Alfreda Lavall\u00e9e ainsi que ses oncles, ses tantes, ses cousins, ses cousines et de nombreux ami(e)s.<\/p>\n<p>La famille a confi\u00e9 les arrangements fun\u00e9raires aux services professionnels de la Maison Mallet &amp; fils du 585 boul. Laure \u00e0 Sept-\u00celes, maintenant reconnue Distinction et membre de la Corporation des Thanatologues du Qu\u00e9bec.<\/p>\n<p>Vous pouvez consulter cet avis de d\u00e9c\u00e8s sur le <a href=\"https:\/\/nouveau.maisonmallet.com\">www.maisonmallet.com<\/a><\/p>\n<p>Ceux et celles qui le d\u00e9sirent, peuvent y envoyer des messages de sympathie.<\/p>\n<hr \/>\n<p>Envoyer vos condol\u00e9ances<\/p>\n<p>[contact-form to=\u00a0\u00bbalainlavoie97@globetrotter.net\u00a0\u00bb subject=\u00a0\u00bbCondol\u00e9ances Laurie Charest Lavoie\u00a0\u00bb][contact-field label=\u00a0\u00bbVotre nom\u00a0\u00bb type=\u00a0\u00bbname\u00a0\u00bb required=\u00a0\u00bb1&Prime;][contact-field label=\u00a0\u00bbVotre courriel\u00a0\u00bb type=\u00a0\u00bbemail\u00a0\u00bb required=\u00a0\u00bb1&Prime;][contact-field label=\u00a0\u00bbCondol\u00e9ances\u00a0\u00bb type=\u00a0\u00bbtextarea\u00a0\u00bb][\/contact-form]<\/p>\n","protected":false},"featured_media":45099,"template":"","event_cat":[6],"class_list":["post-45065","event","type-event","status-publish","has-post-thumbnail","hentry","event_cat-maison-mallet-et-fils-inc"],"_links":{"self":[{"href":"https:\/\/nouveau.maisonmallet.com\/back05_01\/index.php?rest_route=\/wp\/v2\/event\/45065","targetHints":{"allow":["GET"]}}],"collection":[{"href":"https:\/\/nouveau.maisonmallet.com\/back05_01\/index.php?rest_route=\/wp\/v2\/event"}],"about":[{"href":"https:\/\/nouveau.maisonmallet.com\/back05_01\/index.php?rest_route=\/wp\/v2\/types\/event"}],"wp:featuredmedia":[{"embeddable":true,"href":"https:\/\/nouveau.maisonmallet.com\/back05_01\/index.php?rest_route=\/wp\/v2\/media\/45099"}],"wp:attachment":[{"href":"https:\/\/nouveau.maisonmallet.com\/back05_01\/index.php?rest_route=%2Fwp%2Fv2%2Fmedia&parent=45065"}],"wp:term":[{"taxonomy":"event_cat","embeddable":true,"href":"https:\/\/nouveau.maisonmallet.com\/back05_01\/index.php?rest_route=%2Fwp%2Fv2%2Fevent_cat&post=45065"}],"curies":[{"name":"wp","href":"https:\/\/api.w.org\/{rel}","templated":true}]}}

<p>Le Complexe Thanatologique Mallet &amp; fils a le regret de vous annoncer le décès de</p>
<p>Laurie Charest Lavoie</p>
<p>1995 &#8211; 2023</p>
<p>À Sept-Îles, le 7 décembre 2023, est décédée à l’âge de 27 ans, Laurie Charest Lavoie fille monsieur Alain Lavoie et de madame Johanne Charest domicilée à Sept-Îles.</p>
<p>Selon ses volontés, elle a été confiée au crématorium de la Maison Mallet &amp; fils pour crémation.</p>
<p>Les rituels funéraires de Laurie Charest Lavoie auront lieu en toute intimité.</p>
<p>Elle laisse dans le deuil son père monsieur Alain Lavoie, sa mère madame Johanne Charest, son frère Gabriel Charest Lavoie (Katy Fournier), son grand-père monsieur François Charest, sa grand-mère madame Alfreda Lavallée ainsi que ses oncles, ses tantes, ses cousins, ses cousines et de nombreux ami(e)s.</p>
<p>La famille a confié les arrangements funéraires aux services professionnels de la Maison Mallet &amp; fils du 585 boul. Laure à Sept-Îles, maintenant reconnue Distinction et membre de la Corporation des Thanatologues du Québec.</p>
<p>Vous pouvez consulter cet avis de décès sur le <a href="https://nouveau.maisonmallet.com">www.maisonmallet.com</a></p>
<p>Ceux et celles qui le désirent, peuvent y envoyer des messages de sympathie.</p>
<hr />
<p>Envoyer vos condoléances</p>
<p>[contact-form to= »alainlavoie97@globetrotter.net » subject= »Condoléances Laurie Charest Lavoie »][contact-field label= »Votre nom » type= »name » required= »1&Prime;][contact-field label= »Votre courriel » type= »email » required= »1&Prime;][contact-field label= »Condoléances » type= »textarea »][/contact-form]</p>
