{"id":45201,"date":"2023-12-13T14:24:42","date_gmt":"2023-12-13T19:24:42","guid":{"rendered":"https:\/\/nouveau.maisonmallet.com\/?post_type=event&#038;p=45201"},"modified":"2024-01-17T20:50:06","modified_gmt":"2024-01-18T01:50:06","slug":"proteau-andre","status":"publish","type":"event","link":"https:\/\/nouveau.maisonmallet.com\/back05_01\/?event=proteau-andre","title":{"rendered":"PROTEAU, Andr\u00e9"},"content":{"rendered":"<p>Le Complexe Thanatologique Mallet &amp; fils a le regret de vous annoncer le d\u00e9c\u00e8s de<\/p>\n<p>&nbsp;<\/p>\n<p>Andr\u00e9 Proteau<\/p>\n<p>1951 \u2013 2023<\/p>\n<p>&nbsp;<\/p>\n<p>\u00c0 Sept-\u00celes (r\u00e9sidence Gustave Gauvreau), le 13 d\u00e9cembre 2023, est d\u00e9c\u00e9d\u00e9 \u00e0 l&rsquo;\u00e2ge de 72 ans, monsieur Andr\u00e9 Proteau fils de feu G\u00e9rard Proteau et de feu Anne Bernatchez domicili\u00e9 \u00e0 Sept-\u00celes.<\/p>\n<p>La famille re\u00e7oit parents et amis le dimanche 17 d\u00e9cembre 2023 de 9 h \u00e0 11 h au Complexe Thanatologique Mallet &amp; fils du 585, boul. Laure \u00e0 Sept-\u00celes et de l\u00e0 au cimeti\u00e8re Catholique de Sept-\u00celes.<\/p>\n<p>Il laisse dans le deuil sa fille Sonia, son fr\u00e8re Robert (Ren\u00e9e Perreault), ses neveux\u00a0: Daniel et Christian ainsi que ses oncles, ses tantes, ses cousins, ses cousines et de nombreux amis(e)s.<\/p>\n<p>Vos marques de sympathie peuvent se traduire par un don \u00e0 la soci\u00e9t\u00e9 Alzheimer Cote-Nord <a href=\"http:\/\/www.societealzheimercotenord.com\">www.societealzheimercotenord.com<\/a><\/p>\n<p>La famille a confi\u00e9 les arrangements fun\u00e9raires aux services professionnels de la Maison Mallet &amp; fils du 585, boul. Laure \u00e0 Sept-\u00celes, membre de la Corporation des Thanatologues du Qu\u00e9bec.<\/p>\n<p>Vous pouvez consulter cet avis de d\u00e9c\u00e8s sur le : <a href=\"https:\/\/nouveau.maisonmallet.com\/\">www.maisonmallet.com<\/a><\/p>\n<p>Ceux et celles qui le d\u00e9sirent, peuvent y envoyer des messages de sympathie.<\/p>\n<hr \/>\n<p>Envoyer vos condol\u00e9ances<\/p>\n<p>[contact-form to=\u00a0\u00bbprotobob53@gmail.com\u00a0\u00bb subject=\u00a0\u00bbCondol\u00e9ances Andr\u00e9 Proteau\u00a0\u00bb][contact-field label=\u00a0\u00bbVotre nom\u00a0\u00bb type=\u00a0\u00bbname\u00a0\u00bb required=\u00a0\u00bb1&Prime;][contact-field label=\u00a0\u00bbVotre courriel\u00a0\u00bb type=\u00a0\u00bbemail\u00a0\u00bb required=\u00a0\u00bb1&Prime;][contact-field label=\u00a0\u00bbCondol\u00e9ances\u00a0\u00bb type=\u00a0\u00bbtextarea\u00a0\u00bb][\/contact-form]<\/p>\n","protected":false},"featured_media":45236,"template":"","event_cat":[6],"class_list":["post-45201","event","type-event","status-publish","has-post-thumbnail","hentry","event_cat-maison-mallet-et-fils-inc"],"_links":{"self":[{"href":"https:\/\/nouveau.maisonmallet.com\/back05_01\/index.php?rest_route=\/wp\/v2\/event\/45201","targetHints":{"allow":["GET"]}}],"collection":[{"href":"https:\/\/nouveau.maisonmallet.com\/back05_01\/index.php?rest_route=\/wp\/v2\/event"}],"about":[{"href":"https:\/\/nouveau.maisonmallet.com\/back05_01\/index.php?rest_route=\/wp\/v2\/types\/event"}],"wp:featuredmedia":[{"embeddable":true,"href":"https:\/\/nouveau.maisonmallet.com\/back05_01\/index.php?rest_route=\/wp\/v2\/media\/45236"}],"wp:attachment":[{"href":"https:\/\/nouveau.maisonmallet.com\/back05_01\/index.php?rest_route=%2Fwp%2Fv2%2Fmedia&parent=45201"}],"wp:term":[{"taxonomy":"event_cat","embeddable":true,"href":"https:\/\/nouveau.maisonmallet.com\/back05_01\/index.php?rest_route=%2Fwp%2Fv2%2Fevent_cat&post=45201"}],"curies":[{"name":"wp","href":"https:\/\/api.w.org\/{rel}","templated":true}]}}

PROTEAU, André

<p>Le Complexe Thanatologique Mallet &amp; fils a le regret de vous annoncer le décès de</p>
<p>&nbsp;</p>
<p>André Proteau</p>
<p>1951 – 2023</p>
<p>&nbsp;</p>
<p>À Sept-Îles (résidence Gustave Gauvreau), le 13 décembre 2023, est décédé à l&rsquo;âge de 72 ans, monsieur André Proteau fils de feu Gérard Proteau et de feu Anne Bernatchez domicilié à Sept-Îles.</p>
<p>La famille reçoit parents et amis le dimanche 17 décembre 2023 de 9 h à 11 h au Complexe Thanatologique Mallet &amp; fils du 585, boul. Laure à Sept-Îles et de là au cimetière Catholique de Sept-Îles.</p>
<p>Il laisse dans le deuil sa fille Sonia, son frère Robert (Renée Perreault), ses neveux : Daniel et Christian ainsi que ses oncles, ses tantes, ses cousins, ses cousines et de nombreux amis(e)s.</p>
<p>Vos marques de sympathie peuvent se traduire par un don à la société Alzheimer Cote-Nord <a href="http://www.societealzheimercotenord.com">www.societealzheimercotenord.com</a></p>
<p>La famille a confié les arrangements funéraires aux services professionnels de la Maison Mallet &amp; fils du 585, boul. Laure à Sept-Îles, membre de la Corporation des Thanatologues du Québec.</p>
<p>Vous pouvez consulter cet avis de décès sur le : <a href="https://nouveau.maisonmallet.com/">www.maisonmallet.com</a></p>
<p>Ceux et celles qui le désirent, peuvent y envoyer des messages de sympathie.</p>
<hr />
<p>Envoyer vos condoléances</p>
<p>[contact-form to= »protobob53@gmail.com » subject= »Condoléances André Proteau »][contact-field label= »Votre nom » type= »name » required= »1&Prime;][contact-field label= »Votre courriel » type= »email » required= »1&Prime;][contact-field label= »Condoléances » type= »textarea »][/contact-form]</p>
