{"id":4523,"date":"2019-08-17T13:09:16","date_gmt":"2019-08-17T17:09:16","guid":{"rendered":"https:\/\/nouveau.maisonmallet.com\/?post_type=event&#038;p=4523"},"modified":"2019-08-20T10:00:35","modified_gmt":"2019-08-20T14:00:35","slug":"flamand-lise04101947","status":"publish","type":"event","link":"https:\/\/nouveau.maisonmallet.com\/back05_01\/?event=flamand-lise04101947","title":{"rendered":"FLAMAND, Lise (Landry)"},"content":{"rendered":"<p>1947 \u2013 2019<\/p>\n<p>FLAMAND, Lise (Landry)<\/p>\n<p>&nbsp;<\/p>\n<p>\u00c0 Sept-\u00celes (maison \u00c9lyme des sables), le 17 ao\u00fbt 2019, est d\u00e9c\u00e9d\u00e9e \u00e0 l\u2019\u00e2ge de 71 ans, madame Lise Flamand \u00e9pouse de monsieur Jean-Marie Landry et domicili\u00e9e \u00e0 Sept-\u00celes.<\/p>\n<p>Les fun\u00e9railles de madame Lise Flamand Landry auront lieu le mercredi 21 ao\u00fbt 2019 \u00e0 10 h 30 en l\u2019\u00e9glise St-Joseph situ\u00e9e au 535, ave. Brochu \u00e0 Sept-\u00celes et de l\u00e0 au cr\u00e9matorium de la maison Mallet &amp; fils pour cr\u00e9mation.<\/p>\n<p>La famille re\u00e7oit parents et amis le mardi 20 ao\u00fbt 2019 de 13 h \u00e0 16 h et de 19 h \u00e0 22 h. Le mercredi 21 ao\u00fbt 2019 jour des fun\u00e9railles \u00e0 compter de 9 h au Complexe Thanatologique Mallet &amp; fils du 585, boul. Laure \u00e0 Sept-\u00celes.<\/p>\n<p>Elle laisse dans le deuil outre son \u00e9poux monsieur Jean-Marie Landry, ses fils\u00a0: Steve (Natacha Blacburn), Therry (Annie M\u00e9thot), sa fille Suzie (R\u00e9gis Caouette), ses petites-filles\u00a0: Roxanne, Djany (Guillaume Juneau), Anabelle et Marion ainsi que ses s\u0153urs\u00a0: Marie-Andr\u00e9e (Jean-Paul M\u00e9nard), Julienne (Jean-Guy Lavoie), Jeanne D\u2019arc (Georges Simard), Carolle et Rachelle (Pierre Morin), son fr\u00e8re Jean-Marc (Jeanne Tremblay), ses belles-s\u0153urs\u00a0: Rosalie, No\u00eblla, Rolande (Robert Murphy), Claudette (Edmond Poirier), Corine (Martin Goulet), Estelle (Julien Bouchard) et Th\u00e9r\u00e8se (Marc Lavoie), ses neveux, ses ni\u00e8ces, ses cousins, ses cousines et de nombreux ami(e)s.<\/p>\n<p>Vos marques de sympathie peuvent se traduire par un don \u00e0 l\u2019\u00c9lyme des sables <a href=\"http:\/\/www.elymedessables.com\/\">www.elymedessables.com<\/a><\/p>\n<p>La famille a confi\u00e9 la direction des fun\u00e9railles aux services professionnels de la Maison Mallet &amp; fils du 585 boul. Laure \u00e0 Sept-\u00celes, maintenant reconnue Distinction et membre de la Corporation des Thanatologues du Qu\u00e9bec.<\/p>\n<p>Vous pouvez consulter cet avis de d\u00e9c\u00e8s sur le <a href=\"https:\/\/nouveau.maisonmallet.com\/back05_01\/\">www.maisonmallet.com<\/a><\/p>\n<p>&nbsp;<\/p>\n<hr \/>\n<p>Envoyer vos condol\u00e9ances<\/p>\n<p>[contact-form to=\u00a0\u00bbmarc@maisonmallet.com\u00a0\u00bb subject=\u00a0\u00bbCondol\u00e9ances Lise Flamand\u00a0\u00bb][contact-field label=\u00a0\u00bbVotre nom\u00a0\u00bb type=\u00a0\u00bbname\u00a0\u00bb required=\u00a0\u00bb1&Prime;][contact-field label=\u00a0\u00bbVotre courriel\u00a0\u00bb type=\u00a0\u00bbemail\u00a0\u00bb required=\u00a0\u00bb1&Prime;][contact-field label=\u00a0\u00bbCondol\u00e9ances\u00a0\u00bb type=\u00a0\u00bbtextarea\u00a0\u00bb][\/contact-form]<\/p>\n","protected":false},"featured_media":4546,"template":"","event_cat":[6],"class_list":["post-4523","event","type-event","status-publish","has-post-thumbnail","hentry","event_cat-maison-mallet-et-fils-inc"],"_links":{"self":[{"href":"https:\/\/nouveau.maisonmallet.com\/back05_01\/index.php?rest_route=\/wp\/v2\/event\/4523","targetHints":{"allow":["GET"]}}],"collection":[{"href":"https:\/\/nouveau.maisonmallet.com\/back05_01\/index.php?rest_route=\/wp\/v2\/event"}],"about":[{"href":"https:\/\/nouveau.maisonmallet.com\/back05_01\/index.php?rest_route=\/wp\/v2\/types\/event"}],"wp:featuredmedia":[{"embeddable":true,"href":"https:\/\/nouveau.maisonmallet.com\/back05_01\/index.php?rest_route=\/wp\/v2\/media\/4546"}],"wp:attachment":[{"href":"https:\/\/nouveau.maisonmallet.com\/back05_01\/index.php?rest_route=%2Fwp%2Fv2%2Fmedia&parent=4523"}],"wp:term":[{"taxonomy":"event_cat","embeddable":true,"href":"https:\/\/nouveau.maisonmallet.com\/back05_01\/index.php?rest_route=%2Fwp%2Fv2%2Fevent_cat&post=4523"}],"curies":[{"name":"wp","href":"https:\/\/api.w.org\/{rel}","templated":true}]}}

<p>1947 – 2019</p>
<p>FLAMAND, Lise (Landry)</p>
<p>&nbsp;</p>
<p>À Sept-Îles (maison Élyme des sables), le 17 août 2019, est décédée à l’âge de 71 ans, madame Lise Flamand épouse de monsieur Jean-Marie Landry et domiciliée à Sept-Îles.</p>
<p>Les funérailles de madame Lise Flamand Landry auront lieu le mercredi 21 août 2019 à 10 h 30 en l’église St-Joseph située au 535, ave. Brochu à Sept-Îles et de là au crématorium de la maison Mallet &amp; fils pour crémation.</p>
<p>La famille reçoit parents et amis le mardi 20 août 2019 de 13 h à 16 h et de 19 h à 22 h. Le mercredi 21 août 2019 jour des funérailles à compter de 9 h au Complexe Thanatologique Mallet &amp; fils du 585, boul. Laure à Sept-Îles.</p>
<p>Elle laisse dans le deuil outre son époux monsieur Jean-Marie Landry, ses fils : Steve (Natacha Blacburn), Therry (Annie Méthot), sa fille Suzie (Régis Caouette), ses petites-filles : Roxanne, Djany (Guillaume Juneau), Anabelle et Marion ainsi que ses sœurs : Marie-Andrée (Jean-Paul Ménard), Julienne (Jean-Guy Lavoie), Jeanne D’arc (Georges Simard), Carolle et Rachelle (Pierre Morin), son frère Jean-Marc (Jeanne Tremblay), ses belles-sœurs : Rosalie, Noëlla, Rolande (Robert Murphy), Claudette (Edmond Poirier), Corine (Martin Goulet), Estelle (Julien Bouchard) et Thérèse (Marc Lavoie), ses neveux, ses nièces, ses cousins, ses cousines et de nombreux ami(e)s.</p>
<p>Vos marques de sympathie peuvent se traduire par un don à l’Élyme des sables <a href="http://www.elymedessables.com/">www.elymedessables.com</a></p>
<p>La famille a confié la direction des funérailles aux services professionnels de la Maison Mallet &amp; fils du 585 boul. Laure à Sept-Îles, maintenant reconnue Distinction et membre de la Corporation des Thanatologues du Québec.</p>
<p>Vous pouvez consulter cet avis de décès sur le <a href="https://nouveau.maisonmallet.com/back05_01/">www.maisonmallet.com</a></p>
<p>&nbsp;</p>
<hr />
<p>Envoyer vos condoléances</p>
<p>[contact-form to= »marc@maisonmallet.com » subject= »Condoléances Lise Flamand »][contact-field label= »Votre nom » type= »name » required= »1&Prime;][contact-field label= »Votre courriel » type= »email » required= »1&Prime;][contact-field label= »Condoléances » type= »textarea »][/contact-form]</p>
