{"id":45234,"date":"2023-12-15T20:15:05","date_gmt":"2023-12-16T01:15:05","guid":{"rendered":"https:\/\/nouveau.maisonmallet.com\/?post_type=event&#038;p=45234"},"modified":"2023-12-16T20:25:35","modified_gmt":"2023-12-17T01:25:35","slug":"michel-noella","status":"publish","type":"event","link":"https:\/\/nouveau.maisonmallet.com\/back05_01\/?event=michel-noella","title":{"rendered":"MICHEL, No\u00eblla"},"content":{"rendered":"<p>Le Complexe Thanatologique Mallet &amp; fils a le regret de vous annoncer le d\u00e9c\u00e8s de<\/p>\n<p>&nbsp;<\/p>\n<p>No\u00eblla Michel<\/p>\n<p>1952 \u2013 2023<\/p>\n<p>&nbsp;<\/p>\n<p>\u00c0 Sept-\u00celes, le 15 d\u00e9cembre 2023, est d\u00e9c\u00e9d\u00e9e \u00e0 l\u2019\u00e2ge de 71 ans, madame No\u00eblla Michel \u00e9pouse de monsieur Joseph Gabriel et domicili\u00e9e \u00e0 Uashat.<\/p>\n<p>Les fun\u00e9railles de madame No\u00eblla Michel auront lieu le mardi 19 d\u00e9cembre 2023 \u00e0 13 h en l\u2019\u00e9glise Kateri Tekakwitha, situ\u00e9e au 1035, ave. Dequen \u00e0 Uashat et de l\u00e0 au cimeti\u00e8re de Uashat.<\/p>\n<p>La famille re\u00e7oit parents et amis le dimanche 17 d\u00e9cembre 2023 de 13 h \u00e0 16 h et de 19 h \u00e0 22 h. Le lundi 18 d\u00e9cembre 2023 de 13 h \u00e0 16 h et de 19 h \u00e0 22 h. Le mardi 19 d\u00e9cembre 2023, jour des fun\u00e9railles, \u00e0 compter de 11 h 30 h \u00e0 l\u2019\u00e9glise Kateri Tekakwitha, situ\u00e9e au 1035, ave. Dequen \u00e0 Uashat.<\/p>\n<p>Elle laisse dans le deuil outre son \u00e9poux monsieur Joseph Gabriel, ses fils\u00a0: Micha\u00ebl (St\u00eblla Peastitute), Georges (Josiane Gr\u00e9goire) et Jean-Francois, ses neuf petits-enfants, ses trois arri\u00e8re-petits-enfants ainsi que ses fr\u00e8res, ses s\u0153urs, ses beaux-fr\u00e8res, ses belles-s\u0153urs, ses neveux, ses ni\u00e8ces, ses cousins, ses cousines et de nombreux ami(e)s.<\/p>\n<p>Elle \u00e9tait la m\u00e8re de feu Guylaine.<\/p>\n<p>La famille a confi\u00e9 la direction des fun\u00e9railles aux services professionnels de la Maison Mallet &amp; fils du 585, Boul. Laure \u00e0 Sept-\u00celes, maintenant reconnue Distinction et membre de la Corporation des Thanatologues du Qu\u00e9bec.<\/p>\n<p>Vous pouvez consulter cet avis de d\u00e9c\u00e8s sur le <a href=\"https:\/\/nouveau.maisonmallet.com\">www.maisonmallet.com<\/a><\/p>\n<p>Ceux et celles qui le d\u00e9sirent, peuvent y envoyer des messages de condol\u00e9ances.<\/p>\n<hr \/>\n<p>Envoyer vos condol\u00e9ances<\/p>\n<p>[contact-form to=\u00a0\u00bbgeorgesgabriel75@hotmail.ca\u00a0\u00bb subject=\u00a0\u00bbCondol\u00e9ances No\u00eblla Michel\u00a0\u00bb][contact-field label=\u00a0\u00bbVotre nom\u00a0\u00bb type=\u00a0\u00bbname\u00a0\u00bb required=\u00a0\u00bb1&Prime;][contact-field label=\u00a0\u00bbVotre courriel\u00a0\u00bb type=\u00a0\u00bbemail\u00a0\u00bb required=\u00a0\u00bb1&Prime;][contact-field label=\u00a0\u00bbCondol\u00e9ances\u00a0\u00bb type=\u00a0\u00bbtextarea\u00a0\u00bb][\/contact-form]<\/p>\n","protected":false},"featured_media":45298,"template":"","event_cat":[6],"class_list":["post-45234","event","type-event","status-publish","has-post-thumbnail","hentry","event_cat-maison-mallet-et-fils-inc"],"_links":{"self":[{"href":"https:\/\/nouveau.maisonmallet.com\/back05_01\/index.php?rest_route=\/wp\/v2\/event\/45234","targetHints":{"allow":["GET"]}}],"collection":[{"href":"https:\/\/nouveau.maisonmallet.com\/back05_01\/index.php?rest_route=\/wp\/v2\/event"}],"about":[{"href":"https:\/\/nouveau.maisonmallet.com\/back05_01\/index.php?rest_route=\/wp\/v2\/types\/event"}],"wp:featuredmedia":[{"embeddable":true,"href":"https:\/\/nouveau.maisonmallet.com\/back05_01\/index.php?rest_route=\/wp\/v2\/media\/45298"}],"wp:attachment":[{"href":"https:\/\/nouveau.maisonmallet.com\/back05_01\/index.php?rest_route=%2Fwp%2Fv2%2Fmedia&parent=45234"}],"wp:term":[{"taxonomy":"event_cat","embeddable":true,"href":"https:\/\/nouveau.maisonmallet.com\/back05_01\/index.php?rest_route=%2Fwp%2Fv2%2Fevent_cat&post=45234"}],"curies":[{"name":"wp","href":"https:\/\/api.w.org\/{rel}","templated":true}]}}

MICHEL, Noëlla

<p>Le Complexe Thanatologique Mallet &amp; fils a le regret de vous annoncer le décès de</p>
<p>&nbsp;</p>
<p>Noëlla Michel</p>
<p>1952 – 2023</p>
<p>&nbsp;</p>
<p>À Sept-Îles, le 15 décembre 2023, est décédée à l’âge de 71 ans, madame Noëlla Michel épouse de monsieur Joseph Gabriel et domiciliée à Uashat.</p>
<p>Les funérailles de madame Noëlla Michel auront lieu le mardi 19 décembre 2023 à 13 h en l’église Kateri Tekakwitha, située au 1035, ave. Dequen à Uashat et de là au cimetière de Uashat.</p>
<p>La famille reçoit parents et amis le dimanche 17 décembre 2023 de 13 h à 16 h et de 19 h à 22 h. Le lundi 18 décembre 2023 de 13 h à 16 h et de 19 h à 22 h. Le mardi 19 décembre 2023, jour des funérailles, à compter de 11 h 30 h à l’église Kateri Tekakwitha, située au 1035, ave. Dequen à Uashat.</p>
<p>Elle laisse dans le deuil outre son époux monsieur Joseph Gabriel, ses fils : Michaël (Stëlla Peastitute), Georges (Josiane Grégoire) et Jean-Francois, ses neuf petits-enfants, ses trois arrière-petits-enfants ainsi que ses frères, ses sœurs, ses beaux-frères, ses belles-sœurs, ses neveux, ses nièces, ses cousins, ses cousines et de nombreux ami(e)s.</p>
<p>Elle était la mère de feu Guylaine.</p>
<p>La famille a confié la direction des funérailles aux services professionnels de la Maison Mallet &amp; fils du 585, Boul. Laure à Sept-Îles, maintenant reconnue Distinction et membre de la Corporation des Thanatologues du Québec.</p>
<p>Vous pouvez consulter cet avis de décès sur le <a href="https://nouveau.maisonmallet.com">www.maisonmallet.com</a></p>
<p>Ceux et celles qui le désirent, peuvent y envoyer des messages de condoléances.</p>
<hr />
<p>Envoyer vos condoléances</p>
<p>[contact-form to= »georgesgabriel75@hotmail.ca » subject= »Condoléances Noëlla Michel »][contact-field label= »Votre nom » type= »name » required= »1&Prime;][contact-field label= »Votre courriel » type= »email » required= »1&Prime;][contact-field label= »Condoléances » type= »textarea »][/contact-form]</p>
