{"id":45297,"date":"2023-12-09T20:45:47","date_gmt":"2023-12-10T01:45:47","guid":{"rendered":"https:\/\/nouveau.maisonmallet.com\/?post_type=event&#038;p=45297"},"modified":"2024-08-31T09:13:14","modified_gmt":"2024-08-31T13:13:14","slug":"cormier-marie","status":"publish","type":"event","link":"https:\/\/nouveau.maisonmallet.com\/back05_01\/?event=cormier-marie","title":{"rendered":"JOMPHE, Marie"},"content":{"rendered":"<p>La Maison L.J.G. Mallet a le regret de vous annoncer le d\u00e9c\u00e8s de<\/p>\n<p>&nbsp;<\/p>\n<p>Marie Jomphe<\/p>\n<p>1947 &#8211; 2023<\/p>\n<p>&nbsp;<\/p>\n<p>\u00c0 Havre Saint-Pierre, le 9 d\u00e9cembre 2023, est d\u00e9c\u00e9d\u00e9e \u00e0 l\u2019\u00e2ge de 76 ans, madame Marie Jomphe conjointe de monsieur Adrien Cormier et domicili\u00e9e \u00e0 Havre Saint-Pierre.<\/p>\n<p>Les fun\u00e9railles de madame Marie Jomphe auront lieu le lundi 22 juillet 2024 \u00e0 14 h en l\u2019\u00e9glise Saint-Pierre de Havre Saint-Pierre et de l\u00e0 au Cimeti\u00e8re de Havre Saint-Pierre.<\/p>\n<p>Selon ses volont\u00e9s, elle a \u00e9t\u00e9 confi\u00e9e au cr\u00e9matorium de la maison L.J.G. Mallet pour cr\u00e9mation.<\/p>\n<p>La famille re\u00e7oit parents et amis le lundi 22 juillet 2024 jour des fun\u00e9railles \u00e0 compter de 13 h \u00e0 l\u2019\u00e9glise St-Pierre de Havre Saint-Pierre.<\/p>\n<p>Elle laisse dans le deuil outre son conjoint monsieur Adrien Cormier, sa fille Nadine (Richard Desbiens), son fils Bobby, ses petits-fils\u00a0: Jayme, Alex et Tyler ainsi que ses fr\u00e8res\u00a0: Jean (Diane Savoie), Gilles, Paul (Pauline Imbeault), Dan (Sylvie Jomphe), Luc (Linda Boudreau), Cl\u00e9ment (Martine Dupuis) et Ghislain, ses s\u0153urs\u00a0: Fabie (jacques Paquet), Luce (Ren\u00e9 pelletier), Brigitte (Sylvie Thibodeault) et Annie (Pablo Delisle), ses beaux-fr\u00e8res, ses belles-s\u0153urs, ses neveux, ses ni\u00e8ces, ses cousins, ses cousines et de nombreux ami(e)s.<\/p>\n<p>Elle \u00e9tait la s\u0153ur feu Jacque.<\/p>\n<p>Vos marques de sympathie peuvent se traduire par un don au centre de sant\u00e9 de la Minganie.<\/p>\n<p>La famille a confi\u00e9 la direction des fun\u00e9railles aux services professionnels de la Maison L.J.G. Mallet du 1429, rue du Canot \u00e0 Havre Saint-Pierre, membre de la Corporation des thanatologues du Qu\u00e9bec.<\/p>\n<p>Vous pouvez consulter cet avis de d\u00e9c\u00e8s, sur le <a href=\"https:\/\/nouveau.maisonmallet.com\">www.maisonmallet.com<\/a><\/p>\n<p>Ceux et celles qui le d\u00e9sirent, peuvent y envoyer des messages de sympathie.<\/p>\n<hr \/>\n<p>Envoyer vos condol\u00e9ances<\/p>\n<p>[contact-form to=\u00a0\u00bbcorminady@hotmail.com\u00a0\u00bb subject=\u00a0\u00bbCondol\u00e9ances Marie Jomphe\u00a0\u00bb][contact-field label=\u00a0\u00bbVotre nom\u00a0\u00bb type=\u00a0\u00bbname\u00a0\u00bb required=\u00a0\u00bb1&Prime;][contact-field label=\u00a0\u00bbVotre courriel\u00a0\u00bb type=\u00a0\u00bbemail\u00a0\u00bb required=\u00a0\u00bb1&Prime;][contact-field label=\u00a0\u00bbCondol\u00e9ances\u00a0\u00bb type=\u00a0\u00bbtextarea\u00a0\u00bb][\/contact-form]<\/p>\n","protected":false},"featured_media":23343,"template":"","event_cat":[7],"class_list":["post-45297","event","type-event","status-publish","has-post-thumbnail","hentry","event_cat-maison-l-j-g-mallet-inc"],"_links":{"self":[{"href":"https:\/\/nouveau.maisonmallet.com\/back05_01\/index.php?rest_route=\/wp\/v2\/event\/45297","targetHints":{"allow":["GET"]}}],"collection":[{"href":"https:\/\/nouveau.maisonmallet.com\/back05_01\/index.php?rest_route=\/wp\/v2\/event"}],"about":[{"href":"https:\/\/nouveau.maisonmallet.com\/back05_01\/index.php?rest_route=\/wp\/v2\/types\/event"}],"wp:featuredmedia":[{"embeddable":true,"href":"https:\/\/nouveau.maisonmallet.com\/back05_01\/index.php?rest_route=\/wp\/v2\/media\/23343"}],"wp:attachment":[{"href":"https:\/\/nouveau.maisonmallet.com\/back05_01\/index.php?rest_route=%2Fwp%2Fv2%2Fmedia&parent=45297"}],"wp:term":[{"taxonomy":"event_cat","embeddable":true,"href":"https:\/\/nouveau.maisonmallet.com\/back05_01\/index.php?rest_route=%2Fwp%2Fv2%2Fevent_cat&post=45297"}],"curies":[{"name":"wp","href":"https:\/\/api.w.org\/{rel}","templated":true}]}}

<p>La Maison L.J.G. Mallet a le regret de vous annoncer le décès de</p>
<p>&nbsp;</p>
<p>Marie Jomphe</p>
<p>1947 &#8211; 2023</p>
<p>&nbsp;</p>
<p>À Havre Saint-Pierre, le 9 décembre 2023, est décédée à l’âge de 76 ans, madame Marie Jomphe conjointe de monsieur Adrien Cormier et domiciliée à Havre Saint-Pierre.</p>
<p>Les funérailles de madame Marie Jomphe auront lieu le lundi 22 juillet 2024 à 14 h en l’église Saint-Pierre de Havre Saint-Pierre et de là au Cimetière de Havre Saint-Pierre.</p>
<p>Selon ses volontés, elle a été confiée au crématorium de la maison L.J.G. Mallet pour crémation.</p>
<p>La famille reçoit parents et amis le lundi 22 juillet 2024 jour des funérailles à compter de 13 h à l’église St-Pierre de Havre Saint-Pierre.</p>
<p>Elle laisse dans le deuil outre son conjoint monsieur Adrien Cormier, sa fille Nadine (Richard Desbiens), son fils Bobby, ses petits-fils : Jayme, Alex et Tyler ainsi que ses frères : Jean (Diane Savoie), Gilles, Paul (Pauline Imbeault), Dan (Sylvie Jomphe), Luc (Linda Boudreau), Clément (Martine Dupuis) et Ghislain, ses sœurs : Fabie (jacques Paquet), Luce (René pelletier), Brigitte (Sylvie Thibodeault) et Annie (Pablo Delisle), ses beaux-frères, ses belles-sœurs, ses neveux, ses nièces, ses cousins, ses cousines et de nombreux ami(e)s.</p>
<p>Elle était la sœur feu Jacque.</p>
<p>Vos marques de sympathie peuvent se traduire par un don au centre de santé de la Minganie.</p>
<p>La famille a confié la direction des funérailles aux services professionnels de la Maison L.J.G. Mallet du 1429, rue du Canot à Havre Saint-Pierre, membre de la Corporation des thanatologues du Québec.</p>
<p>Vous pouvez consulter cet avis de décès, sur le <a href="https://nouveau.maisonmallet.com">www.maisonmallet.com</a></p>
<p>Ceux et celles qui le désirent, peuvent y envoyer des messages de sympathie.</p>
<hr />
<p>Envoyer vos condoléances</p>
<p>[contact-form to= »corminady@hotmail.com » subject= »Condoléances Marie Jomphe »][contact-field label= »Votre nom » type= »name » required= »1&Prime;][contact-field label= »Votre courriel » type= »email » required= »1&Prime;][contact-field label= »Condoléances » type= »textarea »][/contact-form]</p>
