{"id":45553,"date":"2024-01-02T21:46:41","date_gmt":"2024-01-03T02:46:41","guid":{"rendered":"https:\/\/nouveau.maisonmallet.com\/?post_type=event&#038;p=45553"},"modified":"2024-01-17T20:43:25","modified_gmt":"2024-01-18T01:43:25","slug":"courtois-armande","status":"publish","type":"event","link":"https:\/\/nouveau.maisonmallet.com\/back05_01\/?event=courtois-armande","title":{"rendered":"COURTOIS, Armande"},"content":{"rendered":"<p>La Maison L.J.G. Mallet a le regret de vous annoncer le d\u00e9c\u00e8s de<\/p>\n<p>&nbsp;<\/p>\n<p>Armande Courtois<\/p>\n<p>1979 \u2013 2024<\/p>\n<p>&nbsp;<\/p>\n<p>\u00c0 Nutashkuan, le 2 janvier 2024, est d\u00e9c\u00e9d\u00e9e \u00e0 l\u2019\u00e2ge de 44 ans, madame Armande Courtois \u00e9pouse de monsieur Cl\u00e9ment Bellefleur et domicili\u00e9e \u00e0 Nutashkuan.<\/p>\n<p>Les fun\u00e9railles de madame Armande Courtois auront lieu le lundi 8 janvier 2024 \u00e0 10 h en l\u2019\u00e9glise Notre-Dame-des-Indiens de Nutashkuan et de l\u00e0 au cimeti\u00e8re de l\u2019endroit.<\/p>\n<p>La famille re\u00e7oit parents et amis le samedi 6 janvier 2024 \u00e0 compter de 12 h au 161, rue Tettaut \u00e0 Nutashkuan.<\/p>\n<p>Elle laisse dans le deuil outre son \u00e9poux monsieur Cl\u00e9ment Bellefleur, ses filles\u00a0: Arielle-Sophia Courtois (Antaness Gr\u00e9goire) et Anahis Courtois (Mike R\u00e9gis), ses fils\u00a0: Alexandre Courtois (Anis Vachon) et Clayten-Antoine Courtois, ses petits-enfants ainsi que ses fr\u00e8res, ses s\u0153urs, ses beaux-fr\u00e8res, ses belles-s\u0153urs, ses neveux, ses ni\u00e8ces, ses oncles, ses tantes, ses cousins, ses cousines, ses filleules et de nombreux amis.<\/p>\n<p>La famille a confi\u00e9 la direction des fun\u00e9railles aux services professionnels de la Maison L.J.G. Mallet du 1429, rue du Canot \u00e0 Havre-Saint-Pierre, maintenant reconnue Distinction et membre de la Corporation des Thanatologues du Qu\u00e9bec.<\/p>\n<p>Vous pouvez consulter cet avis de d\u00e9c\u00e8s sur le <a href=\"https:\/\/nouveau.maisonmallet.com\">www.maisonmallet.com<\/a><\/p>\n<p>Ceux et celles qui le d\u00e9sirent, peuvent y envoyer des messages de sympathie.<\/p>\n<hr \/>\n<p>Envoyer vos condol\u00e9ances<\/p>\n<p>[contact-form to=\u00a0\u00bbcourtoistene@gmail.com\u00a0\u00bb subject=\u00a0\u00bbCondol\u00e9ances Armande Courtois\u00a0\u00bb][contact-field label=\u00a0\u00bbVotre nom\u00a0\u00bb type=\u00a0\u00bbname\u00a0\u00bb required=\u00a0\u00bb1&Prime;][contact-field label=\u00a0\u00bbVotre courriel\u00a0\u00bb type=\u00a0\u00bbemail\u00a0\u00bb required=\u00a0\u00bb1&Prime;][contact-field label=\u00a0\u00bbCondol\u00e9ances\u00a0\u00bb type=\u00a0\u00bbtextarea\u00a0\u00bb][\/contact-form]<\/p>\n","protected":false},"featured_media":45571,"template":"","event_cat":[7],"class_list":["post-45553","event","type-event","status-publish","has-post-thumbnail","hentry","event_cat-maison-l-j-g-mallet-inc"],"_links":{"self":[{"href":"https:\/\/nouveau.maisonmallet.com\/back05_01\/index.php?rest_route=\/wp\/v2\/event\/45553","targetHints":{"allow":["GET"]}}],"collection":[{"href":"https:\/\/nouveau.maisonmallet.com\/back05_01\/index.php?rest_route=\/wp\/v2\/event"}],"about":[{"href":"https:\/\/nouveau.maisonmallet.com\/back05_01\/index.php?rest_route=\/wp\/v2\/types\/event"}],"wp:featuredmedia":[{"embeddable":true,"href":"https:\/\/nouveau.maisonmallet.com\/back05_01\/index.php?rest_route=\/wp\/v2\/media\/45571"}],"wp:attachment":[{"href":"https:\/\/nouveau.maisonmallet.com\/back05_01\/index.php?rest_route=%2Fwp%2Fv2%2Fmedia&parent=45553"}],"wp:term":[{"taxonomy":"event_cat","embeddable":true,"href":"https:\/\/nouveau.maisonmallet.com\/back05_01\/index.php?rest_route=%2Fwp%2Fv2%2Fevent_cat&post=45553"}],"curies":[{"name":"wp","href":"https:\/\/api.w.org\/{rel}","templated":true}]}}

<p>La Maison L.J.G. Mallet a le regret de vous annoncer le décès de</p>
<p>&nbsp;</p>
<p>Armande Courtois</p>
<p>1979 – 2024</p>
<p>&nbsp;</p>
<p>À Nutashkuan, le 2 janvier 2024, est décédée à l’âge de 44 ans, madame Armande Courtois épouse de monsieur Clément Bellefleur et domiciliée à Nutashkuan.</p>
<p>Les funérailles de madame Armande Courtois auront lieu le lundi 8 janvier 2024 à 10 h en l’église Notre-Dame-des-Indiens de Nutashkuan et de là au cimetière de l’endroit.</p>
<p>La famille reçoit parents et amis le samedi 6 janvier 2024 à compter de 12 h au 161, rue Tettaut à Nutashkuan.</p>
<p>Elle laisse dans le deuil outre son époux monsieur Clément Bellefleur, ses filles : Arielle-Sophia Courtois (Antaness Grégoire) et Anahis Courtois (Mike Régis), ses fils : Alexandre Courtois (Anis Vachon) et Clayten-Antoine Courtois, ses petits-enfants ainsi que ses frères, ses sœurs, ses beaux-frères, ses belles-sœurs, ses neveux, ses nièces, ses oncles, ses tantes, ses cousins, ses cousines, ses filleules et de nombreux amis.</p>
<p>La famille a confié la direction des funérailles aux services professionnels de la Maison L.J.G. Mallet du 1429, rue du Canot à Havre-Saint-Pierre, maintenant reconnue Distinction et membre de la Corporation des Thanatologues du Québec.</p>
<p>Vous pouvez consulter cet avis de décès sur le <a href="https://nouveau.maisonmallet.com">www.maisonmallet.com</a></p>
<p>Ceux et celles qui le désirent, peuvent y envoyer des messages de sympathie.</p>
<hr />
<p>Envoyer vos condoléances</p>
<p>[contact-form to= »courtoistene@gmail.com » subject= »Condoléances Armande Courtois »][contact-field label= »Votre nom » type= »name » required= »1&Prime;][contact-field label= »Votre courriel » type= »email » required= »1&Prime;][contact-field label= »Condoléances » type= »textarea »][/contact-form]</p>
