{"id":45569,"date":"2024-01-06T16:28:34","date_gmt":"2024-01-06T21:28:34","guid":{"rendered":"https:\/\/nouveau.maisonmallet.com\/?post_type=event&#038;p=45569"},"modified":"2024-01-17T20:42:52","modified_gmt":"2024-01-18T01:42:52","slug":"barriault-monique","status":"publish","type":"event","link":"https:\/\/nouveau.maisonmallet.com\/back05_01\/?event=barriault-monique","title":{"rendered":"BARRIAULT, Monique"},"content":{"rendered":"<p>La Maison L.J.G. Mallet a le regret de vous annoncer le d\u00e9c\u00e8s de<\/p>\n<p>Monique Barriault<\/p>\n<p>1961 \u2013 2024<\/p>\n<p>&nbsp;<\/p>\n<p>\u00c0 Havre-Saint-Pierre, le 6 janvier 2024, est d\u00e9c\u00e9d\u00e9e \u00e0 l\u2019\u00e2ge de 62 ans, madame Monique Barriault \u00e9pouse de monsieur R\u00e9jean Marceau et domicili\u00e9e \u00e0 Havre-Saint-Pierre.<\/p>\n<p>Les fun\u00e9railles de madame Monique Barriault auront lieu\u00a0le jeudi 11 janvier 2024 \u00e0 15 h\u00a0en l\u2019\u00e9glise Saint-Pierre de Havre-Saint-Pierre.<\/p>\n<p>Selon ses volont\u00e9s, elle a \u00e9t\u00e9 confi\u00e9e au cr\u00e9matorium de la Maison L.J.G. Mallet pour cr\u00e9mation.<\/p>\n<p>La famille re\u00e7oit parents et amis le mercredi 10 janvier 2024 de 19 h \u00e0 22 h. Le jeudi 11 janvier 2024 jour des fun\u00e9railles \u00e0 compter de 14 h au salon de la Maison L.J.G. Mallet du 1429, rue du Canot \u00e0 Havre-Saint-Pierre.<\/p>\n<p>Elle laisse dans le deuil outre son \u00e9poux monsieur R\u00e9jean Marceau, ses filles : Karina (Dave Couillard) et Jessika (Jonathan Richard), ses petits-fils : Samuel et Logan, ses petites-filles : Jasmine, Alysson, M\u00e9lia et \u00c9lizabeth ainsi que ses s\u0153urs : Marie-Ange, Th\u00e9r\u00e8se (G\u00e9rard Gallant) et Martine (Robert Boudrias), ses fr\u00e8res : Claude, Daniel (Francine Landry), Yves (Sonia Gallant), Pierre (Luce Boudreau) et Jean (Luce Scherrer), ses beaux-fr\u00e8res : Claude et Bernard (Mindy Savard), sa belle-s\u0153ur Sophie (Eric Harvey), ses neveux, ses ni\u00e8ces, son oncle, ses tantes, ses cousins, ses cousines et de nombreux ami(e)s.<\/p>\n<p>Elle \u00e9tait la s\u0153ur de feu Michel (Lorraine Boulanger) et la belle-s\u0153ur de feu Jeannot (Elisabeth Grant).<\/p>\n<p>La famille a confi\u00e9 la direction des fun\u00e9railles aux services professionnels de la Maison L.J.G. Mallet du 1429, rue du Canot \u00e0 Havre-Saint-Pierre, maintenant reconnue Distinction et membre de la Corporation des Thanatologues du Qu\u00e9bec.<\/p>\n<p>Vous pouvez consulter cet avis de d\u00e9c\u00e8s sur le\u00a0<a href=\"https:\/\/nouveau.maisonmallet.com\/\">www.maisonmallet.com<\/a><\/p>\n<p>Ceux et celles qui le d\u00e9sirent, peuvent y envoyer des messages de sympathie.<\/p>\n<p>&nbsp;<\/p>\n<hr \/>\n<p>Envoyer vos condol\u00e9ances<\/p>\n<p>[contact-form to=\u00a0\u00bbrmarceau22@gmail.com\u00a0\u00bb subject=\u00a0\u00bbCondol\u00e9ances Monique Barriault\u00a0\u00bb][contact-field label=\u00a0\u00bbVotre nom\u00a0\u00bb type=\u00a0\u00bbname\u00a0\u00bb required=\u00a0\u00bb1&Prime;][contact-field label=\u00a0\u00bbVotre courriel\u00a0\u00bb type=\u00a0\u00bbemail\u00a0\u00bb required=\u00a0\u00bb1&Prime;][contact-field label=\u00a0\u00bbCondol\u00e9ances\u00a0\u00bb type=\u00a0\u00bbtextarea\u00a0\u00bb][\/contact-form]<\/p>\n","protected":false},"featured_media":45595,"template":"","event_cat":[7],"class_list":["post-45569","event","type-event","status-publish","has-post-thumbnail","hentry","event_cat-maison-l-j-g-mallet-inc"],"_links":{"self":[{"href":"https:\/\/nouveau.maisonmallet.com\/back05_01\/index.php?rest_route=\/wp\/v2\/event\/45569","targetHints":{"allow":["GET"]}}],"collection":[{"href":"https:\/\/nouveau.maisonmallet.com\/back05_01\/index.php?rest_route=\/wp\/v2\/event"}],"about":[{"href":"https:\/\/nouveau.maisonmallet.com\/back05_01\/index.php?rest_route=\/wp\/v2\/types\/event"}],"wp:featuredmedia":[{"embeddable":true,"href":"https:\/\/nouveau.maisonmallet.com\/back05_01\/index.php?rest_route=\/wp\/v2\/media\/45595"}],"wp:attachment":[{"href":"https:\/\/nouveau.maisonmallet.com\/back05_01\/index.php?rest_route=%2Fwp%2Fv2%2Fmedia&parent=45569"}],"wp:term":[{"taxonomy":"event_cat","embeddable":true,"href":"https:\/\/nouveau.maisonmallet.com\/back05_01\/index.php?rest_route=%2Fwp%2Fv2%2Fevent_cat&post=45569"}],"curies":[{"name":"wp","href":"https:\/\/api.w.org\/{rel}","templated":true}]}}

<p>La Maison L.J.G. Mallet a le regret de vous annoncer le décès de</p>
<p>Monique Barriault</p>
<p>1961 – 2024</p>
<p>&nbsp;</p>
<p>À Havre-Saint-Pierre, le 6 janvier 2024, est décédée à l’âge de 62 ans, madame Monique Barriault épouse de monsieur Réjean Marceau et domiciliée à Havre-Saint-Pierre.</p>
<p>Les funérailles de madame Monique Barriault auront lieu le jeudi 11 janvier 2024 à 15 h en l’église Saint-Pierre de Havre-Saint-Pierre.</p>
<p>Selon ses volontés, elle a été confiée au crématorium de la Maison L.J.G. Mallet pour crémation.</p>
<p>La famille reçoit parents et amis le mercredi 10 janvier 2024 de 19 h à 22 h. Le jeudi 11 janvier 2024 jour des funérailles à compter de 14 h au salon de la Maison L.J.G. Mallet du 1429, rue du Canot à Havre-Saint-Pierre.</p>
<p>Elle laisse dans le deuil outre son époux monsieur Réjean Marceau, ses filles : Karina (Dave Couillard) et Jessika (Jonathan Richard), ses petits-fils : Samuel et Logan, ses petites-filles : Jasmine, Alysson, Mélia et Élizabeth ainsi que ses sœurs : Marie-Ange, Thérèse (Gérard Gallant) et Martine (Robert Boudrias), ses frères : Claude, Daniel (Francine Landry), Yves (Sonia Gallant), Pierre (Luce Boudreau) et Jean (Luce Scherrer), ses beaux-frères : Claude et Bernard (Mindy Savard), sa belle-sœur Sophie (Eric Harvey), ses neveux, ses nièces, son oncle, ses tantes, ses cousins, ses cousines et de nombreux ami(e)s.</p>
<p>Elle était la sœur de feu Michel (Lorraine Boulanger) et la belle-sœur de feu Jeannot (Elisabeth Grant).</p>
<p>La famille a confié la direction des funérailles aux services professionnels de la Maison L.J.G. Mallet du 1429, rue du Canot à Havre-Saint-Pierre, maintenant reconnue Distinction et membre de la Corporation des Thanatologues du Québec.</p>
<p>Vous pouvez consulter cet avis de décès sur le <a href="https://nouveau.maisonmallet.com/">www.maisonmallet.com</a></p>
<p>Ceux et celles qui le désirent, peuvent y envoyer des messages de sympathie.</p>
<p>&nbsp;</p>
<hr />
<p>Envoyer vos condoléances</p>
<p>[contact-form to= »rmarceau22@gmail.com » subject= »Condoléances Monique Barriault »][contact-field label= »Votre nom » type= »name » required= »1&Prime;][contact-field label= »Votre courriel » type= »email » required= »1&Prime;][contact-field label= »Condoléances » type= »textarea »][/contact-form]</p>
