{"id":45594,"date":"2024-01-06T15:22:03","date_gmt":"2024-01-06T20:22:03","guid":{"rendered":"https:\/\/nouveau.maisonmallet.com\/?post_type=event&#038;p=45594"},"modified":"2024-01-17T20:42:21","modified_gmt":"2024-01-18T01:42:21","slug":"vollant-sylvestre","status":"publish","type":"event","link":"https:\/\/nouveau.maisonmallet.com\/back05_01\/?event=vollant-sylvestre","title":{"rendered":"VOLLANT, Sylvestre"},"content":{"rendered":"<p>Le Complexe Thanatologique Mallet &amp; fils a le regret de vous annoncer le d\u00e9c\u00e8s de<\/p>\n<p>&nbsp;<\/p>\n<p>Sylvestre Vollant<\/p>\n<p>1959 \u2013 2024<\/p>\n<h1><\/h1>\n<p>\u00c0 Sept-\u00celes, le 6 janvier 2024, est d\u00e9c\u00e9d\u00e9 \u00e0 l\u2019\u00e2ge de 64 ans monsieur Sylvestre Vollant fils de feu Fabien Vollant et de madame Mary Nattawappio et domicili\u00e9 \u00e0 Sept-\u00celes.<\/p>\n<p>Les fun\u00e9railles de monsieur Sylvestre Vollant auront lieu le samedi 13 janvier 2024 \u00e0 14 h en l\u2019\u00e9glise Notre-Dame-des-Indiens de Matimekush-Lac John et de l\u00e0 au cimeti\u00e8re de l\u2019endroit.<\/p>\n<p>La famille re\u00e7oit parents et amis le mercredi 10 janvier 2024 de 13 h \u00e0 16 h et de 19 h \u00e0 22 h au Complexe Thanatologique Mallet &amp; fils du 585, boul. Laure \u00e0 Sept-\u00celes. Le vendredi 12 janvier 2024 de 13 h \u00e0 16 h et de 19 h \u00e0 22 h \u00e0 l\u2019\u00e9glise Notre-Dame-des-Indiens de Matimekush-Lac John.<\/p>\n<p>Il laisse dans le deuil sa fille Jennifer, ses petits-enfants\u00a0: Shunien, Shuni, Shana\u00eb et Shukapesh, sa m\u00e8re madame Mary Nattawappio (feu Fabien Vollant), ses fr\u00e8res\u00a0: Donald et Paulo, ses s\u0153urs\u00a0: Denise (Ronald Joubert), Justine, Marie-Ange, Linda (Louis Prevereau), Claudia et Caroline, ses neveux, ses ni\u00e8ces, ses tantes\u00a0: Manie Einish (feu Augustin Vollant) et Norma Nattawappio (feu Jimmish Einish) ainsi que ses cousins, ses cousines et de nombreux ami(e)s.<\/p>\n<p>La famille a confi\u00e9 les arrangements fun\u00e9raires aux services professionnels de la Maison Mallet &amp; fils du 585, boul. Laure \u00e0 Sept-\u00celes et la direction des fun\u00e9railles \u00e0 la Maison Porlier du 515, rue French \u00e0 Schefferville, membre de la Corporation des Thanatologues du Qu\u00e9bec.<\/p>\n<p>Vous pouvez consulter cet avis de d\u00e9c\u00e8s, sur le\u00a0 <a href=\"https:\/\/nouveau.maisonmallet.com\">www.maisonmallet.com<\/a><\/p>\n<p>Ceux et celle qui le d\u00e9sirent, peuvent y envoyer des messages de sympathie.<\/p>\n<p>&nbsp;<\/p>\n<hr \/>\n<p>Envoyer vos condol\u00e9ances<\/p>\n<p>[contact-form to=\u00a0\u00bbvollantmarieange@gmail.com\u00a0\u00bb subject=\u00a0\u00bbCondol\u00e9ances Sylvestre Vollant\u00a0\u00bb][contact-field label=\u00a0\u00bbVotre nom\u00a0\u00bb type=\u00a0\u00bbname\u00a0\u00bb required=\u00a0\u00bb1&Prime;][contact-field label=\u00a0\u00bbVotre courriel\u00a0\u00bb type=\u00a0\u00bbemail\u00a0\u00bb required=\u00a0\u00bb1&Prime;][contact-field label=\u00a0\u00bbCondol\u00e9ances\u00a0\u00bb type=\u00a0\u00bbtextarea\u00a0\u00bb][\/contact-form]<\/p>\n","protected":false},"featured_media":45637,"template":"","event_cat":[6],"class_list":["post-45594","event","type-event","status-publish","has-post-thumbnail","hentry","event_cat-maison-mallet-et-fils-inc"],"_links":{"self":[{"href":"https:\/\/nouveau.maisonmallet.com\/back05_01\/index.php?rest_route=\/wp\/v2\/event\/45594","targetHints":{"allow":["GET"]}}],"collection":[{"href":"https:\/\/nouveau.maisonmallet.com\/back05_01\/index.php?rest_route=\/wp\/v2\/event"}],"about":[{"href":"https:\/\/nouveau.maisonmallet.com\/back05_01\/index.php?rest_route=\/wp\/v2\/types\/event"}],"wp:featuredmedia":[{"embeddable":true,"href":"https:\/\/nouveau.maisonmallet.com\/back05_01\/index.php?rest_route=\/wp\/v2\/media\/45637"}],"wp:attachment":[{"href":"https:\/\/nouveau.maisonmallet.com\/back05_01\/index.php?rest_route=%2Fwp%2Fv2%2Fmedia&parent=45594"}],"wp:term":[{"taxonomy":"event_cat","embeddable":true,"href":"https:\/\/nouveau.maisonmallet.com\/back05_01\/index.php?rest_route=%2Fwp%2Fv2%2Fevent_cat&post=45594"}],"curies":[{"name":"wp","href":"https:\/\/api.w.org\/{rel}","templated":true}]}}

<p>Le Complexe Thanatologique Mallet &amp; fils a le regret de vous annoncer le décès de</p>
<p>&nbsp;</p>
<p>Sylvestre Vollant</p>
<p>1959 – 2024</p>
<h1></h1>
<p>À Sept-Îles, le 6 janvier 2024, est décédé à l’âge de 64 ans monsieur Sylvestre Vollant fils de feu Fabien Vollant et de madame Mary Nattawappio et domicilié à Sept-Îles.</p>
<p>Les funérailles de monsieur Sylvestre Vollant auront lieu le samedi 13 janvier 2024 à 14 h en l’église Notre-Dame-des-Indiens de Matimekush-Lac John et de là au cimetière de l’endroit.</p>
<p>La famille reçoit parents et amis le mercredi 10 janvier 2024 de 13 h à 16 h et de 19 h à 22 h au Complexe Thanatologique Mallet &amp; fils du 585, boul. Laure à Sept-Îles. Le vendredi 12 janvier 2024 de 13 h à 16 h et de 19 h à 22 h à l’église Notre-Dame-des-Indiens de Matimekush-Lac John.</p>
<p>Il laisse dans le deuil sa fille Jennifer, ses petits-enfants : Shunien, Shuni, Shanaë et Shukapesh, sa mère madame Mary Nattawappio (feu Fabien Vollant), ses frères : Donald et Paulo, ses sœurs : Denise (Ronald Joubert), Justine, Marie-Ange, Linda (Louis Prevereau), Claudia et Caroline, ses neveux, ses nièces, ses tantes : Manie Einish (feu Augustin Vollant) et Norma Nattawappio (feu Jimmish Einish) ainsi que ses cousins, ses cousines et de nombreux ami(e)s.</p>
<p>La famille a confié les arrangements funéraires aux services professionnels de la Maison Mallet &amp; fils du 585, boul. Laure à Sept-Îles et la direction des funérailles à la Maison Porlier du 515, rue French à Schefferville, membre de la Corporation des Thanatologues du Québec.</p>
<p>Vous pouvez consulter cet avis de décès, sur le  <a href="https://nouveau.maisonmallet.com">www.maisonmallet.com</a></p>
<p>Ceux et celle qui le désirent, peuvent y envoyer des messages de sympathie.</p>
<p>&nbsp;</p>
<hr />
<p>Envoyer vos condoléances</p>
<p>[contact-form to= »vollantmarieange@gmail.com » subject= »Condoléances Sylvestre Vollant »][contact-field label= »Votre nom » type= »name » required= »1&Prime;][contact-field label= »Votre courriel » type= »email » required= »1&Prime;][contact-field label= »Condoléances » type= »textarea »][/contact-form]</p>
