{"id":45649,"date":"2024-01-02T11:51:30","date_gmt":"2024-01-02T16:51:30","guid":{"rendered":"https:\/\/nouveau.maisonmallet.com\/?post_type=event&#038;p=45649"},"modified":"2024-02-03T21:00:02","modified_gmt":"2024-02-04T02:00:02","slug":"pilote-desneiges","status":"publish","type":"event","link":"https:\/\/nouveau.maisonmallet.com\/back05_01\/?event=pilote-desneiges","title":{"rendered":"PILOTE, Desneiges"},"content":{"rendered":"<p>Le Complexe Thanatologique Mallet &amp; fils a le regret de vous annoncer le d\u00e9c\u00e8s de<\/p>\n<p>&nbsp;<\/p>\n<p>Desneiges Pilote<\/p>\n<p>1925 \u2013 2024<\/p>\n<p>&nbsp;<\/p>\n<p>\u00c0 Sept-\u00celes (r\u00e9sidence Urgel Pelletier), le 2 janvier 2024, est d\u00e9c\u00e9d\u00e9e \u00e0 l\u2019\u00e2ge de 98 ans 10 mois, madame Desneiges Pilote \u00e9pouse de feu Paul-\u00c9mile Bherer et domicili\u00e9e \u00e0 Sept-\u00celes.<\/p>\n<p>Les fun\u00e9railles de madame Desneiges Pilote auront lieu, le samedi 20 janvier 2024 \u00e0 10 h 30 en l\u2019\u00e9glise Marie-Immacul\u00e9e situ\u00e9e au 180, rue Papineau \u00e0 Sept-\u00celes et de l\u00e0 au Cimeti\u00e8re Catholique de Sept-\u00celes.<\/p>\n<p>La famille re\u00e7oit parents et amis le vendredi 19 janvier 2024 de 13 h \u00e0 16 h et de 19 h \u00e0 22 h. Le samedi 20 janvier 2024 jour des fun\u00e9railles, \u00e0 compter de 9 h au Complexe Thanatologique Mallet &amp; fils du 585, boul. Laure \u00e0 Sept-\u00celes.<\/p>\n<p>Elle laisse dans le deuil ses filles\u00a0: Diane (Jean Dupont), Andr\u00e9e et Lily (feu Gerry Lou), son fils Donald, ses petites-filles\u00a0: Josianne (Jean-Yves Lavoie), Myriam, Kat\u00e9ri, Magdeleine (Michael Fortin), V\u00e9ronique et Genevi\u00e8ve (Luke Lentes), ses petits-fils\u00a0: Nicolas (St\u00e9phanie Pr\u00e9vost) et \u00c9tienne (Mounia Zahzam), ses arri\u00e8re-petits-fils\u00a0: Christophe, Philippe, David et C\u00e9dric, ses arri\u00e8re-petites-filles\u00a0: Mathilde, Charlotte, Laurence et B\u00e9atrice ainsi que son fr\u00e8re Guy (P\u00e8re R\u00e9demptoriste), ses s\u0153urs\u00a0: Marthe (feu Jean-Yves Ouellet) et No\u00eblla (feu Ange-Aim\u00e9 Tremblay), ses beaux-fr\u00e8res, ses belles-s\u0153urs, ses neveux, ses ni\u00e8ces et de nombreux ami(e)s.<\/p>\n<p>La famille a confi\u00e9 la direction des fun\u00e9railles aux services professionnels de la Maison Mallet &amp; fils du 585, boul. Laure \u00e0 Sept-\u00celes, maintenant reconnue Distinction et membre de la Corporation des Thanatologues du Qu\u00e9bec.<\/p>\n<p>Vous pouvez consulter cet avis de d\u00e9c\u00e8s sur le <a href=\"https:\/\/nouveau.maisonmallet.com\">www.maisonmallet.com<\/a><\/p>\n<p>Ceux et celles qui le d\u00e9sirent, peuvent y envoyer des messages de sympathies.<\/p>\n<hr \/>\n<p>Envoyer vos condol\u00e9ances<\/p>\n<p>[contact-form to=\u00a0\u00bbdonald.bherer@cegepsi.ca\u00a0\u00bb subject=\u00a0\u00bbCondol\u00e9ances Desneiges Pilote\u00a0\u00bb][contact-field label=\u00a0\u00bbVotre nom\u00a0\u00bb type=\u00a0\u00bbname\u00a0\u00bb required=\u00a0\u00bb1&Prime;][contact-field label=\u00a0\u00bbVotre courriel\u00a0\u00bb type=\u00a0\u00bbemail\u00a0\u00bb required=\u00a0\u00bb1&Prime;][contact-field label=\u00a0\u00bbCondol\u00e9ances\u00a0\u00bb type=\u00a0\u00bbtextarea\u00a0\u00bb][\/contact-form]<\/p>\n","protected":false},"featured_media":45720,"template":"","event_cat":[6],"class_list":["post-45649","event","type-event","status-publish","has-post-thumbnail","hentry","event_cat-maison-mallet-et-fils-inc"],"_links":{"self":[{"href":"https:\/\/nouveau.maisonmallet.com\/back05_01\/index.php?rest_route=\/wp\/v2\/event\/45649","targetHints":{"allow":["GET"]}}],"collection":[{"href":"https:\/\/nouveau.maisonmallet.com\/back05_01\/index.php?rest_route=\/wp\/v2\/event"}],"about":[{"href":"https:\/\/nouveau.maisonmallet.com\/back05_01\/index.php?rest_route=\/wp\/v2\/types\/event"}],"wp:featuredmedia":[{"embeddable":true,"href":"https:\/\/nouveau.maisonmallet.com\/back05_01\/index.php?rest_route=\/wp\/v2\/media\/45720"}],"wp:attachment":[{"href":"https:\/\/nouveau.maisonmallet.com\/back05_01\/index.php?rest_route=%2Fwp%2Fv2%2Fmedia&parent=45649"}],"wp:term":[{"taxonomy":"event_cat","embeddable":true,"href":"https:\/\/nouveau.maisonmallet.com\/back05_01\/index.php?rest_route=%2Fwp%2Fv2%2Fevent_cat&post=45649"}],"curies":[{"name":"wp","href":"https:\/\/api.w.org\/{rel}","templated":true}]}}

<p>Le Complexe Thanatologique Mallet &amp; fils a le regret de vous annoncer le décès de</p>
<p>&nbsp;</p>
<p>Desneiges Pilote</p>
<p>1925 – 2024</p>
<p>&nbsp;</p>
<p>À Sept-Îles (résidence Urgel Pelletier), le 2 janvier 2024, est décédée à l’âge de 98 ans 10 mois, madame Desneiges Pilote épouse de feu Paul-Émile Bherer et domiciliée à Sept-Îles.</p>
<p>Les funérailles de madame Desneiges Pilote auront lieu, le samedi 20 janvier 2024 à 10 h 30 en l’église Marie-Immaculée située au 180, rue Papineau à Sept-Îles et de là au Cimetière Catholique de Sept-Îles.</p>
<p>La famille reçoit parents et amis le vendredi 19 janvier 2024 de 13 h à 16 h et de 19 h à 22 h. Le samedi 20 janvier 2024 jour des funérailles, à compter de 9 h au Complexe Thanatologique Mallet &amp; fils du 585, boul. Laure à Sept-Îles.</p>
<p>Elle laisse dans le deuil ses filles : Diane (Jean Dupont), Andrée et Lily (feu Gerry Lou), son fils Donald, ses petites-filles : Josianne (Jean-Yves Lavoie), Myriam, Katéri, Magdeleine (Michael Fortin), Véronique et Geneviève (Luke Lentes), ses petits-fils : Nicolas (Stéphanie Prévost) et Étienne (Mounia Zahzam), ses arrière-petits-fils : Christophe, Philippe, David et Cédric, ses arrière-petites-filles : Mathilde, Charlotte, Laurence et Béatrice ainsi que son frère Guy (Père Rédemptoriste), ses sœurs : Marthe (feu Jean-Yves Ouellet) et Noëlla (feu Ange-Aimé Tremblay), ses beaux-frères, ses belles-sœurs, ses neveux, ses nièces et de nombreux ami(e)s.</p>
<p>La famille a confié la direction des funérailles aux services professionnels de la Maison Mallet &amp; fils du 585, boul. Laure à Sept-Îles, maintenant reconnue Distinction et membre de la Corporation des Thanatologues du Québec.</p>
<p>Vous pouvez consulter cet avis de décès sur le <a href="https://nouveau.maisonmallet.com">www.maisonmallet.com</a></p>
<p>Ceux et celles qui le désirent, peuvent y envoyer des messages de sympathies.</p>
<hr />
<p>Envoyer vos condoléances</p>
<p>[contact-form to= »donald.bherer@cegepsi.ca » subject= »Condoléances Desneiges Pilote »][contact-field label= »Votre nom » type= »name » required= »1&Prime;][contact-field label= »Votre courriel » type= »email » required= »1&Prime;][contact-field label= »Condoléances » type= »textarea »][/contact-form]</p>
