{"id":45766,"date":"2024-01-06T17:25:59","date_gmt":"2024-01-06T22:25:59","guid":{"rendered":"https:\/\/nouveau.maisonmallet.com\/?post_type=event&#038;p=45766"},"modified":"2024-07-01T10:40:19","modified_gmt":"2024-07-01T14:40:19","slug":"blais-lily","status":"publish","type":"event","link":"https:\/\/nouveau.maisonmallet.com\/back05_01\/?event=blais-lily","title":{"rendered":"BLAIS, Lily"},"content":{"rendered":"<p>La Maison L.J.G. Mallet a le regret de vous annoncer le d\u00e9c\u00e8s de<\/p>\n<p>&nbsp;<\/p>\n<p>Lily Blais<\/p>\n<p>1924 &#8211; 2024<\/p>\n<p>&nbsp;<\/p>\n<p>\u00c0 Havre Saint Pierre, le 6 janvier 2024, est d\u00e9c\u00e9d\u00e9e \u00e0 l\u2019\u00e2ge de 99 ans 3 mois, madame Lyli Blais \u00e9pouse de feu G\u00e9rard Richard et domicili\u00e9e \u00e0 Havre Saint-Pierre.<\/p>\n<p>Les fun\u00e9railles de madame Lily Blais auront lieu le samedi 22 juin 2024 \u00e0 11 h en l\u2019\u00e9glise Saint-Pierre de Havre Saint-Pierre et de l\u00e0 au Cimeti\u00e8re de Havre Saint-Pierre.<\/p>\n<p>Selon ses volont\u00e9s, elle a \u00e9t\u00e9 confi\u00e9e au cr\u00e9matorium de la maison L.J.G. Mallet pour cr\u00e9mation.<\/p>\n<p>La famille re\u00e7oit parents et amis le samedi 22 juin 2024 jour des fun\u00e9railles \u00e0 compter de 10 h \u00e0 l\u2019\u00e9glise St-Pierre de Havre Saint-Pierre.<\/p>\n<p>Elle laisse dans le deuil ses fils : Jean-Marie (Nicole M\u00e9thot), Raymond (Glorianne No\u00ebl), Jean-Yves (Suzanne Dupuis) et Julien (Suzanne Landry), ses filles : Madeleine (Fr\u00e9d\u00e8rick Sonier) et Lilianne (Laurette Bussi\u00e8res), ses quinze petits-enfants, ses vingt-sept arri\u00e8re-petits-enfants, ses deux arri\u00e8re arri\u00e8re-petits-enfants ainsi que ses s\u0153urs : Marie-Ange et Gis\u00e8le, ses neveux, ses ni\u00e8ces et de nombreux ami(e)s.<\/p>\n<p>La famille a confi\u00e9 la direction des fun\u00e9railles aux services professionnels de la Maison L.J.G. Mallet du 1429, rue du Canot \u00e0 Havre Saint-Pierre, membre de la Corporation des thanatologues du Qu\u00e9bec.<\/p>\n<p>Vous pouvez consulter cet avis de d\u00e9c\u00e8s, sur le <a href=\"https:\/\/nouveau.maisonmallet.com\">www.maisonmallet.com<\/a><\/p>\n<p>Ceux et celles qui le d\u00e9sirent, peuvent y envoyer des messages de sympathie.<\/p>\n<hr \/>\n<p>Envoyer vos condol\u00e9ances<\/p>\n<p>[contact-form to=\u00a0\u00bbrichardjeanmarie67@gmail.com\u00a0\u00bb subject=\u00a0\u00bbCondol\u00e9ances Lily Blais\u00a0\u00bb][contact-field label=\u00a0\u00bbVotre nom\u00a0\u00bb type=\u00a0\u00bbname\u00a0\u00bb required=\u00a0\u00bb1&Prime;][contact-field label=\u00a0\u00bbVotre courriel\u00a0\u00bb type=\u00a0\u00bbemail\u00a0\u00bb required=\u00a0\u00bb1&Prime;][contact-field label=\u00a0\u00bbCondol\u00e9ances\u00a0\u00bb type=\u00a0\u00bbtextarea\u00a0\u00bb][\/contact-form]<\/p>\n","protected":false},"featured_media":45784,"template":"","event_cat":[7],"class_list":["post-45766","event","type-event","status-publish","has-post-thumbnail","hentry","event_cat-maison-l-j-g-mallet-inc"],"_links":{"self":[{"href":"https:\/\/nouveau.maisonmallet.com\/back05_01\/index.php?rest_route=\/wp\/v2\/event\/45766","targetHints":{"allow":["GET"]}}],"collection":[{"href":"https:\/\/nouveau.maisonmallet.com\/back05_01\/index.php?rest_route=\/wp\/v2\/event"}],"about":[{"href":"https:\/\/nouveau.maisonmallet.com\/back05_01\/index.php?rest_route=\/wp\/v2\/types\/event"}],"wp:featuredmedia":[{"embeddable":true,"href":"https:\/\/nouveau.maisonmallet.com\/back05_01\/index.php?rest_route=\/wp\/v2\/media\/45784"}],"wp:attachment":[{"href":"https:\/\/nouveau.maisonmallet.com\/back05_01\/index.php?rest_route=%2Fwp%2Fv2%2Fmedia&parent=45766"}],"wp:term":[{"taxonomy":"event_cat","embeddable":true,"href":"https:\/\/nouveau.maisonmallet.com\/back05_01\/index.php?rest_route=%2Fwp%2Fv2%2Fevent_cat&post=45766"}],"curies":[{"name":"wp","href":"https:\/\/api.w.org\/{rel}","templated":true}]}}

<p>La Maison L.J.G. Mallet a le regret de vous annoncer le décès de</p>
<p>&nbsp;</p>
<p>Lily Blais</p>
<p>1924 &#8211; 2024</p>
<p>&nbsp;</p>
<p>À Havre Saint Pierre, le 6 janvier 2024, est décédée à l’âge de 99 ans 3 mois, madame Lyli Blais épouse de feu Gérard Richard et domiciliée à Havre Saint-Pierre.</p>
<p>Les funérailles de madame Lily Blais auront lieu le samedi 22 juin 2024 à 11 h en l’église Saint-Pierre de Havre Saint-Pierre et de là au Cimetière de Havre Saint-Pierre.</p>
<p>Selon ses volontés, elle a été confiée au crématorium de la maison L.J.G. Mallet pour crémation.</p>
<p>La famille reçoit parents et amis le samedi 22 juin 2024 jour des funérailles à compter de 10 h à l’église St-Pierre de Havre Saint-Pierre.</p>
<p>Elle laisse dans le deuil ses fils : Jean-Marie (Nicole Méthot), Raymond (Glorianne Noël), Jean-Yves (Suzanne Dupuis) et Julien (Suzanne Landry), ses filles : Madeleine (Frédèrick Sonier) et Lilianne (Laurette Bussières), ses quinze petits-enfants, ses vingt-sept arrière-petits-enfants, ses deux arrière arrière-petits-enfants ainsi que ses sœurs : Marie-Ange et Gisèle, ses neveux, ses nièces et de nombreux ami(e)s.</p>
<p>La famille a confié la direction des funérailles aux services professionnels de la Maison L.J.G. Mallet du 1429, rue du Canot à Havre Saint-Pierre, membre de la Corporation des thanatologues du Québec.</p>
<p>Vous pouvez consulter cet avis de décès, sur le <a href="https://nouveau.maisonmallet.com">www.maisonmallet.com</a></p>
<p>Ceux et celles qui le désirent, peuvent y envoyer des messages de sympathie.</p>
<hr />
<p>Envoyer vos condoléances</p>
<p>[contact-form to= »richardjeanmarie67@gmail.com » subject= »Condoléances Lily Blais »][contact-field label= »Votre nom » type= »name » required= »1&Prime;][contact-field label= »Votre courriel » type= »email » required= »1&Prime;][contact-field label= »Condoléances » type= »textarea »][/contact-form]</p>
