{"id":45990,"date":"2023-12-11T22:09:47","date_gmt":"2023-12-12T03:09:47","guid":{"rendered":"https:\/\/nouveau.maisonmallet.com\/?post_type=event&#038;p=45990"},"modified":"2024-08-31T08:38:13","modified_gmt":"2024-08-31T12:38:13","slug":"pelletier-henriette","status":"publish","type":"event","link":"https:\/\/nouveau.maisonmallet.com\/back05_01\/?event=pelletier-henriette","title":{"rendered":"PELLETIER, Henriette"},"content":{"rendered":"<p>Le Complexe Thanatologique Mallet &amp; fils a le regret de vous annoncer le d\u00e9c\u00e8s de<\/p>\n<p>Henriette Pelletier<\/p>\n<p>1948 \u2013 2023<\/p>\n<p>&nbsp;<\/p>\n<p>\u00c0 Port-Cartier, le 22 d\u00e9cembre 2023, est d\u00e9c\u00e9d\u00e9e \u00e0 l\u2019\u00e2ge de 75 ans, madame Henriette Pelletier \u00e9pouse de monsieur Jean-Claude Jean et domicili\u00e9e \u00e0 Port-Cartier.<\/p>\n<p>Les fun\u00e9railles de madame Henriette Pelletier auront lieu auront lieu le vendredi 30 ao\u00fbt 2024 \u00e0 14 h en l\u2019\u00e9glise Sacr\u00e9-C\u0153ur situ\u00e9e au 38, rue Parent \u00e0 Port-Cartier et de l\u00e0 au cimeti\u00e8re de Rivi\u00e8re Pentec\u00f4te.<\/p>\n<p>Selon ses volont\u00e9s, elle a \u00e9t\u00e9 confi\u00e9e au cr\u00e9matorium de la Maison Mallet &amp; fils pour cr\u00e9mation.<\/p>\n<p>La famille re\u00e7oit parents et amis le vendredi 30 ao\u00fbt 2024 jour des fun\u00e9railles \u00e0 compter de 13 h \u00e0 l\u2019\u00e9glise Sacr\u00e9-C\u0153ur \u00e0 Port-Cartier.<\/p>\n<p>Elle laisse dans le deuil outre son \u00e9poux monsieur Jean-Claude Jean, ses filles\u00a0: Sonia et Ga\u00ebtane, ses petites-filles\u00a0: Josiane (Guillaume P\u00e9pin), Karoll-Ann (Jonathan Latour), Kamille (Matthew Boivin), et Iness, son arri\u00e8re-petit-fils Nathan, ainsi que sa s\u0153ur Ginette (feu Yvon Gauthier), son fr\u00e8re Jocelyn (Denise Gauthier), ses beaux-fr\u00e8res\u00a0: Alain et Harold, \u00a0ses belles-s\u0153urs\u00a0: Aline (Gilles Pelletier), Pierrette Desrosiers, Pierrette Beaudin et Jeannine Lebrun, ses neveux, ses ni\u00e8ces, ses cousins, ses cousines et de nombreux ami(e)s.<\/p>\n<p>La famille a confi\u00e9 la direction des fun\u00e9railles aux services professionnels de la Maison Mallet &amp; fils du 57, route 138, \u00e0 Port-Cartier, maintenant reconnue Distinction et membre de la Corporation des Thanatologues du Qu\u00e9bec.<\/p>\n<p>Vous pouvez consulter cet avis de d\u00e9c\u00e8s, sur le <a href=\"https:\/\/nouveau.maisonmallet.com\">www.maisonmallet.com<\/a><\/p>\n<p>Ceux et celle qui le d\u00e9sirent, peuvent y envoyer des messages de sympathie.<\/p>\n<p>&nbsp;<\/p>\n<hr \/>\n<p>Envoyer vos condol\u00e9ances<\/p>\n<p>[contact-form to=\u00a0\u00bbjosianegagnon@hotmail.com\u00a0\u00bb subject=\u00a0\u00bbCondol\u00e9ances Henriette Pelletier\u00a0\u00bb][contact-field label=\u00a0\u00bbVotre nom\u00a0\u00bb type=\u00a0\u00bbname\u00a0\u00bb required=\u00a0\u00bb1&Prime;][contact-field label=\u00a0\u00bbVotre courriel\u00a0\u00bb type=\u00a0\u00bbemail\u00a0\u00bb required=\u00a0\u00bb1&Prime;][contact-field label=\u00a0\u00bbCondol\u00e9ances\u00a0\u00bb type=\u00a0\u00bbtextarea\u00a0\u00bb][\/contact-form]<\/p>\n","protected":false},"featured_media":53491,"template":"","event_cat":[6],"class_list":["post-45990","event","type-event","status-publish","has-post-thumbnail","hentry","event_cat-maison-mallet-et-fils-inc"],"_links":{"self":[{"href":"https:\/\/nouveau.maisonmallet.com\/back05_01\/index.php?rest_route=\/wp\/v2\/event\/45990","targetHints":{"allow":["GET"]}}],"collection":[{"href":"https:\/\/nouveau.maisonmallet.com\/back05_01\/index.php?rest_route=\/wp\/v2\/event"}],"about":[{"href":"https:\/\/nouveau.maisonmallet.com\/back05_01\/index.php?rest_route=\/wp\/v2\/types\/event"}],"wp:featuredmedia":[{"embeddable":true,"href":"https:\/\/nouveau.maisonmallet.com\/back05_01\/index.php?rest_route=\/wp\/v2\/media\/53491"}],"wp:attachment":[{"href":"https:\/\/nouveau.maisonmallet.com\/back05_01\/index.php?rest_route=%2Fwp%2Fv2%2Fmedia&parent=45990"}],"wp:term":[{"taxonomy":"event_cat","embeddable":true,"href":"https:\/\/nouveau.maisonmallet.com\/back05_01\/index.php?rest_route=%2Fwp%2Fv2%2Fevent_cat&post=45990"}],"curies":[{"name":"wp","href":"https:\/\/api.w.org\/{rel}","templated":true}]}}

<p>Le Complexe Thanatologique Mallet &amp; fils a le regret de vous annoncer le décès de</p>
<p>Henriette Pelletier</p>
<p>1948 – 2023</p>
<p>&nbsp;</p>
<p>À Port-Cartier, le 22 décembre 2023, est décédée à l’âge de 75 ans, madame Henriette Pelletier épouse de monsieur Jean-Claude Jean et domiciliée à Port-Cartier.</p>
<p>Les funérailles de madame Henriette Pelletier auront lieu auront lieu le vendredi 30 août 2024 à 14 h en l’église Sacré-Cœur située au 38, rue Parent à Port-Cartier et de là au cimetière de Rivière Pentecôte.</p>
<p>Selon ses volontés, elle a été confiée au crématorium de la Maison Mallet &amp; fils pour crémation.</p>
<p>La famille reçoit parents et amis le vendredi 30 août 2024 jour des funérailles à compter de 13 h à l’église Sacré-Cœur à Port-Cartier.</p>
<p>Elle laisse dans le deuil outre son époux monsieur Jean-Claude Jean, ses filles : Sonia et Gaëtane, ses petites-filles : Josiane (Guillaume Pépin), Karoll-Ann (Jonathan Latour), Kamille (Matthew Boivin), et Iness, son arrière-petit-fils Nathan, ainsi que sa sœur Ginette (feu Yvon Gauthier), son frère Jocelyn (Denise Gauthier), ses beaux-frères : Alain et Harold,  ses belles-sœurs : Aline (Gilles Pelletier), Pierrette Desrosiers, Pierrette Beaudin et Jeannine Lebrun, ses neveux, ses nièces, ses cousins, ses cousines et de nombreux ami(e)s.</p>
<p>La famille a confié la direction des funérailles aux services professionnels de la Maison Mallet &amp; fils du 57, route 138, à Port-Cartier, maintenant reconnue Distinction et membre de la Corporation des Thanatologues du Québec.</p>
<p>Vous pouvez consulter cet avis de décès, sur le <a href="https://nouveau.maisonmallet.com">www.maisonmallet.com</a></p>
<p>Ceux et celle qui le désirent, peuvent y envoyer des messages de sympathie.</p>
<p>&nbsp;</p>
<hr />
<p>Envoyer vos condoléances</p>
<p>[contact-form to= »josianegagnon@hotmail.com » subject= »Condoléances Henriette Pelletier »][contact-field label= »Votre nom » type= »name » required= »1&Prime;][contact-field label= »Votre courriel » type= »email » required= »1&Prime;][contact-field label= »Condoléances » type= »textarea »][/contact-form]</p>
