{"id":46073,"date":"2024-01-08T08:49:11","date_gmt":"2024-01-08T13:49:11","guid":{"rendered":"https:\/\/nouveau.maisonmallet.com\/?post_type=event&#038;p=46073"},"modified":"2024-02-03T21:07:20","modified_gmt":"2024-02-04T02:07:20","slug":"vigneault-albert","status":"publish","type":"event","link":"https:\/\/nouveau.maisonmallet.com\/back05_01\/?event=vigneault-albert","title":{"rendered":"VIGNEAULT, Albert"},"content":{"rendered":"<p>La Maison L.J.G. Mallet a le regret de vous annoncer le d\u00e9c\u00e8s de<\/p>\n<p>Albert Vigneault<\/p>\n<p>1949 \u2013 2024<\/p>\n<p>&nbsp;<\/p>\n<p>\u00c0 Havre-Saint-Pierre, le 8 janvier 2024, est d\u00e9c\u00e9d\u00e9 \u00e0 l\u2019\u00e2ge de 74 ans, monsieur Albert Vigneault conjoint de madame Micheline Lebrun et domicili\u00e9 \u00e0 Havre-Saint-Pierre.<\/p>\n<p>Les fun\u00e9railles de monsieur Albert Vigneault auront lieu le samedi 27 janvier 2024 \u00e0 14 h en l\u2019\u00e9glise St-Pierre de Havre-St-Pierre.<\/p>\n<p>Selon ses volont\u00e9s, il a \u00e9t\u00e9 confi\u00e9 au cr\u00e9matorium de la maison L.J.G. Mallet pour cr\u00e9mation.<\/p>\n<p>La famille re\u00e7oit parents et amis le samedi 27 janvier 2024 jour des fun\u00e9railles \u00e0 compter de 13 h \u00e0 l\u2019\u00e9glise St-Pierre de Havre-Saint-Pierre.<\/p>\n<p>Il laisse dans le deuil outre sa conjointe madame Micheline Lebrun, ses enfants\u00a0: Fran\u00e7ois et J\u00e9r\u00f4me (Catherine Robin) leur m\u00e8re madame Louise-Marie Lemieux, ses petits-enfants\u00a0: Anahi Florence, Malohan et M\u00e9sange, ses fr\u00e8res et ses s\u0153urs\u00a0: Jean-Paul (Martine), Jacinthe (Michel), Nicole (Bertrand), Bertrand (Lorraine), Agathe (Camil), Th\u00e9r\u00e8se (Eddy) et Steeve (Kathy), ses beaux-enfants\u00a0: Sylvie (Fran\u00e7ois), Marie-Jos\u00e9e et Dany (Marc-Andr\u00e9) leurs enfants et leurs petits-enfants, \u00a0ses beaux-fr\u00e8res, ses belles-s\u0153urs ainsi que ses neveux, ses ni\u00e8ces, ses oncles, ses tantes, ses cousins, ses cousines et de nombreux ami(e)s.<\/p>\n<p>Il \u00e9tait le p\u00e8re de feu Julie Vigneault et le fr\u00e8re de feu Sylvain Vigneault.<\/p>\n<p>Vos marques de sympathie peuvent se traduire par un don \u00e0 l\u2019Association du cancer Est du Qu\u00e9bec <a href=\"http:\/\/www.aceq.org\">www.aceq.org<\/a><\/p>\n<p>La famille a confi\u00e9 la direction des fun\u00e9railles aux services professionnels de la Maison L.J.G. Mallet du 1429, rue du Canot \u00e0 Havre-St-Pierre, maintenant reconnue Distinction et membre de la Corporation des thanatologues du Qu\u00e9bec.<\/p>\n<p>Vous pouvez consulter cet avis de d\u00e9c\u00e8s, sur le <a href=\"https:\/\/nouveau.maisonmallet.com\">www.maisonmallet.com<\/a><\/p>\n<p>Ceux et celles qui le d\u00e9sirent, peuvent y envoyer des messages de sympathie.<\/p>\n<p>&nbsp;<\/p>\n<hr \/>\n<p>Envoyer vos condol\u00e9ances<\/p>\n<p>[contact-form to=\u00a0\u00bbvigneault.jerome@uqam.ca\u00a0\u00bb subject=\u00a0\u00bbCondol\u00e9ances Albert Vigneault\u00a0\u00bb][contact-field label=\u00a0\u00bbVotre nom\u00a0\u00bb type=\u00a0\u00bbname\u00a0\u00bb required=\u00a0\u00bb1&Prime;][contact-field label=\u00a0\u00bbVotre courriel\u00a0\u00bb type=\u00a0\u00bbemail\u00a0\u00bb required=\u00a0\u00bb1&Prime;][contact-field label=\u00a0\u00bbCondol\u00e9ances\u00a0\u00bb type=\u00a0\u00bbtextarea\u00a0\u00bb][\/contact-form]<\/p>\n","protected":false},"featured_media":46089,"template":"","event_cat":[7],"class_list":["post-46073","event","type-event","status-publish","has-post-thumbnail","hentry","event_cat-maison-l-j-g-mallet-inc"],"_links":{"self":[{"href":"https:\/\/nouveau.maisonmallet.com\/back05_01\/index.php?rest_route=\/wp\/v2\/event\/46073","targetHints":{"allow":["GET"]}}],"collection":[{"href":"https:\/\/nouveau.maisonmallet.com\/back05_01\/index.php?rest_route=\/wp\/v2\/event"}],"about":[{"href":"https:\/\/nouveau.maisonmallet.com\/back05_01\/index.php?rest_route=\/wp\/v2\/types\/event"}],"wp:featuredmedia":[{"embeddable":true,"href":"https:\/\/nouveau.maisonmallet.com\/back05_01\/index.php?rest_route=\/wp\/v2\/media\/46089"}],"wp:attachment":[{"href":"https:\/\/nouveau.maisonmallet.com\/back05_01\/index.php?rest_route=%2Fwp%2Fv2%2Fmedia&parent=46073"}],"wp:term":[{"taxonomy":"event_cat","embeddable":true,"href":"https:\/\/nouveau.maisonmallet.com\/back05_01\/index.php?rest_route=%2Fwp%2Fv2%2Fevent_cat&post=46073"}],"curies":[{"name":"wp","href":"https:\/\/api.w.org\/{rel}","templated":true}]}}

<p>La Maison L.J.G. Mallet a le regret de vous annoncer le décès de</p>
<p>Albert Vigneault</p>
<p>1949 – 2024</p>
<p>&nbsp;</p>
<p>À Havre-Saint-Pierre, le 8 janvier 2024, est décédé à l’âge de 74 ans, monsieur Albert Vigneault conjoint de madame Micheline Lebrun et domicilié à Havre-Saint-Pierre.</p>
<p>Les funérailles de monsieur Albert Vigneault auront lieu le samedi 27 janvier 2024 à 14 h en l’église St-Pierre de Havre-St-Pierre.</p>
<p>Selon ses volontés, il a été confié au crématorium de la maison L.J.G. Mallet pour crémation.</p>
<p>La famille reçoit parents et amis le samedi 27 janvier 2024 jour des funérailles à compter de 13 h à l’église St-Pierre de Havre-Saint-Pierre.</p>
<p>Il laisse dans le deuil outre sa conjointe madame Micheline Lebrun, ses enfants : François et Jérôme (Catherine Robin) leur mère madame Louise-Marie Lemieux, ses petits-enfants : Anahi Florence, Malohan et Mésange, ses frères et ses sœurs : Jean-Paul (Martine), Jacinthe (Michel), Nicole (Bertrand), Bertrand (Lorraine), Agathe (Camil), Thérèse (Eddy) et Steeve (Kathy), ses beaux-enfants : Sylvie (François), Marie-Josée et Dany (Marc-André) leurs enfants et leurs petits-enfants,  ses beaux-frères, ses belles-sœurs ainsi que ses neveux, ses nièces, ses oncles, ses tantes, ses cousins, ses cousines et de nombreux ami(e)s.</p>
<p>Il était le père de feu Julie Vigneault et le frère de feu Sylvain Vigneault.</p>
<p>Vos marques de sympathie peuvent se traduire par un don à l’Association du cancer Est du Québec <a href="http://www.aceq.org">www.aceq.org</a></p>
<p>La famille a confié la direction des funérailles aux services professionnels de la Maison L.J.G. Mallet du 1429, rue du Canot à Havre-St-Pierre, maintenant reconnue Distinction et membre de la Corporation des thanatologues du Québec.</p>
<p>Vous pouvez consulter cet avis de décès, sur le <a href="https://nouveau.maisonmallet.com">www.maisonmallet.com</a></p>
<p>Ceux et celles qui le désirent, peuvent y envoyer des messages de sympathie.</p>
<p>&nbsp;</p>
<hr />
<p>Envoyer vos condoléances</p>
<p>[contact-form to= »vigneault.jerome@uqam.ca » subject= »Condoléances Albert Vigneault »][contact-field label= »Votre nom » type= »name » required= »1&Prime;][contact-field label= »Votre courriel » type= »email » required= »1&Prime;][contact-field label= »Condoléances » type= »textarea »][/contact-form]</p>
