{"id":46109,"date":"2024-01-21T14:33:04","date_gmt":"2024-01-21T19:33:04","guid":{"rendered":"https:\/\/nouveau.maisonmallet.com\/?post_type=event&#038;p=46109"},"modified":"2024-02-03T21:08:10","modified_gmt":"2024-02-04T02:08:10","slug":"pinette-salomon","status":"publish","type":"event","link":"https:\/\/nouveau.maisonmallet.com\/back05_01\/?event=pinette-salomon","title":{"rendered":"PINETTE, Salomon"},"content":{"rendered":"<p>Le Complexe Thanatologique Mallet &amp; fils a le regret de vous annoncer le d\u00e9c\u00e8s de<\/p>\n<p>Salomon Pinette<\/p>\n<p>1952 \u2013 2024<\/p>\n<p>&nbsp;<\/p>\n<p>\u00c0 Qu\u00e9bec, le 21 janvier 2024, est d\u00e9c\u00e9d\u00e9 \u00e0 l\u2019\u00e2ge de 72 ans, monsieur Salomon Pinette et domicili\u00e9 \u00e0 Mani-utenam.<\/p>\n<p>Les fun\u00e9railles de monsieur Salomon Pinette auront lieu le mardi 30 janvier 2024 \u00e0 13 h en l\u2019\u00e9glise Notre-Dame du Cap situ\u00e9e au 139, rue de l\u2019\u00c9glise \u00e0 Mani-utenam et de l\u00e0 au cimeti\u00e8re de Mani-utenam.<\/p>\n<p>La famille re\u00e7oit parents et amis le dimanche 28 janvier 2024 \u00e0 compter de 12 h au 35, rue Tshi-nuen \u00e0 Mani-utenam.<\/p>\n<p>Il laisse dans le deuil ses fils\u00a0: Salomon Jr. (Alexandra Poirier), Christopher (Carole-Anne Hervieux) et Alex-Edgar, ses petits-enfants\u00a0: Tex, Charleen, Yulika, Kameron, Vince et Peter ainsi que son fr\u00e8re Paul-Henri, ses neveux, ses ni\u00e8ces, ses cousins, ses cousines et de nombreux ami(e)s.<\/p>\n<p>La famille a confi\u00e9 la direction des fun\u00e9railles aux services professionnels de la Maison Mallet &amp; fils du 585, Boul. Laure \u00e0 Sept-\u00celes, maintenant reconnue Distinction et membre de la Corporation des Thanatologues du Qu\u00e9bec.<\/p>\n<p>Vous pouvez consulter cet avis de d\u00e9c\u00e8s sur le <a href=\"https:\/\/nouveau.maisonmallet.com\">www.maisonmallet.com<\/a><\/p>\n<p>Ceux et celles qui le d\u00e9sirent, peuvent y envoyer des messages de condol\u00e9ances.<\/p>\n<p>&nbsp;<\/p>\n<hr \/>\n<p>Envoyer vos condol\u00e9ances<\/p>\n<p>[contact-form to=\u00a0\u00bbgarrykillfontaine@hotmail.com\u00a0\u00bb subject=\u00a0\u00bbCondol\u00e9ances Salomon Pinette\u00a0\u00bb][contact-field label=\u00a0\u00bbVotre nom\u00a0\u00bb type=\u00a0\u00bbname\u00a0\u00bb required=\u00a0\u00bb1&Prime;][contact-field label=\u00a0\u00bbVotre courriel\u00a0\u00bb type=\u00a0\u00bbemail\u00a0\u00bb required=\u00a0\u00bb1&Prime;][contact-field label=\u00a0\u00bbCondol\u00e9ances\u00a0\u00bb type=\u00a0\u00bbtextarea\u00a0\u00bb][\/contact-form]<\/p>\n","protected":false},"featured_media":46132,"template":"","event_cat":[6],"class_list":["post-46109","event","type-event","status-publish","has-post-thumbnail","hentry","event_cat-maison-mallet-et-fils-inc"],"_links":{"self":[{"href":"https:\/\/nouveau.maisonmallet.com\/back05_01\/index.php?rest_route=\/wp\/v2\/event\/46109","targetHints":{"allow":["GET"]}}],"collection":[{"href":"https:\/\/nouveau.maisonmallet.com\/back05_01\/index.php?rest_route=\/wp\/v2\/event"}],"about":[{"href":"https:\/\/nouveau.maisonmallet.com\/back05_01\/index.php?rest_route=\/wp\/v2\/types\/event"}],"wp:featuredmedia":[{"embeddable":true,"href":"https:\/\/nouveau.maisonmallet.com\/back05_01\/index.php?rest_route=\/wp\/v2\/media\/46132"}],"wp:attachment":[{"href":"https:\/\/nouveau.maisonmallet.com\/back05_01\/index.php?rest_route=%2Fwp%2Fv2%2Fmedia&parent=46109"}],"wp:term":[{"taxonomy":"event_cat","embeddable":true,"href":"https:\/\/nouveau.maisonmallet.com\/back05_01\/index.php?rest_route=%2Fwp%2Fv2%2Fevent_cat&post=46109"}],"curies":[{"name":"wp","href":"https:\/\/api.w.org\/{rel}","templated":true}]}}

<p>Le Complexe Thanatologique Mallet &amp; fils a le regret de vous annoncer le décès de</p>
<p>Salomon Pinette</p>
<p>1952 – 2024</p>
<p>&nbsp;</p>
<p>À Québec, le 21 janvier 2024, est décédé à l’âge de 72 ans, monsieur Salomon Pinette et domicilié à Mani-utenam.</p>
<p>Les funérailles de monsieur Salomon Pinette auront lieu le mardi 30 janvier 2024 à 13 h en l’église Notre-Dame du Cap située au 139, rue de l’Église à Mani-utenam et de là au cimetière de Mani-utenam.</p>
<p>La famille reçoit parents et amis le dimanche 28 janvier 2024 à compter de 12 h au 35, rue Tshi-nuen à Mani-utenam.</p>
<p>Il laisse dans le deuil ses fils : Salomon Jr. (Alexandra Poirier), Christopher (Carole-Anne Hervieux) et Alex-Edgar, ses petits-enfants : Tex, Charleen, Yulika, Kameron, Vince et Peter ainsi que son frère Paul-Henri, ses neveux, ses nièces, ses cousins, ses cousines et de nombreux ami(e)s.</p>
<p>La famille a confié la direction des funérailles aux services professionnels de la Maison Mallet &amp; fils du 585, Boul. Laure à Sept-Îles, maintenant reconnue Distinction et membre de la Corporation des Thanatologues du Québec.</p>
<p>Vous pouvez consulter cet avis de décès sur le <a href="https://nouveau.maisonmallet.com">www.maisonmallet.com</a></p>
<p>Ceux et celles qui le désirent, peuvent y envoyer des messages de condoléances.</p>
<p>&nbsp;</p>
<hr />
<p>Envoyer vos condoléances</p>
<p>[contact-form to= »garrykillfontaine@hotmail.com » subject= »Condoléances Salomon Pinette »][contact-field label= »Votre nom » type= »name » required= »1&Prime;][contact-field label= »Votre courriel » type= »email » required= »1&Prime;][contact-field label= »Condoléances » type= »textarea »][/contact-form]</p>
