{"id":46135,"date":"2024-01-24T09:14:24","date_gmt":"2024-01-24T14:14:24","guid":{"rendered":"https:\/\/nouveau.maisonmallet.com\/?post_type=event&#038;p=46135"},"modified":"2024-02-03T21:09:13","modified_gmt":"2024-02-04T02:09:13","slug":"gagnon-martin","status":"publish","type":"event","link":"https:\/\/nouveau.maisonmallet.com\/back05_01\/?event=gagnon-martin","title":{"rendered":"GAGNON, Martin"},"content":{"rendered":"<p>Le Complexe Thanatologique Mallet &amp; fils a le regret de vous annoncer le d\u00e9c\u00e8s de<\/p>\n<p>&nbsp;<\/p>\n<p>Martin Gagnon<\/p>\n<p>1976 \u2013 2024<\/p>\n<p>&nbsp;<\/p>\n<p>\u00c0 Port-Cartier, le 24 janvier 2024, est d\u00e9c\u00e9d\u00e9 \u00e0 l\u2019\u00e2ge de 47 ans monsieur Martin Gagnon \u00e9poux de madame Marie-Jos\u00e9e Ayers et domicili\u00e9 \u00e0 Port-Cartier.<\/p>\n<p>Les fun\u00e9railles de monsieur Martin Gagnon auront lieu le jeudi 1<sup>er<\/sup> f\u00e9vrier 2024 \u00e0 10 h 30, en l\u2019\u00e9glise Sacr\u00e9-C\u0153ur situ\u00e9e au 38, rue Parent \u00e0 Port-Cartier.<\/p>\n<p>Selon ses volont\u00e9s, il a \u00e9t\u00e9 confi\u00e9 au cr\u00e9matorium de la Maison Mallet &amp; fils pour cr\u00e9mation.<\/p>\n<p>La famille re\u00e7oit parents et amis le mercredi 31 janvier 2024 de 19 h \u00e0 22 h. Le jeudi 1<sup>er<\/sup> f\u00e9vrier 2024 jour des fun\u00e9railles \u00e0 compter de 9 h au Complexe Thanatologique Mallet &amp; fils situ\u00e9e au 57, route 138 \u00e0 Port-Cartier.<\/p>\n<p>Il laisse dans le deuil outre son \u00e9pouse madame Marie-Jos\u00e9e Ayers, sa fille Am\u00e9lya, sa belle-fille Jessica, son p\u00e8re monsieur Benoit Gagnon (R\u00e9jeanne Otis), sa m\u00e8re madame C\u00e9cile B\u00e9rub\u00e9, ses fr\u00e8re\u00a0: \u00c9ric (Lise Ayers), Richard, Alain et Albert, ses s\u0153urs\u00a0: Cathy (Dany Lavoie), Monica (Mathieu Hamilton), Myriam et M\u00e9lanie (R\u00e9jean Bradette) ainsi que son beau-p\u00e8re monsieur Raymond Bond, sa belle-m\u00e8re madame Laure-Anna Ayers, son beau-fr\u00e8re Gaston (M\u00e9lanie Daigle), ses filleules\u00a0: Molly (Karl Gagn\u00e9) et Kim, ses neveux et ses ni\u00e8ces, ses oncles, ses tantes, ses cousins, ses cousines et de nombreux ami(e)s.<\/p>\n<p>Vos marques de sympathie peuvent se traduire par un don \u00e0 l\u2019Association du cancer Est du Qu\u00e9bec <a href=\"http:\/\/www.aceq.org\">www.aceq.org<\/a><\/p>\n<p>La famille a confi\u00e9 la direction des fun\u00e9railles aux services professionnels de la maison Mallet &amp; fils du 57, route 138 \u00e0 Port-Cartier, maintenant reconnue Distinction et membre de la Corporation des Thanatologues du Qu\u00e9bec<\/p>\n<p>Vous pouvez consulter cet avis de d\u00e9c\u00e8s, sur le <a href=\"https:\/\/nouveau.maisonmallet.com\">www.maisonmallet.com<\/a><\/p>\n<p>Ceux et celles qui le d\u00e9sirent, peuvent y envoyer des messages de sympathie.<\/p>\n<hr \/>\n<p>Envoyer vos condol\u00e9ances<\/p>\n<p>[contact-form to=\u00a0\u00bbmarie30@hotmail.com\u00a0\u00bb subject=\u00a0\u00bbCondol\u00e9ances Martin Gagnon\u00a0\u00bb][contact-field label=\u00a0\u00bbVotre nom\u00a0\u00bb type=\u00a0\u00bbname\u00a0\u00bb required=\u00a0\u00bb1&Prime;][contact-field label=\u00a0\u00bbVotre courriel\u00a0\u00bb type=\u00a0\u00bbemail\u00a0\u00bb required=\u00a0\u00bb1&Prime;][contact-field label=\u00a0\u00bbCondol\u00e9ances\u00a0\u00bb type=\u00a0\u00bbtextarea\u00a0\u00bb][\/contact-form]<\/p>\n","protected":false},"featured_media":46168,"template":"","event_cat":[6],"class_list":["post-46135","event","type-event","status-publish","has-post-thumbnail","hentry","event_cat-maison-mallet-et-fils-inc"],"_links":{"self":[{"href":"https:\/\/nouveau.maisonmallet.com\/back05_01\/index.php?rest_route=\/wp\/v2\/event\/46135","targetHints":{"allow":["GET"]}}],"collection":[{"href":"https:\/\/nouveau.maisonmallet.com\/back05_01\/index.php?rest_route=\/wp\/v2\/event"}],"about":[{"href":"https:\/\/nouveau.maisonmallet.com\/back05_01\/index.php?rest_route=\/wp\/v2\/types\/event"}],"wp:featuredmedia":[{"embeddable":true,"href":"https:\/\/nouveau.maisonmallet.com\/back05_01\/index.php?rest_route=\/wp\/v2\/media\/46168"}],"wp:attachment":[{"href":"https:\/\/nouveau.maisonmallet.com\/back05_01\/index.php?rest_route=%2Fwp%2Fv2%2Fmedia&parent=46135"}],"wp:term":[{"taxonomy":"event_cat","embeddable":true,"href":"https:\/\/nouveau.maisonmallet.com\/back05_01\/index.php?rest_route=%2Fwp%2Fv2%2Fevent_cat&post=46135"}],"curies":[{"name":"wp","href":"https:\/\/api.w.org\/{rel}","templated":true}]}}

<p>Le Complexe Thanatologique Mallet &amp; fils a le regret de vous annoncer le décès de</p>
<p>&nbsp;</p>
<p>Martin Gagnon</p>
<p>1976 – 2024</p>
<p>&nbsp;</p>
<p>À Port-Cartier, le 24 janvier 2024, est décédé à l’âge de 47 ans monsieur Martin Gagnon époux de madame Marie-Josée Ayers et domicilié à Port-Cartier.</p>
<p>Les funérailles de monsieur Martin Gagnon auront lieu le jeudi 1<sup>er</sup> février 2024 à 10 h 30, en l’église Sacré-Cœur située au 38, rue Parent à Port-Cartier.</p>
<p>Selon ses volontés, il a été confié au crématorium de la Maison Mallet &amp; fils pour crémation.</p>
<p>La famille reçoit parents et amis le mercredi 31 janvier 2024 de 19 h à 22 h. Le jeudi 1<sup>er</sup> février 2024 jour des funérailles à compter de 9 h au Complexe Thanatologique Mallet &amp; fils située au 57, route 138 à Port-Cartier.</p>
<p>Il laisse dans le deuil outre son épouse madame Marie-Josée Ayers, sa fille Amélya, sa belle-fille Jessica, son père monsieur Benoit Gagnon (Réjeanne Otis), sa mère madame Cécile Bérubé, ses frère : Éric (Lise Ayers), Richard, Alain et Albert, ses sœurs : Cathy (Dany Lavoie), Monica (Mathieu Hamilton), Myriam et Mélanie (Réjean Bradette) ainsi que son beau-père monsieur Raymond Bond, sa belle-mère madame Laure-Anna Ayers, son beau-frère Gaston (Mélanie Daigle), ses filleules : Molly (Karl Gagné) et Kim, ses neveux et ses nièces, ses oncles, ses tantes, ses cousins, ses cousines et de nombreux ami(e)s.</p>
<p>Vos marques de sympathie peuvent se traduire par un don à l’Association du cancer Est du Québec <a href="http://www.aceq.org">www.aceq.org</a></p>
<p>La famille a confié la direction des funérailles aux services professionnels de la maison Mallet &amp; fils du 57, route 138 à Port-Cartier, maintenant reconnue Distinction et membre de la Corporation des Thanatologues du Québec</p>
<p>Vous pouvez consulter cet avis de décès, sur le <a href="https://nouveau.maisonmallet.com">www.maisonmallet.com</a></p>
<p>Ceux et celles qui le désirent, peuvent y envoyer des messages de sympathie.</p>
<hr />
<p>Envoyer vos condoléances</p>
<p>[contact-form to= »marie30@hotmail.com » subject= »Condoléances Martin Gagnon »][contact-field label= »Votre nom » type= »name » required= »1&Prime;][contact-field label= »Votre courriel » type= »email » required= »1&Prime;][contact-field label= »Condoléances » type= »textarea »][/contact-form]</p>
