{"id":46186,"date":"2024-01-25T18:11:48","date_gmt":"2024-01-25T23:11:48","guid":{"rendered":"https:\/\/nouveau.maisonmallet.com\/?post_type=event&#038;p=46186"},"modified":"2024-02-03T21:09:56","modified_gmt":"2024-02-04T02:09:56","slug":"jourdain-billy-jack-edmond","status":"publish","type":"event","link":"https:\/\/nouveau.maisonmallet.com\/back05_01\/?event=jourdain-billy-jack-edmond","title":{"rendered":"Jourdain, Billy-Jack Edmond"},"content":{"rendered":"<p>Le Complexe Thanatologique Mallet &amp; fils a le regret de vous annoncer le d\u00e9c\u00e8s de<\/p>\n<p>Billy-Jack Edmond Jourdain<\/p>\n<p>2000 \u2013 2024<\/p>\n<p>&nbsp;<\/p>\n<p>\u00c0 Port-Cartier, le 25 janvier 2024, est d\u00e9c\u00e9d\u00e9 \u00e0 l\u2019\u00e2ge de 23 ans monsieur Billy-Jack Edmond Jourdain fils de madame Nelida Jourdain et de monsieur Noah Swappie (Anick Thomas) domicili\u00e9 \u00e0 Schefferville.<\/p>\n<p>Les fun\u00e9railles de monsieur Billy-Jack Edmond Jourdain auront lieu le jeudi 1<sup>er<\/sup> f\u00e9vrier 2024 \u00e0 14 h en l\u2019\u00e9glise Notre-Dame-des-Indiens de Matimekush-Lac John et de l\u00e0 au cimeti\u00e8re de Schefferville.<\/p>\n<p>La famille re\u00e7oit parents et amis le lundi 29 janvier 2024 de 13 h \u00e0 16 h et de 19 h \u00e0 22 h au Complexe Thanatologique Mallet &amp; fils du 585, boul. Laure \u00e0 Sept-\u00celes. Le mercredi 31 janvier 2024 \u00e0 compter de 9 h au 240, rue Redmond Schefferville.<\/p>\n<p>Il laisse dans le deuil son fils Kanametat, sa fille Kuakuapeshish, sa m\u00e8re madame Nelida Jourdain, son p\u00e8re monsieur Noah Swappie (Anick Thomas), ses s\u0153urs\u00a0: Julia (Edgar Gabriel) et Ang\u00e8le, ses fr\u00e8res ; Julian, Isa\u00efe et Norah ses ni\u00e8ces\u00a0: Lily-Rose et Nancy, ses grand-m\u00e8re\u00a0: madame Marie Jourdain et madame Noat Einish, ses neveux\u00a0: Maikaniss, Puamun et Tshapeush, ses oncles ainsi que ses tantes, ses cousins, ses cousines et de nombreux ami(e)s.<\/p>\n<p>La famille a confi\u00e9 les arrangements fun\u00e9raires aux services professionnels de la Maison Mallet &amp; fils du 585, boul. Laure \u00e0 Sept-\u00celes et la direction des fun\u00e9railles \u00e0 la Maison Porlier du 515, rue French \u00e0 Schefferville, membre de la Corporation des Thanatologues du Qu\u00e9bec.<\/p>\n<p>Vous pouvez consulter cet avis de d\u00e9c\u00e8s, sur le\u00a0 <a href=\"https:\/\/nouveau.maisonmallet.com\">www.maisonmallet.com<\/a><\/p>\n<p>Ceux et celle qui le d\u00e9sirent, peuvent y envoyer des messages de sympathie.<\/p>\n<p>&nbsp;<\/p>\n<hr \/>\n<p>Envoyer vos condol\u00e9ances<\/p>\n<p>[contact-form to=\u00a0\u00bbnelida.1972.jourdain@gmail.com\u00a0\u00bb subject=\u00a0\u00bbCondol\u00e9ances Billy-Jack Edmond Jourdain\u00a0\u00bb][contact-field label=\u00a0\u00bbVotre nom\u00a0\u00bb type=\u00a0\u00bbname\u00a0\u00bb required=\u00a0\u00bb1&Prime;][contact-field label=\u00a0\u00bbVotre courriel\u00a0\u00bb type=\u00a0\u00bbemail\u00a0\u00bb required=\u00a0\u00bb1&Prime;][contact-field label=\u00a0\u00bbCondol\u00e9ances\u00a0\u00bb type=\u00a0\u00bbtextarea\u00a0\u00bb][\/contact-form]<\/p>\n","protected":false},"featured_media":46194,"template":"","event_cat":[6],"class_list":["post-46186","event","type-event","status-publish","has-post-thumbnail","hentry","event_cat-maison-mallet-et-fils-inc"],"_links":{"self":[{"href":"https:\/\/nouveau.maisonmallet.com\/back05_01\/index.php?rest_route=\/wp\/v2\/event\/46186","targetHints":{"allow":["GET"]}}],"collection":[{"href":"https:\/\/nouveau.maisonmallet.com\/back05_01\/index.php?rest_route=\/wp\/v2\/event"}],"about":[{"href":"https:\/\/nouveau.maisonmallet.com\/back05_01\/index.php?rest_route=\/wp\/v2\/types\/event"}],"wp:featuredmedia":[{"embeddable":true,"href":"https:\/\/nouveau.maisonmallet.com\/back05_01\/index.php?rest_route=\/wp\/v2\/media\/46194"}],"wp:attachment":[{"href":"https:\/\/nouveau.maisonmallet.com\/back05_01\/index.php?rest_route=%2Fwp%2Fv2%2Fmedia&parent=46186"}],"wp:term":[{"taxonomy":"event_cat","embeddable":true,"href":"https:\/\/nouveau.maisonmallet.com\/back05_01\/index.php?rest_route=%2Fwp%2Fv2%2Fevent_cat&post=46186"}],"curies":[{"name":"wp","href":"https:\/\/api.w.org\/{rel}","templated":true}]}}

<p>Le Complexe Thanatologique Mallet &amp; fils a le regret de vous annoncer le décès de</p>
<p>Billy-Jack Edmond Jourdain</p>
<p>2000 – 2024</p>
<p>&nbsp;</p>
<p>À Port-Cartier, le 25 janvier 2024, est décédé à l’âge de 23 ans monsieur Billy-Jack Edmond Jourdain fils de madame Nelida Jourdain et de monsieur Noah Swappie (Anick Thomas) domicilié à Schefferville.</p>
<p>Les funérailles de monsieur Billy-Jack Edmond Jourdain auront lieu le jeudi 1<sup>er</sup> février 2024 à 14 h en l’église Notre-Dame-des-Indiens de Matimekush-Lac John et de là au cimetière de Schefferville.</p>
<p>La famille reçoit parents et amis le lundi 29 janvier 2024 de 13 h à 16 h et de 19 h à 22 h au Complexe Thanatologique Mallet &amp; fils du 585, boul. Laure à Sept-Îles. Le mercredi 31 janvier 2024 à compter de 9 h au 240, rue Redmond Schefferville.</p>
<p>Il laisse dans le deuil son fils Kanametat, sa fille Kuakuapeshish, sa mère madame Nelida Jourdain, son père monsieur Noah Swappie (Anick Thomas), ses sœurs : Julia (Edgar Gabriel) et Angèle, ses frères ; Julian, Isaïe et Norah ses nièces : Lily-Rose et Nancy, ses grand-mère : madame Marie Jourdain et madame Noat Einish, ses neveux : Maikaniss, Puamun et Tshapeush, ses oncles ainsi que ses tantes, ses cousins, ses cousines et de nombreux ami(e)s.</p>
<p>La famille a confié les arrangements funéraires aux services professionnels de la Maison Mallet &amp; fils du 585, boul. Laure à Sept-Îles et la direction des funérailles à la Maison Porlier du 515, rue French à Schefferville, membre de la Corporation des Thanatologues du Québec.</p>
<p>Vous pouvez consulter cet avis de décès, sur le  <a href="https://nouveau.maisonmallet.com">www.maisonmallet.com</a></p>
<p>Ceux et celle qui le désirent, peuvent y envoyer des messages de sympathie.</p>
<p>&nbsp;</p>
<hr />
<p>Envoyer vos condoléances</p>
<p>[contact-form to= »nelida.1972.jourdain@gmail.com » subject= »Condoléances Billy-Jack Edmond Jourdain »][contact-field label= »Votre nom » type= »name » required= »1&Prime;][contact-field label= »Votre courriel » type= »email » required= »1&Prime;][contact-field label= »Condoléances » type= »textarea »][/contact-form]</p>
