{"id":46356,"date":"2024-01-18T20:53:04","date_gmt":"2024-01-19T01:53:04","guid":{"rendered":"https:\/\/nouveau.maisonmallet.com\/?post_type=event&#038;p=46356"},"modified":"2024-07-01T11:51:31","modified_gmt":"2024-07-01T15:51:31","slug":"marcoux-sylvain","status":"publish","type":"event","link":"https:\/\/nouveau.maisonmallet.com\/back05_01\/?event=marcoux-sylvain","title":{"rendered":"MARCOUX, Sylvain"},"content":{"rendered":"<p>Le Complexe Thanatologique Mallet &amp; fils a le regret de vous annoncer le d\u00e9c\u00e8s de<\/p>\n<p>&nbsp;<\/p>\n<p>Sylvain Marcoux<\/p>\n<p>1966 \u2013 2024<\/p>\n<p>&nbsp;<\/p>\n<p>\u00c0 Chicoutimi, le 18 janvier 2024, est d\u00e9c\u00e9d\u00e9 \u00e0 l\u2019\u00e2ge de 57 ans, monsieur Sylvain Marcoux fils de monsieur Rom\u00e9o Marcoux et de madame Emelda Green domicili\u00e9 \u00e0 Chicoutimi.<\/p>\n<p>La c\u00e9r\u00e9monie comm\u00e9morative de monsieur Sylvain Marcoux aura lieu le lundi 5 f\u00e9vrier 2024 \u00e0 20 h 15 \u00e0 la chapelle du Complexe Thanatologique Mallet &amp; fils du 585, Boul. Laure \u00e0 Sept-\u00celes.<\/p>\n<p>Selon ses volont\u00e9s, il a \u00e9t\u00e9 confi\u00e9 au cr\u00e9matorium de la Maison Mallet &amp; fils pour cr\u00e9mation.<\/p>\n<p>La famille re\u00e7oit parents et amis le lundi 5 f\u00e9vrier 2024 de 19 h \u00e0 22 h. au Complexe Thanatologique Mallet &amp; fils du 585 Boul. Laure \u00e0 Sept-\u00celes.<\/p>\n<p>Il laisse dans le deuil son p\u00e8re monsieur Rom\u00e9o Marcoux, sa m\u00e8re madame Emelda Green, ses s\u0153urs\u00a0: Doris et Marie-France, ses fr\u00e8res\u00a0: Colin (Nathalie Fortier), Dany et Claude (Marie-Jos\u00e9e Cyr) ainsi que ses neveux, ses ni\u00e8ces, ses petites-ni\u00e8ces, ses oncles, ses tantes, ses cousins, ses cousines et ses nombreux ami(e)s.<\/p>\n<p>La famille a confi\u00e9 les arrangements aux services professionnels de la Maison Mallet &amp; fils du 585 Boul. Laure \u00e0 Sept-\u00celes, maintenant reconnue Distinction et membre de la Corporation des Thanatologues du Qu\u00e9bec.<\/p>\n<p>Vous pouvez consulter cet avis de d\u00e9c\u00e8s sur le\u00a0: <a href=\"https:\/\/nouveau.maisonmallet.com\">www.maisonmallet.com<\/a><\/p>\n<p>Ceux et celles qui le d\u00e9sirent, peuvent y envoyer des messages de sympathie.<\/p>\n<hr \/>\n<p>Envoyer vos condol\u00e9ances<\/p>\n<p>[contact-form to=\u00a0\u00bbdorismarcoux27@outlook.com\u00a0\u00bb subject=\u00a0\u00bbCondol\u00e9ances Sylvain Marcoux\u00a0\u00bb][contact-field label=\u00a0\u00bbVotre nom\u00a0\u00bb type=\u00a0\u00bbname\u00a0\u00bb required=\u00a0\u00bb1&Prime;][contact-field label=\u00a0\u00bbVotre courriel\u00a0\u00bb type=\u00a0\u00bbemail\u00a0\u00bb required=\u00a0\u00bb1&Prime;][contact-field label=\u00a0\u00bbCondol\u00e9ances\u00a0\u00bb type=\u00a0\u00bbtextarea\u00a0\u00bb][\/contact-form]<\/p>\n","protected":false},"featured_media":23343,"template":"","event_cat":[6],"class_list":["post-46356","event","type-event","status-publish","has-post-thumbnail","hentry","event_cat-maison-mallet-et-fils-inc"],"_links":{"self":[{"href":"https:\/\/nouveau.maisonmallet.com\/back05_01\/index.php?rest_route=\/wp\/v2\/event\/46356","targetHints":{"allow":["GET"]}}],"collection":[{"href":"https:\/\/nouveau.maisonmallet.com\/back05_01\/index.php?rest_route=\/wp\/v2\/event"}],"about":[{"href":"https:\/\/nouveau.maisonmallet.com\/back05_01\/index.php?rest_route=\/wp\/v2\/types\/event"}],"wp:featuredmedia":[{"embeddable":true,"href":"https:\/\/nouveau.maisonmallet.com\/back05_01\/index.php?rest_route=\/wp\/v2\/media\/23343"}],"wp:attachment":[{"href":"https:\/\/nouveau.maisonmallet.com\/back05_01\/index.php?rest_route=%2Fwp%2Fv2%2Fmedia&parent=46356"}],"wp:term":[{"taxonomy":"event_cat","embeddable":true,"href":"https:\/\/nouveau.maisonmallet.com\/back05_01\/index.php?rest_route=%2Fwp%2Fv2%2Fevent_cat&post=46356"}],"curies":[{"name":"wp","href":"https:\/\/api.w.org\/{rel}","templated":true}]}}

<p>Le Complexe Thanatologique Mallet &amp; fils a le regret de vous annoncer le décès de</p>
<p>&nbsp;</p>
<p>Sylvain Marcoux</p>
<p>1966 – 2024</p>
<p>&nbsp;</p>
<p>À Chicoutimi, le 18 janvier 2024, est décédé à l’âge de 57 ans, monsieur Sylvain Marcoux fils de monsieur Roméo Marcoux et de madame Emelda Green domicilié à Chicoutimi.</p>
<p>La cérémonie commémorative de monsieur Sylvain Marcoux aura lieu le lundi 5 février 2024 à 20 h 15 à la chapelle du Complexe Thanatologique Mallet &amp; fils du 585, Boul. Laure à Sept-Îles.</p>
<p>Selon ses volontés, il a été confié au crématorium de la Maison Mallet &amp; fils pour crémation.</p>
<p>La famille reçoit parents et amis le lundi 5 février 2024 de 19 h à 22 h. au Complexe Thanatologique Mallet &amp; fils du 585 Boul. Laure à Sept-Îles.</p>
<p>Il laisse dans le deuil son père monsieur Roméo Marcoux, sa mère madame Emelda Green, ses sœurs : Doris et Marie-France, ses frères : Colin (Nathalie Fortier), Dany et Claude (Marie-Josée Cyr) ainsi que ses neveux, ses nièces, ses petites-nièces, ses oncles, ses tantes, ses cousins, ses cousines et ses nombreux ami(e)s.</p>
<p>La famille a confié les arrangements aux services professionnels de la Maison Mallet &amp; fils du 585 Boul. Laure à Sept-Îles, maintenant reconnue Distinction et membre de la Corporation des Thanatologues du Québec.</p>
<p>Vous pouvez consulter cet avis de décès sur le : <a href="https://nouveau.maisonmallet.com">www.maisonmallet.com</a></p>
<p>Ceux et celles qui le désirent, peuvent y envoyer des messages de sympathie.</p>
<hr />
<p>Envoyer vos condoléances</p>
<p>[contact-form to= »dorismarcoux27@outlook.com » subject= »Condoléances Sylvain Marcoux »][contact-field label= »Votre nom » type= »name » required= »1&Prime;][contact-field label= »Votre courriel » type= »email » required= »1&Prime;][contact-field label= »Condoléances » type= »textarea »][/contact-form]</p>
