{"id":4636,"date":"2019-08-14T14:03:56","date_gmt":"2019-08-14T18:03:56","guid":{"rendered":"https:\/\/nouveau.maisonmallet.com\/?post_type=event&#038;p=4636"},"modified":"2019-08-23T14:15:15","modified_gmt":"2019-08-23T18:15:15","slug":"deroy-lucille30071928","status":"publish","type":"event","link":"https:\/\/nouveau.maisonmallet.com\/back05_01\/?event=deroy-lucille30071928","title":{"rendered":"DEROY, Lucille"},"content":{"rendered":"<p>1928 &#8211; 2019<\/p>\n<p>DEROY, Lucille<\/p>\n<p>&nbsp;<\/p>\n<p>&nbsp;<\/p>\n<p>\u00c0 Sept-\u00celes, le 14 ao\u00fbt 2019, est d\u00e9c\u00e9d\u00e9e l\u2019\u00e2ge de 91 ans, madame Lucille Deroy conjointe de feu Henry Pag\u00e9 et domicili\u00e9e \u00e0 Pointe-aux-Anglais.<\/p>\n<p>Les fun\u00e9railles de madame Lucille Deroy auront lieu le samedi 7 septembre 2019 \u00e0 14 h en l\u2019\u00e9glise Saint-Paul de Pointe-aux-Anglais.<\/p>\n<p>Selon ses volont\u00e9s, elle a \u00e9t\u00e9 confi\u00e9e au cr\u00e9matorium de la Maison Mallet &amp; fils pour cr\u00e9mation.<\/p>\n<p>La famille re\u00e7oit parents et amis le samedi 7 septembre 2019 jour des fun\u00e9railles \u00e0 compter de 13 h \u00e0 l`\u00e9glise Saint-Paul de Pointe-aux-Anglais.<\/p>\n<p>Elle laisse dans le deuil ses enfants : Yves (Ga\u00e9tane B\u00e9rub\u00e9), Bertrand (Judith M\u00e9thot), Lyne (feu Cl\u00e9ment M\u00e9thot), Chantal (Bruno Langlois) et Susie (Marco Charette), ses neuf petits-enfants, ses sept arri\u00e8re-petits-enfants ainsi que ses deux arri\u00e8res-arri\u00e8res-petits-enfants, ses belles-s\u0153urs, ses neveux, ses ni\u00e8ce, ses cousins, ses cousines et de nombreux ami(e)s.<\/p>\n<p>La famille a confi\u00e9 la direction des fun\u00e9railles aux services professionnels de la Maison Mallet &amp; fils du 57, route 138 \u00e0 Port-Cartier, maintenant reconnue Distinction et membre de la Corporation des Thanatologues du Qu\u00e9bec.<\/p>\n<p>Vous pouvez consulter cet avis de d\u00e9c\u00e8s, sur le <a href=\"https:\/\/nouveau.maisonmallet.com\/back05_01\/\">www.maisonmallet.com<\/a><\/p>\n<p>Ceux et celle qui le d\u00e9sirent, peuvent y envoyer des messages de sympathie.<\/p>\n<p>&nbsp;<\/p>\n<p>&nbsp;<\/p>\n<hr \/>\n<p>Envoyer vos condol\u00e9ances<\/p>\n<p>[contact-form to=\u00a0\u00bbcpeloquin36@gmail.com\u00a0\u00bb subject=\u00a0\u00bbCondol\u00e9ances Lucille Deroy\u00a0\u00bb][contact-field label=\u00a0\u00bbVotre nom\u00a0\u00bb type=\u00a0\u00bbname\u00a0\u00bb required=\u00a0\u00bb1&Prime;][contact-field label=\u00a0\u00bbVotre courriel\u00a0\u00bb type=\u00a0\u00bbemail\u00a0\u00bb required=\u00a0\u00bb1&Prime;][contact-field label=\u00a0\u00bbCondol\u00e9ances\u00a0\u00bb type=\u00a0\u00bbtextarea\u00a0\u00bb][\/contact-form]<\/p>\n","protected":false},"featured_media":0,"template":"","event_cat":[6],"class_list":["post-4636","event","type-event","status-publish","hentry","event_cat-maison-mallet-et-fils-inc"],"_links":{"self":[{"href":"https:\/\/nouveau.maisonmallet.com\/back05_01\/index.php?rest_route=\/wp\/v2\/event\/4636","targetHints":{"allow":["GET"]}}],"collection":[{"href":"https:\/\/nouveau.maisonmallet.com\/back05_01\/index.php?rest_route=\/wp\/v2\/event"}],"about":[{"href":"https:\/\/nouveau.maisonmallet.com\/back05_01\/index.php?rest_route=\/wp\/v2\/types\/event"}],"wp:attachment":[{"href":"https:\/\/nouveau.maisonmallet.com\/back05_01\/index.php?rest_route=%2Fwp%2Fv2%2Fmedia&parent=4636"}],"wp:term":[{"taxonomy":"event_cat","embeddable":true,"href":"https:\/\/nouveau.maisonmallet.com\/back05_01\/index.php?rest_route=%2Fwp%2Fv2%2Fevent_cat&post=4636"}],"curies":[{"name":"wp","href":"https:\/\/api.w.org\/{rel}","templated":true}]}}

<p>1928 &#8211; 2019</p>
<p>DEROY, Lucille</p>
<p>&nbsp;</p>
<p>&nbsp;</p>
<p>À Sept-Îles, le 14 août 2019, est décédée l’âge de 91 ans, madame Lucille Deroy conjointe de feu Henry Pagé et domiciliée à Pointe-aux-Anglais.</p>
<p>Les funérailles de madame Lucille Deroy auront lieu le samedi 7 septembre 2019 à 14 h en l’église Saint-Paul de Pointe-aux-Anglais.</p>
<p>Selon ses volontés, elle a été confiée au crématorium de la Maison Mallet &amp; fils pour crémation.</p>
<p>La famille reçoit parents et amis le samedi 7 septembre 2019 jour des funérailles à compter de 13 h à l`église Saint-Paul de Pointe-aux-Anglais.</p>
<p>Elle laisse dans le deuil ses enfants : Yves (Gaétane Bérubé), Bertrand (Judith Méthot), Lyne (feu Clément Méthot), Chantal (Bruno Langlois) et Susie (Marco Charette), ses neuf petits-enfants, ses sept arrière-petits-enfants ainsi que ses deux arrières-arrières-petits-enfants, ses belles-sœurs, ses neveux, ses nièce, ses cousins, ses cousines et de nombreux ami(e)s.</p>
<p>La famille a confié la direction des funérailles aux services professionnels de la Maison Mallet &amp; fils du 57, route 138 à Port-Cartier, maintenant reconnue Distinction et membre de la Corporation des Thanatologues du Québec.</p>
<p>Vous pouvez consulter cet avis de décès, sur le <a href="https://nouveau.maisonmallet.com/back05_01/">www.maisonmallet.com</a></p>
<p>Ceux et celle qui le désirent, peuvent y envoyer des messages de sympathie.</p>
<p>&nbsp;</p>
<p>&nbsp;</p>
<hr />
<p>Envoyer vos condoléances</p>
<p>[contact-form to= »cpeloquin36@gmail.com » subject= »Condoléances Lucille Deroy »][contact-field label= »Votre nom » type= »name » required= »1&Prime;][contact-field label= »Votre courriel » type= »email » required= »1&Prime;][contact-field label= »Condoléances » type= »textarea »][/contact-form]</p>
