{"id":46529,"date":"2024-01-31T13:21:31","date_gmt":"2024-01-31T18:21:31","guid":{"rendered":"https:\/\/nouveau.maisonmallet.com\/?post_type=event&#038;p=46529"},"modified":"2024-07-01T11:48:44","modified_gmt":"2024-07-01T15:48:44","slug":"wright-leopold","status":"publish","type":"event","link":"https:\/\/nouveau.maisonmallet.com\/back05_01\/?event=wright-leopold","title":{"rendered":"WRIGHT, L\u00e9opold"},"content":{"rendered":"<p>Le Complexe Thanatologique Mallet &amp; fils a le regret de vous annoncer le d\u00e9c\u00e8s de<\/p>\n<p>&nbsp;<\/p>\n<p>L\u00e9opold Wright<\/p>\n<p>1935 \u2013 2024<\/p>\n<p>&nbsp;<\/p>\n<p>\u00c0 Sept-\u00celes (maison \u00c9lyme des sables), le 31 janvier 2024, est d\u00e9c\u00e9d\u00e9 \u00e0 l\u2019\u00e2ge de 88 ans, monsieur L\u00e9opold Wright \u00e9poux de madame Jeannine Caron et domicili\u00e9 \u00e0 Sept-\u00celes.<\/p>\n<p>La c\u00e9r\u00e9monie comm\u00e9morative de monsieur L\u00e9opold Wright aura lieu le jeudi 8 f\u00e9vrier 2024 \u00e0 20 h 15 \u00e0 la chapelle du Complexe Thanatologique Mallet &amp; fils du 585, Boul. Laure \u00e0 Sept-\u00celes.<\/p>\n<p>Selon ses volont\u00e9s, il a \u00e9t\u00e9 confi\u00e9 au cr\u00e9matorium de la Maison Mallet &amp; fils pour cr\u00e9mation.<\/p>\n<p>La famille re\u00e7oit parents et amis le jeudi 8 f\u00e9vrier 2024 de 19 h \u00e0 22 h. au Complexe Thanatologique Mallet &amp; fils du 585 Boul. Laure \u00e0 Sept-\u00celes.<\/p>\n<p>Il laisse dans le deuil outre son \u00e9pouse madame Jeannine Caron, ses fils : Allan (Gabrielle Monger) et Garry (Nadia Scremin), sa fille Cathy (Patrice Pellerin), ses petits-fils : Steven (Marie-Pier Bergeron) et Brandon, ses petites-filles : Sarah-Eve, Jessica, Fanny (Philippe Blanchette) et Sara-Kim, ses arri\u00e8re-petites-filles : Ka\u00e8lie et M\u00e9lina, son arri\u00e8re-petit-fils Jayden ainsi que son fr\u00e8re Robert (Doris Voyer), ses beaux-fr\u00e8res, ses belles-s\u0153urs, ses neveux, ses ni\u00e8ces, ses cousins, ses cousines et ses nombreux ami(e)s.<\/p>\n<p>En mon nom personnel Jeannine Caron et celui de mon conjoint L\u00e9opold Wright, nous tenons \u00e0 remercier l&rsquo;accompagnent extraordinaire et tellement humain du Dr H\u00e9l\u00e8ne Robichaud et son \u00e9quipe, les inalotherapeutes, les soins \u00e0 domicile et l&rsquo;\u00e9quipe\u00a0 de l&rsquo;elyme des sables. Vous tous avez contribu\u00e9, de pr\u00e8s ou de loin, \u00e0 nous guider tout au long de notre parcours.<\/p>\n<p>Mille mercis!<\/p>\n<p>Vos marques de sympathie peuvent se traduire par un don \u00e0 l\u2019\u00c9lyme des sables <a href=\"http:\/\/www.elymedessables.com\">www.elymedessables.com<\/a><\/p>\n<p>La famille a confi\u00e9 les arrangements aux services professionnels de la Maison Mallet &amp; fils du 585 Boul. Laure \u00e0 Sept-\u00celes, maintenant reconnue Distinction et membre de la Corporation des Thanatologues du Qu\u00e9bec.<\/p>\n<p>Vous pouvez consulter cet avis de d\u00e9c\u00e8s sur le\u00a0: <a href=\"https:\/\/nouveau.maisonmallet.com\">www.maisonmallet.com<\/a><\/p>\n<p>Ceux et celles qui le d\u00e9sirent, peuvent y envoyer des messages de sympathie.<\/p>\n<hr \/>\n<p>Envoyer vos condol\u00e9ances<\/p>\n<p>[contact-form to=\u00a0\u00bbniocaron@hotmail.com\u00a0\u00bb subject=\u00a0\u00bbCondol\u00e9ances L\u00e9opold Wright\u00a0\u00bb][contact-field label=\u00a0\u00bbVotre nom\u00a0\u00bb type=\u00a0\u00bbname\u00a0\u00bb required=\u00a0\u00bb1&Prime;][contact-field label=\u00a0\u00bbVotre courriel\u00a0\u00bb type=\u00a0\u00bbemail\u00a0\u00bb required=\u00a0\u00bb1&Prime;][contact-field label=\u00a0\u00bbCondol\u00e9ances\u00a0\u00bb type=\u00a0\u00bbtextarea\u00a0\u00bb][\/contact-form]<\/p>\n","protected":false},"featured_media":46557,"template":"","event_cat":[6],"class_list":["post-46529","event","type-event","status-publish","has-post-thumbnail","hentry","event_cat-maison-mallet-et-fils-inc"],"_links":{"self":[{"href":"https:\/\/nouveau.maisonmallet.com\/back05_01\/index.php?rest_route=\/wp\/v2\/event\/46529","targetHints":{"allow":["GET"]}}],"collection":[{"href":"https:\/\/nouveau.maisonmallet.com\/back05_01\/index.php?rest_route=\/wp\/v2\/event"}],"about":[{"href":"https:\/\/nouveau.maisonmallet.com\/back05_01\/index.php?rest_route=\/wp\/v2\/types\/event"}],"wp:featuredmedia":[{"embeddable":true,"href":"https:\/\/nouveau.maisonmallet.com\/back05_01\/index.php?rest_route=\/wp\/v2\/media\/46557"}],"wp:attachment":[{"href":"https:\/\/nouveau.maisonmallet.com\/back05_01\/index.php?rest_route=%2Fwp%2Fv2%2Fmedia&parent=46529"}],"wp:term":[{"taxonomy":"event_cat","embeddable":true,"href":"https:\/\/nouveau.maisonmallet.com\/back05_01\/index.php?rest_route=%2Fwp%2Fv2%2Fevent_cat&post=46529"}],"curies":[{"name":"wp","href":"https:\/\/api.w.org\/{rel}","templated":true}]}}

WRIGHT, Léopold

<p>Le Complexe Thanatologique Mallet &amp; fils a le regret de vous annoncer le décès de</p>
<p>&nbsp;</p>
<p>Léopold Wright</p>
<p>1935 – 2024</p>
<p>&nbsp;</p>
<p>À Sept-Îles (maison Élyme des sables), le 31 janvier 2024, est décédé à l’âge de 88 ans, monsieur Léopold Wright époux de madame Jeannine Caron et domicilié à Sept-Îles.</p>
<p>La cérémonie commémorative de monsieur Léopold Wright aura lieu le jeudi 8 février 2024 à 20 h 15 à la chapelle du Complexe Thanatologique Mallet &amp; fils du 585, Boul. Laure à Sept-Îles.</p>
<p>Selon ses volontés, il a été confié au crématorium de la Maison Mallet &amp; fils pour crémation.</p>
<p>La famille reçoit parents et amis le jeudi 8 février 2024 de 19 h à 22 h. au Complexe Thanatologique Mallet &amp; fils du 585 Boul. Laure à Sept-Îles.</p>
<p>Il laisse dans le deuil outre son épouse madame Jeannine Caron, ses fils : Allan (Gabrielle Monger) et Garry (Nadia Scremin), sa fille Cathy (Patrice Pellerin), ses petits-fils : Steven (Marie-Pier Bergeron) et Brandon, ses petites-filles : Sarah-Eve, Jessica, Fanny (Philippe Blanchette) et Sara-Kim, ses arrière-petites-filles : Kaèlie et Mélina, son arrière-petit-fils Jayden ainsi que son frère Robert (Doris Voyer), ses beaux-frères, ses belles-sœurs, ses neveux, ses nièces, ses cousins, ses cousines et ses nombreux ami(e)s.</p>
<p>En mon nom personnel Jeannine Caron et celui de mon conjoint Léopold Wright, nous tenons à remercier l&rsquo;accompagnent extraordinaire et tellement humain du Dr Hélène Robichaud et son équipe, les inalotherapeutes, les soins à domicile et l&rsquo;équipe  de l&rsquo;elyme des sables. Vous tous avez contribué, de près ou de loin, à nous guider tout au long de notre parcours.</p>
<p>Mille mercis!</p>
<p>Vos marques de sympathie peuvent se traduire par un don à l’Élyme des sables <a href="http://www.elymedessables.com">www.elymedessables.com</a></p>
<p>La famille a confié les arrangements aux services professionnels de la Maison Mallet &amp; fils du 585 Boul. Laure à Sept-Îles, maintenant reconnue Distinction et membre de la Corporation des Thanatologues du Québec.</p>
<p>Vous pouvez consulter cet avis de décès sur le : <a href="https://nouveau.maisonmallet.com">www.maisonmallet.com</a></p>
<p>Ceux et celles qui le désirent, peuvent y envoyer des messages de sympathie.</p>
<hr />
<p>Envoyer vos condoléances</p>
<p>[contact-form to= »niocaron@hotmail.com » subject= »Condoléances Léopold Wright »][contact-field label= »Votre nom » type= »name » required= »1&Prime;][contact-field label= »Votre courriel » type= »email » required= »1&Prime;][contact-field label= »Condoléances » type= »textarea »][/contact-form]</p>
