{"id":46555,"date":"2024-02-04T11:41:59","date_gmt":"2024-02-04T16:41:59","guid":{"rendered":"https:\/\/nouveau.maisonmallet.com\/?post_type=event&#038;p=46555"},"modified":"2024-07-01T11:48:10","modified_gmt":"2024-07-01T15:48:10","slug":"desmeules-florida","status":"publish","type":"event","link":"https:\/\/nouveau.maisonmallet.com\/back05_01\/?event=desmeules-florida","title":{"rendered":"DESMEULES, Florida"},"content":{"rendered":"<p>Le Complexe Thanatologique Mallet &amp; fils a le regret de vous annoncer le d\u00e9c\u00e8s de<\/p>\n<p>&nbsp;<\/p>\n<p>DESMEULES, Florida<\/p>\n<p>1921 &#8211; 2024<\/p>\n<p>\u00c0 Sept-\u00celes (r\u00e9sidence Urgel-Pelletier), le 4 f\u00e9vrier 2024 est d\u00e9c\u00e9d\u00e9e \u00e0 l\u2019\u00e2ge de 102 ans et 7 mois, Mme Florida Desmeules \u00e9pouse de (feu M. Ernest Langlais) et domicili\u00e9e \u00e0 Sept-\u00celes.<\/p>\n<p>Elle \u00e9tait la fille de feu M. Philippe Desmeules et de feu Mme Florina Boudreault.<\/p>\n<p>Les membres de la famille accueilleront parents et amis au\u00a0: Complexe fun\u00e9raire H\u00e9bert &amp; Fils, du 863, rue H\u00e9bert, \u00e0 Desbiens<\/p>\n<p>Le vendredi 21 juin 2024, de 14 h \u00e0 17 h, et de 19 h \u00e0 21 h. Le samedi 22 juin 2024, \u00e0 compter 10 h, suivi d\u2019une c\u00e9r\u00e9monie au complexe fun\u00e9raire de Desbiens \u00e0 11 h.<\/p>\n<p>Les cendres de Mme Desmeules, seront d\u00e9pos\u00e9es au cimeti\u00e8re de Desbiens.<\/p>\n<p>Lui ont pr\u00e9c\u00e9d\u00e9 sa fille\u00a0: Jeanne (feu Paul Truchon); Son fils\u00a0: Florian (Lise Delisle);<\/p>\n<p>Mme Desmeules, laisse dans le deuil\u00a0ses filles\u00a0: Claudette (R\u00e9gis Cayouette), Pierrette (Raynald Gervais) et Line (Donald Courcy), ses fils\u00a0: Janel (Jos\u00e9e Rivard) et Sylvain, Ses petits-enfants\u00a0: Suzie, Steeve, Nelson, St\u00e9phan, Michel, Martin, M\u00e9lanie, Isabelle et Genevi\u00e8ve, ses arri\u00e8re-petits-enfants\u00a0: \u00c9milie, Olivier, Philippe, William, Fran\u00e7ois, Anne-Laurie, Simon-Olivier, June, L\u00e9na, Lou, Manu et Zack ainsi que ses fr\u00e8res\u00a0: Florian et Albert (Burt) Desmeules, ses belles-s\u0153urs, beaux-fr\u00e8res, neveux et ni\u00e8ces.<\/p>\n<p>Pour information :\u00a0t\u00e9l\u00e9phone bureau 418-349-2894, t\u00e9l\u00e9copieur 418-276-1447, courriel :\u00a0<a href=\"mailto:infometabet@hebertetfils.com\">infometabet@hebertetfils.com<\/a> \u00a0et site Internet :\u00a0<a href=\"http:\/\/www.hebertetfils.com\/\">www.hebertetfils.com<\/a>\u00a0Direction fun\u00e9raire :\u00a0Maison fun\u00e9raire H\u00e9bert et fils, M\u00e9tabetchouan-Lac-\u00e0-la-Croix.\u00a0(Membre de la Corporation des Thanatologues du Qu\u00e9bec).<\/p>\n<p>Vous pouvez consulter cet avis de d\u00e9c\u00e8s, sur le <a href=\"https:\/\/nouveau.maisonmallet.com\">www.maisonmallet.com<\/a><\/p>\n<p>Ceux et celles qui le d\u00e9sirent, peuvent y envoyer des messages de sympathie.<\/p>\n<hr \/>\n<p>Envoyer vos condol\u00e9ances<\/p>\n<p>[contact-form to=\u00a0\u00bbline.langlais49@icloud.com\u00a0\u00bb subject=\u00a0\u00bbCondol\u00e9ances Florida Desmeules\u00a0\u00bb][contact-field label=\u00a0\u00bbVotre nom\u00a0\u00bb type=\u00a0\u00bbname\u00a0\u00bb required=\u00a0\u00bb1&Prime;][contact-field label=\u00a0\u00bbVotre courriel\u00a0\u00bb type=\u00a0\u00bbemail\u00a0\u00bb required=\u00a0\u00bb1&Prime;][contact-field label=\u00a0\u00bbCondol\u00e9ances\u00a0\u00bb type=\u00a0\u00bbtextarea\u00a0\u00bb][\/contact-form]<\/p>\n","protected":false},"featured_media":46599,"template":"","event_cat":[6],"class_list":["post-46555","event","type-event","status-publish","has-post-thumbnail","hentry","event_cat-maison-mallet-et-fils-inc"],"_links":{"self":[{"href":"https:\/\/nouveau.maisonmallet.com\/back05_01\/index.php?rest_route=\/wp\/v2\/event\/46555","targetHints":{"allow":["GET"]}}],"collection":[{"href":"https:\/\/nouveau.maisonmallet.com\/back05_01\/index.php?rest_route=\/wp\/v2\/event"}],"about":[{"href":"https:\/\/nouveau.maisonmallet.com\/back05_01\/index.php?rest_route=\/wp\/v2\/types\/event"}],"wp:featuredmedia":[{"embeddable":true,"href":"https:\/\/nouveau.maisonmallet.com\/back05_01\/index.php?rest_route=\/wp\/v2\/media\/46599"}],"wp:attachment":[{"href":"https:\/\/nouveau.maisonmallet.com\/back05_01\/index.php?rest_route=%2Fwp%2Fv2%2Fmedia&parent=46555"}],"wp:term":[{"taxonomy":"event_cat","embeddable":true,"href":"https:\/\/nouveau.maisonmallet.com\/back05_01\/index.php?rest_route=%2Fwp%2Fv2%2Fevent_cat&post=46555"}],"curies":[{"name":"wp","href":"https:\/\/api.w.org\/{rel}","templated":true}]}}

<p>Le Complexe Thanatologique Mallet &amp; fils a le regret de vous annoncer le décès de</p>
<p>&nbsp;</p>
<p>DESMEULES, Florida</p>
<p>1921 &#8211; 2024</p>
<p>À Sept-Îles (résidence Urgel-Pelletier), le 4 février 2024 est décédée à l’âge de 102 ans et 7 mois, Mme Florida Desmeules épouse de (feu M. Ernest Langlais) et domiciliée à Sept-Îles.</p>
<p>Elle était la fille de feu M. Philippe Desmeules et de feu Mme Florina Boudreault.</p>
<p>Les membres de la famille accueilleront parents et amis au : Complexe funéraire Hébert &amp; Fils, du 863, rue Hébert, à Desbiens</p>
<p>Le vendredi 21 juin 2024, de 14 h à 17 h, et de 19 h à 21 h. Le samedi 22 juin 2024, à compter 10 h, suivi d’une cérémonie au complexe funéraire de Desbiens à 11 h.</p>
<p>Les cendres de Mme Desmeules, seront déposées au cimetière de Desbiens.</p>
<p>Lui ont précédé sa fille : Jeanne (feu Paul Truchon); Son fils : Florian (Lise Delisle);</p>
<p>Mme Desmeules, laisse dans le deuil ses filles : Claudette (Régis Cayouette), Pierrette (Raynald Gervais) et Line (Donald Courcy), ses fils : Janel (Josée Rivard) et Sylvain, Ses petits-enfants : Suzie, Steeve, Nelson, Stéphan, Michel, Martin, Mélanie, Isabelle et Geneviève, ses arrière-petits-enfants : Émilie, Olivier, Philippe, William, François, Anne-Laurie, Simon-Olivier, June, Léna, Lou, Manu et Zack ainsi que ses frères : Florian et Albert (Burt) Desmeules, ses belles-sœurs, beaux-frères, neveux et nièces.</p>
<p>Pour information : téléphone bureau 418-349-2894, télécopieur 418-276-1447, courriel : <a href="mailto:infometabet@hebertetfils.com">infometabet@hebertetfils.com</a>  et site Internet : <a href="http://www.hebertetfils.com/">www.hebertetfils.com</a> Direction funéraire : Maison funéraire Hébert et fils, Métabetchouan-Lac-à-la-Croix. (Membre de la Corporation des Thanatologues du Québec).</p>
<p>Vous pouvez consulter cet avis de décès, sur le <a href="https://nouveau.maisonmallet.com">www.maisonmallet.com</a></p>
<p>Ceux et celles qui le désirent, peuvent y envoyer des messages de sympathie.</p>
<hr />
<p>Envoyer vos condoléances</p>
<p>[contact-form to= »line.langlais49@icloud.com » subject= »Condoléances Florida Desmeules »][contact-field label= »Votre nom » type= »name » required= »1&Prime;][contact-field label= »Votre courriel » type= »email » required= »1&Prime;][contact-field label= »Condoléances » type= »textarea »][/contact-form]</p>
