{"id":46627,"date":"2024-02-10T08:22:13","date_gmt":"2024-02-10T13:22:13","guid":{"rendered":"https:\/\/nouveau.maisonmallet.com\/?post_type=event&#038;p=46627"},"modified":"2024-07-01T11:46:42","modified_gmt":"2024-07-01T15:46:42","slug":"vaillancourt-anselme","status":"publish","type":"event","link":"https:\/\/nouveau.maisonmallet.com\/back05_01\/?event=vaillancourt-anselme","title":{"rendered":"VAILLANCOURT, Anselme"},"content":{"rendered":"<p>La Maison L.J.G. Mallet a le regret de vous annoncer le d\u00e9c\u00e8s de<\/p>\n<p>&nbsp;<\/p>\n<p>Anselme Vaillancourt<\/p>\n<p>1927 \u2013 2024<\/p>\n<p>&nbsp;<\/p>\n<p>\u00c0 Havre Saint-Pierre, le 10 f\u00e9vrier 2024, est d\u00e9c\u00e9d\u00e9 \u00e0 l\u2019\u00e2ge de 96 ans monsieur Anselme Vaillancourt \u00e9poux de feu Nelly Ward et domicili\u00e9 \u00e0 Longue-Pointe-de-Mingan.<\/p>\n<p>Les fun\u00e9railles de monsieur Anselme Vaillancourt auront lieu le samedi 17 f\u00e9vrier 2024 \u00e0 14 h en l\u2019\u00e9glise St-Fran\u00e7ois d\u2019Assise de Longue-Pointe-de-Mingan.<\/p>\n<p>Selon ses volont\u00e9s, il a \u00e9t\u00e9 confi\u00e9 au cr\u00e9matorium de la Maison L.J.G. Mallet pour cr\u00e9mation.<\/p>\n<p>La famille re\u00e7oit parents et amis le samedi 17 f\u00e9vrier 2024 jour des fun\u00e9railles \u00e0 compter de 13 h \u00e0 l\u2019\u00e9glise St-Fran\u00e7ois d\u2019Assise de Longue-Pointe-de-Mingan.<\/p>\n<p>Il laisse dans le deuil ses filles\u00a0: Lili-Anne (feu Omer Loiselle), Mich\u00e8le (Steve Chiasson) et Dany (Germain Landry), ses fils\u00a0: Normand (Sylvie Martel) et Jim (Danielle Lessard), ses treize petits-enfants, ses vingt-trois arri\u00e8re-petits-enfants, ses quatre arri\u00e8re-arri\u00e8re-petits-enfants ainsi que son fr\u00e8re Raoul (Jeannette Gagnon), sa belle-s\u0153ur Berthe Moyen, ses neveux, ses ni\u00e8ces et de nombreux ami(e)s.<\/p>\n<p>La famille a confi\u00e9 la direction des fun\u00e9railles aux services professionnels de la Maison L.J.G. Mallet du 1429, rue du Canot \u00e0 Havre-St-Pierre, maintenant reconnue Distinction et membre de la Corporation des Thanatologues du Qu\u00e9bec.<\/p>\n<p>Vous pouvez consulter cet avis de d\u00e9c\u00e8s, sur le <a href=\"https:\/\/nouveau.maisonmallet.com\">www.maisonmallet.com<\/a><\/p>\n<p>Ceux et celles qui le d\u00e9sirent, peuvent y envoyer des messages de sympathie.<\/p>\n<hr \/>\n<p>Envoyer vos condol\u00e9ances<\/p>\n<p>[contact-form to=\u00a0\u00bbdanyvaillancourt46@gmail.com\u00a0\u00bb subject=\u00a0\u00bbCondol\u00e9ances Anselme Vaillancourt\u00a0\u00bb][contact-field label=\u00a0\u00bbVotre nom\u00a0\u00bb type=\u00a0\u00bbname\u00a0\u00bb required=\u00a0\u00bb1&Prime;][contact-field label=\u00a0\u00bbVotre courriel\u00a0\u00bb type=\u00a0\u00bbemail\u00a0\u00bb required=\u00a0\u00bb1&Prime;][contact-field label=\u00a0\u00bbCondol\u00e9ances\u00a0\u00bb type=\u00a0\u00bbtextarea\u00a0\u00bb][\/contact-form]<\/p>\n","protected":false},"featured_media":46690,"template":"","event_cat":[7],"class_list":["post-46627","event","type-event","status-publish","has-post-thumbnail","hentry","event_cat-maison-l-j-g-mallet-inc"],"_links":{"self":[{"href":"https:\/\/nouveau.maisonmallet.com\/back05_01\/index.php?rest_route=\/wp\/v2\/event\/46627","targetHints":{"allow":["GET"]}}],"collection":[{"href":"https:\/\/nouveau.maisonmallet.com\/back05_01\/index.php?rest_route=\/wp\/v2\/event"}],"about":[{"href":"https:\/\/nouveau.maisonmallet.com\/back05_01\/index.php?rest_route=\/wp\/v2\/types\/event"}],"wp:featuredmedia":[{"embeddable":true,"href":"https:\/\/nouveau.maisonmallet.com\/back05_01\/index.php?rest_route=\/wp\/v2\/media\/46690"}],"wp:attachment":[{"href":"https:\/\/nouveau.maisonmallet.com\/back05_01\/index.php?rest_route=%2Fwp%2Fv2%2Fmedia&parent=46627"}],"wp:term":[{"taxonomy":"event_cat","embeddable":true,"href":"https:\/\/nouveau.maisonmallet.com\/back05_01\/index.php?rest_route=%2Fwp%2Fv2%2Fevent_cat&post=46627"}],"curies":[{"name":"wp","href":"https:\/\/api.w.org\/{rel}","templated":true}]}}

<p>La Maison L.J.G. Mallet a le regret de vous annoncer le décès de</p>
<p>&nbsp;</p>
<p>Anselme Vaillancourt</p>
<p>1927 – 2024</p>
<p>&nbsp;</p>
<p>À Havre Saint-Pierre, le 10 février 2024, est décédé à l’âge de 96 ans monsieur Anselme Vaillancourt époux de feu Nelly Ward et domicilié à Longue-Pointe-de-Mingan.</p>
<p>Les funérailles de monsieur Anselme Vaillancourt auront lieu le samedi 17 février 2024 à 14 h en l’église St-François d’Assise de Longue-Pointe-de-Mingan.</p>
<p>Selon ses volontés, il a été confié au crématorium de la Maison L.J.G. Mallet pour crémation.</p>
<p>La famille reçoit parents et amis le samedi 17 février 2024 jour des funérailles à compter de 13 h à l’église St-François d’Assise de Longue-Pointe-de-Mingan.</p>
<p>Il laisse dans le deuil ses filles : Lili-Anne (feu Omer Loiselle), Michèle (Steve Chiasson) et Dany (Germain Landry), ses fils : Normand (Sylvie Martel) et Jim (Danielle Lessard), ses treize petits-enfants, ses vingt-trois arrière-petits-enfants, ses quatre arrière-arrière-petits-enfants ainsi que son frère Raoul (Jeannette Gagnon), sa belle-sœur Berthe Moyen, ses neveux, ses nièces et de nombreux ami(e)s.</p>
<p>La famille a confié la direction des funérailles aux services professionnels de la Maison L.J.G. Mallet du 1429, rue du Canot à Havre-St-Pierre, maintenant reconnue Distinction et membre de la Corporation des Thanatologues du Québec.</p>
<p>Vous pouvez consulter cet avis de décès, sur le <a href="https://nouveau.maisonmallet.com">www.maisonmallet.com</a></p>
<p>Ceux et celles qui le désirent, peuvent y envoyer des messages de sympathie.</p>
<hr />
<p>Envoyer vos condoléances</p>
<p>[contact-form to= »danyvaillancourt46@gmail.com » subject= »Condoléances Anselme Vaillancourt »][contact-field label= »Votre nom » type= »name » required= »1&Prime;][contact-field label= »Votre courriel » type= »email » required= »1&Prime;][contact-field label= »Condoléances » type= »textarea »][/contact-form]</p>
