{"id":47132,"date":"2024-02-17T09:20:07","date_gmt":"2024-02-17T14:20:07","guid":{"rendered":"https:\/\/nouveau.maisonmallet.com\/?post_type=event&#038;p=47132"},"modified":"2024-07-01T11:39:39","modified_gmt":"2024-07-01T15:39:39","slug":"otis-mariette","status":"publish","type":"event","link":"https:\/\/nouveau.maisonmallet.com\/back05_01\/?event=otis-mariette","title":{"rendered":"OTIS, Mariette"},"content":{"rendered":"<p>Le Complexe Thanatologique Mallet &amp; fils a le regret de vous annoncer le d\u00e9c\u00e8s de<\/p>\n<p>&nbsp;<\/p>\n<p>Mariette Otis<\/p>\n<p>1939 \u2013 2024<\/p>\n<p>&nbsp;<\/p>\n<p>\u00c0 Sept-Iles (maison \u00c9lyme des sables), le 17 f\u00e9vrier 2024, est d\u00e9c\u00e9d\u00e9e \u00e0 l\u2019\u00e2ge de 84 ans, madame Mariette Otis \u00e9pouse de feu Ghislain Thibault et domicili\u00e9e \u00e0 Sept-Iles.<\/p>\n<p>Les fun\u00e9railles de madame Mariette Otis auront lieu le vendredi 23 f\u00e9vrier 2024 \u00e0 10 h 30 en l\u2019\u00e9glise St-Joseph situ\u00e9e au 535, ave. Brochu \u00e0 Sept-\u00celes et de l\u00e0 au cr\u00e9matorium de la maison Mallet &amp; fils pour cr\u00e9mation.<\/p>\n<p>La famille re\u00e7oit parents et amis le jeudi 22 f\u00e9vrier 2024 de 19 h \u00e0 22 h, le vendredi 23 f\u00e9vrier 2024 jour des fun\u00e9railles \u00e0 compter de 9 h au Complexe Thanatologique Mallet &amp; fils du 585, boul. Laure \u00e0 Sept-\u00celes.<\/p>\n<p>Elle laisse dans le deuil, sa fille Germaine (Jacques Bourgeois), son fils Denis (Martine Cassista), ses petits-fils : S\u00e9bastien (Val\u00e9rie Beaudin), Stevens (Josianne Lavigne) et Patrick (Josianne Allard), ses petites-filles : Jessy (Paul Hovington), Vicky, Vanessa (Jonathan Hazen), Caroline et Carolanne, ses quinze arri\u00e8re-petits-enfants ainsi que sa s\u0153ur Colette, son beau-fr\u00e8re Fidelio Simard, ses neveux, ses ni\u00e8ces et de nombreux ami(e)s.<\/p>\n<p>Elle \u00e9tait la m\u00e8re de feu Mario (Diane Comeau).<\/p>\n<p>Vos marques de sympathie peuvent se traduire par un don \u00e0 l\u2019\u00c9lyme des sables <a href=\"http:\/\/www.elymedessables.com\">www.elymedessables.com<\/a><\/p>\n<p>La famille a confi\u00e9 la direction des fun\u00e9railles aux services professionnels de la Maison Mallet &amp; fils du 585, boul. Laure \u00e0 Sept-\u00celes, maintenant reconnue Distinction et membre de la Corporation des Thanatologues du Qu\u00e9bec.<\/p>\n<p>Vous pouvez consulter cet avis de d\u00e9c\u00e8s sur le <a href=\"https:\/\/nouveau.maisonmallet.com\">www.maisonmallet.com<\/a><\/p>\n<p>Ceux et celles qui le d\u00e9sirent, peuvent y envoyer des messages de sympathies.<\/p>\n<hr \/>\n<p>Envoyer vos condol\u00e9ances<\/p>\n<p>[contact-form to=\u00a0\u00bbdenis-thibault@hotmail.com\u00a0\u00bb subject=\u00a0\u00bbCondol\u00e9ances Mariette Otis\u00a0\u00bb][contact-field label=\u00a0\u00bbVotre nom\u00a0\u00bb type=\u00a0\u00bbname\u00a0\u00bb required=\u00a0\u00bb1&Prime;][contact-field label=\u00a0\u00bbVotre courriel\u00a0\u00bb type=\u00a0\u00bbemail\u00a0\u00bb required=\u00a0\u00bb1&Prime;][contact-field label=\u00a0\u00bbCondol\u00e9ances\u00a0\u00bb type=\u00a0\u00bbtextarea\u00a0\u00bb][\/contact-form]<\/p>\n","protected":false},"featured_media":47250,"template":"","event_cat":[6],"class_list":["post-47132","event","type-event","status-publish","has-post-thumbnail","hentry","event_cat-maison-mallet-et-fils-inc"],"_links":{"self":[{"href":"https:\/\/nouveau.maisonmallet.com\/back05_01\/index.php?rest_route=\/wp\/v2\/event\/47132","targetHints":{"allow":["GET"]}}],"collection":[{"href":"https:\/\/nouveau.maisonmallet.com\/back05_01\/index.php?rest_route=\/wp\/v2\/event"}],"about":[{"href":"https:\/\/nouveau.maisonmallet.com\/back05_01\/index.php?rest_route=\/wp\/v2\/types\/event"}],"wp:featuredmedia":[{"embeddable":true,"href":"https:\/\/nouveau.maisonmallet.com\/back05_01\/index.php?rest_route=\/wp\/v2\/media\/47250"}],"wp:attachment":[{"href":"https:\/\/nouveau.maisonmallet.com\/back05_01\/index.php?rest_route=%2Fwp%2Fv2%2Fmedia&parent=47132"}],"wp:term":[{"taxonomy":"event_cat","embeddable":true,"href":"https:\/\/nouveau.maisonmallet.com\/back05_01\/index.php?rest_route=%2Fwp%2Fv2%2Fevent_cat&post=47132"}],"curies":[{"name":"wp","href":"https:\/\/api.w.org\/{rel}","templated":true}]}}

<p>Le Complexe Thanatologique Mallet &amp; fils a le regret de vous annoncer le décès de</p>
<p>&nbsp;</p>
<p>Mariette Otis</p>
<p>1939 – 2024</p>
<p>&nbsp;</p>
<p>À Sept-Iles (maison Élyme des sables), le 17 février 2024, est décédée à l’âge de 84 ans, madame Mariette Otis épouse de feu Ghislain Thibault et domiciliée à Sept-Iles.</p>
<p>Les funérailles de madame Mariette Otis auront lieu le vendredi 23 février 2024 à 10 h 30 en l’église St-Joseph située au 535, ave. Brochu à Sept-Îles et de là au crématorium de la maison Mallet &amp; fils pour crémation.</p>
<p>La famille reçoit parents et amis le jeudi 22 février 2024 de 19 h à 22 h, le vendredi 23 février 2024 jour des funérailles à compter de 9 h au Complexe Thanatologique Mallet &amp; fils du 585, boul. Laure à Sept-Îles.</p>
<p>Elle laisse dans le deuil, sa fille Germaine (Jacques Bourgeois), son fils Denis (Martine Cassista), ses petits-fils : Sébastien (Valérie Beaudin), Stevens (Josianne Lavigne) et Patrick (Josianne Allard), ses petites-filles : Jessy (Paul Hovington), Vicky, Vanessa (Jonathan Hazen), Caroline et Carolanne, ses quinze arrière-petits-enfants ainsi que sa sœur Colette, son beau-frère Fidelio Simard, ses neveux, ses nièces et de nombreux ami(e)s.</p>
<p>Elle était la mère de feu Mario (Diane Comeau).</p>
<p>Vos marques de sympathie peuvent se traduire par un don à l’Élyme des sables <a href="http://www.elymedessables.com">www.elymedessables.com</a></p>
<p>La famille a confié la direction des funérailles aux services professionnels de la Maison Mallet &amp; fils du 585, boul. Laure à Sept-Îles, maintenant reconnue Distinction et membre de la Corporation des Thanatologues du Québec.</p>
<p>Vous pouvez consulter cet avis de décès sur le <a href="https://nouveau.maisonmallet.com">www.maisonmallet.com</a></p>
<p>Ceux et celles qui le désirent, peuvent y envoyer des messages de sympathies.</p>
<hr />
<p>Envoyer vos condoléances</p>
<p>[contact-form to= »denis-thibault@hotmail.com » subject= »Condoléances Mariette Otis »][contact-field label= »Votre nom » type= »name » required= »1&Prime;][contact-field label= »Votre courriel » type= »email » required= »1&Prime;][contact-field label= »Condoléances » type= »textarea »][/contact-form]</p>
