{"id":47187,"date":"2024-02-04T15:03:39","date_gmt":"2024-02-04T20:03:39","guid":{"rendered":"https:\/\/nouveau.maisonmallet.com\/?post_type=event&#038;p=47187"},"modified":"2024-07-01T11:39:03","modified_gmt":"2024-07-01T15:39:03","slug":"tanguay-gisele","status":"publish","type":"event","link":"https:\/\/nouveau.maisonmallet.com\/back05_01\/?event=tanguay-gisele","title":{"rendered":"TANGUAY, Gis\u00e8le"},"content":{"rendered":"<p>La Maison L.J.G. Mallet a le regret de vous annoncer le d\u00e9c\u00e8s de<\/p>\n<p>Gis\u00e8le Tanguay<\/p>\n<p>1954 &#8211; 2024<\/p>\n<p>\u00c0 Sept-\u00celes (maison \u00c9lyme des sables), le 4 f\u00e9vrier 2024, est d\u00e9c\u00e9d\u00e9e \u00e0 l\u2019\u00e2ge de 69 ans, madame Gis\u00e8le Tanguay \u00e9pouse de monsieur G\u00e9rard Gallant et domicili\u00e9e \u00e0 Baie-Johan-Beetz.<\/p>\n<p>Les fun\u00e9railles de madame Gis\u00e8le Tanguay auront lieu le samedi 9 mars 2024 \u00e0 14 h en l\u2019\u00c9glise Saint-Fran\u00e7ois R\u00e9gis de Baie-Johan-Beetz.<\/p>\n<p>Selon ses volont\u00e9s, elle a \u00e9t\u00e9 confi\u00e9e au cr\u00e9matorium de la Maison L.J.G. Mallet pour cr\u00e9mation.<\/p>\n<p>La famille re\u00e7oit parents et amis le samedi 9 mars 2024 jour des fun\u00e9railles de 10 h \u00e0 12 h et de 13 h \u00e0 14 h \u00e0 l\u2019\u00c9glise de Baie-Johan-Beetz.<\/p>\n<p>Elle laisse dans le deuil outre son \u00e9poux monsieur G\u00e9rard Gallant, ses filles\u00a0: Nadine (R\u00e9mi D\u00e9raps) et Julie (C\u00e9dric Vaillancourt), ses fils\u00a0: Michel (Karen B\u00e9nard) et \u00c9ric (Christine Larouche), ses petites-filles\u00a0: Sabrina (Tommy Boutin), Laurie (Marc-Olivier Blouin), Alycia, Emmy et Lyana, ses petits-fils\u00a0: Gabriel, William, Elliot et Lucas ainsi que ses s\u0153urs\u00a0: Sylvie (Jacques Drapeau), Bernadette (Serge Proulx), Marcelle (Mario Gaudet), No\u00eblla (Jeannot Desmeules), Chantal (Carl Tanguay) et Agathe, ses fr\u00e8res\u00a0: Luc (Mireille Tanguay), Cl\u00e9ment (Pierrette Tanguay) et Claude (Annie Desbiens), ses beaux-fr\u00e8res, ses belles-s\u0153urs, ses neveux, ses ni\u00e8ces, ses cousins, ses cousines et de nombreux amis.<\/p>\n<p>La famille a confi\u00e9 la direction des fun\u00e9railles aux services professionnels de la Maison L.J.G. Mallet du 1429, rue du Canot \u00e0 Havre-Saint-Pierre, maintenant reconnue Distinction et membre de la Corporation des Thanatologues du Qu\u00e9bec.<\/p>\n<p>Vous pouvez consulter cet avis de d\u00e9c\u00e8s, sur le\u00a0<a href=\"https:\/\/nouveau.maisonmallet.com\/\">www.maisonmallet.com<\/a><\/p>\n<p>Ceux et celles qui le d\u00e9sirent, peuvent y envoyer des messages de sympathie.<\/p>\n<hr \/>\n<p>Envoyer vos condol\u00e9ances<\/p>\n<p>[contact-form to=\u00a0\u00bbnadinegallant73@hotmail.com\u00a0\u00bb subject=\u00a0\u00bbCondol\u00e9ances Gis\u00e8le Tanguay\u00a0\u00bb][contact-field label=\u00a0\u00bbVotre nom\u00a0\u00bb type=\u00a0\u00bbname\u00a0\u00bb required=\u00a0\u00bb1&Prime;][contact-field label=\u00a0\u00bbVotre courriel\u00a0\u00bb type=\u00a0\u00bbemail\u00a0\u00bb required=\u00a0\u00bb1&Prime;][contact-field label=\u00a0\u00bbCondol\u00e9ances\u00a0\u00bb type=\u00a0\u00bbtextarea\u00a0\u00bb][\/contact-form]<\/p>\n","protected":false},"featured_media":47249,"template":"","event_cat":[7],"class_list":["post-47187","event","type-event","status-publish","has-post-thumbnail","hentry","event_cat-maison-l-j-g-mallet-inc"],"_links":{"self":[{"href":"https:\/\/nouveau.maisonmallet.com\/back05_01\/index.php?rest_route=\/wp\/v2\/event\/47187","targetHints":{"allow":["GET"]}}],"collection":[{"href":"https:\/\/nouveau.maisonmallet.com\/back05_01\/index.php?rest_route=\/wp\/v2\/event"}],"about":[{"href":"https:\/\/nouveau.maisonmallet.com\/back05_01\/index.php?rest_route=\/wp\/v2\/types\/event"}],"wp:featuredmedia":[{"embeddable":true,"href":"https:\/\/nouveau.maisonmallet.com\/back05_01\/index.php?rest_route=\/wp\/v2\/media\/47249"}],"wp:attachment":[{"href":"https:\/\/nouveau.maisonmallet.com\/back05_01\/index.php?rest_route=%2Fwp%2Fv2%2Fmedia&parent=47187"}],"wp:term":[{"taxonomy":"event_cat","embeddable":true,"href":"https:\/\/nouveau.maisonmallet.com\/back05_01\/index.php?rest_route=%2Fwp%2Fv2%2Fevent_cat&post=47187"}],"curies":[{"name":"wp","href":"https:\/\/api.w.org\/{rel}","templated":true}]}}

TANGUAY, Gisèle

<p>La Maison L.J.G. Mallet a le regret de vous annoncer le décès de</p>
<p>Gisèle Tanguay</p>
<p>1954 &#8211; 2024</p>
<p>À Sept-Îles (maison Élyme des sables), le 4 février 2024, est décédée à l’âge de 69 ans, madame Gisèle Tanguay épouse de monsieur Gérard Gallant et domiciliée à Baie-Johan-Beetz.</p>
<p>Les funérailles de madame Gisèle Tanguay auront lieu le samedi 9 mars 2024 à 14 h en l’Église Saint-François Régis de Baie-Johan-Beetz.</p>
<p>Selon ses volontés, elle a été confiée au crématorium de la Maison L.J.G. Mallet pour crémation.</p>
<p>La famille reçoit parents et amis le samedi 9 mars 2024 jour des funérailles de 10 h à 12 h et de 13 h à 14 h à l’Église de Baie-Johan-Beetz.</p>
<p>Elle laisse dans le deuil outre son époux monsieur Gérard Gallant, ses filles : Nadine (Rémi Déraps) et Julie (Cédric Vaillancourt), ses fils : Michel (Karen Bénard) et Éric (Christine Larouche), ses petites-filles : Sabrina (Tommy Boutin), Laurie (Marc-Olivier Blouin), Alycia, Emmy et Lyana, ses petits-fils : Gabriel, William, Elliot et Lucas ainsi que ses sœurs : Sylvie (Jacques Drapeau), Bernadette (Serge Proulx), Marcelle (Mario Gaudet), Noëlla (Jeannot Desmeules), Chantal (Carl Tanguay) et Agathe, ses frères : Luc (Mireille Tanguay), Clément (Pierrette Tanguay) et Claude (Annie Desbiens), ses beaux-frères, ses belles-sœurs, ses neveux, ses nièces, ses cousins, ses cousines et de nombreux amis.</p>
<p>La famille a confié la direction des funérailles aux services professionnels de la Maison L.J.G. Mallet du 1429, rue du Canot à Havre-Saint-Pierre, maintenant reconnue Distinction et membre de la Corporation des Thanatologues du Québec.</p>
<p>Vous pouvez consulter cet avis de décès, sur le <a href="https://nouveau.maisonmallet.com/">www.maisonmallet.com</a></p>
<p>Ceux et celles qui le désirent, peuvent y envoyer des messages de sympathie.</p>
<hr />
<p>Envoyer vos condoléances</p>
<p>[contact-form to= »nadinegallant73@hotmail.com » subject= »Condoléances Gisèle Tanguay »][contact-field label= »Votre nom » type= »name » required= »1&Prime;][contact-field label= »Votre courriel » type= »email » required= »1&Prime;][contact-field label= »Condoléances » type= »textarea »][/contact-form]</p>
