{"id":4748,"date":"2019-08-28T17:26:20","date_gmt":"2019-08-28T21:26:20","guid":{"rendered":"https:\/\/nouveau.maisonmallet.com\/?post_type=event&#038;p=4748"},"modified":"2019-08-30T14:31:34","modified_gmt":"2019-08-30T18:31:34","slug":"bouchard-georgette09051947","status":"publish","type":"event","link":"https:\/\/nouveau.maisonmallet.com\/back05_01\/?event=bouchard-georgette09051947","title":{"rendered":"BOUCHARD, Georgette (Boucher)"},"content":{"rendered":"<p>1937 \u2013 2019<\/p>\n<p>BOUCHARD, Georgette (Boucher)<\/p>\n<p>&nbsp;<\/p>\n<p>\u00c0 Sept-\u00celes, le 28 ao\u00fbt 2019, est d\u00e9c\u00e9d\u00e9e \u00e0 l\u2019\u00e2ge de 82 ans, madame Georgette Bouchard \u00e9pouse de monsieur Edwin Boucher et domicili\u00e9e \u00e0 Sept-\u00celes.<\/p>\n<p>Les fun\u00e9railles de madame Georgette Bouchard Boucher auront lieu le samedi 31 ao\u00fbt 2019 \u00e0 10 h 30 en l\u2019\u00e9glise Ste-Famille situ\u00e9e au 15 rue Comeau \u00e0 Sept-\u00celes et de l\u00e0 au cimeti\u00e8re Catholique de Sept-\u00celes.<\/p>\n<p>Selon ses volont\u00e9s, elle a \u00e9t\u00e9 confi\u00e9e au cr\u00e9matorium de la Maison Mallet &amp; fils pour cr\u00e9mation.<\/p>\n<p>La famille re\u00e7oit parents et amis le Vendredi 30 ao\u00fbt 2019 de 19 h \u00e0 22 h. Le samedi 31 ao\u00fbt 2019 jour des fun\u00e9railles \u00e0 compter de 9\u00a0h au Complexe Thanatologique Mallet &amp; fils du 585 boul. Laure \u00e0 Sept-\u00celes.<\/p>\n<p>Elle laisse dans le deuil outre son \u00e9poux monsieur Edwin Boucher, ses filles\u00a0: Suzanne et Jacinthe (Gilles Thibault), ses fils\u00a0: Robert (Anne Lepage) et Serge (Karen Goodwin), ses huit petits-enfants qu`elle adorait, ses deux arri\u00e8re-petits-enfants ainsi que son fr\u00e8re Lionel, son beau-fr\u00e8re Raymond, sa belle-s\u0153ur Nicole (Victor Lacarte), ses neveux, ses ni\u00e8ces, ses cousins, ses cousines et ses ami(e)s.<\/p>\n<p>La famille a confi\u00e9 la direction des fun\u00e9railles aux services professionnels de la Maison Mallet &amp; fils du 585 boul. Laure \u00e0 Sept-\u00celes, maintenant reconnue Distinction et membre de la Corporation des Thanatologues du Qu\u00e9bec.<\/p>\n<p>Vous pouvez consulter cet avis de d\u00e9c\u00e8s sur le <a href=\"https:\/\/nouveau.maisonmallet.com\/back05_01\/\">www.maisonmallet.com<\/a><\/p>\n<p>Ceux et celles qui le d\u00e9sirent, peuvent y envoyer des messages de sympathie.<\/p>\n<p>&nbsp;<\/p>\n<hr \/>\n<p>Envoyer vos condol\u00e9ances<\/p>\n<p>[contact-form to=\u00a0\u00bbjaclili@icloud.com\u00a0\u00bb subject=\u00a0\u00bbCondol\u00e9ances Georgette Bouchard\u00a0\u00bb][contact-field label=\u00a0\u00bbVotre nom\u00a0\u00bb type=\u00a0\u00bbname\u00a0\u00bb required=\u00a0\u00bb1&Prime;][contact-field label=\u00a0\u00bbVotre courriel\u00a0\u00bb type=\u00a0\u00bbemail\u00a0\u00bb required=\u00a0\u00bb1&Prime;][contact-field label=\u00a0\u00bbCondol\u00e9ances\u00a0\u00bb type=\u00a0\u00bbtextarea\u00a0\u00bb][\/contact-form]<\/p>\n","protected":false},"featured_media":4777,"template":"","event_cat":[6],"class_list":["post-4748","event","type-event","status-publish","has-post-thumbnail","hentry","event_cat-maison-mallet-et-fils-inc"],"_links":{"self":[{"href":"https:\/\/nouveau.maisonmallet.com\/back05_01\/index.php?rest_route=\/wp\/v2\/event\/4748","targetHints":{"allow":["GET"]}}],"collection":[{"href":"https:\/\/nouveau.maisonmallet.com\/back05_01\/index.php?rest_route=\/wp\/v2\/event"}],"about":[{"href":"https:\/\/nouveau.maisonmallet.com\/back05_01\/index.php?rest_route=\/wp\/v2\/types\/event"}],"wp:featuredmedia":[{"embeddable":true,"href":"https:\/\/nouveau.maisonmallet.com\/back05_01\/index.php?rest_route=\/wp\/v2\/media\/4777"}],"wp:attachment":[{"href":"https:\/\/nouveau.maisonmallet.com\/back05_01\/index.php?rest_route=%2Fwp%2Fv2%2Fmedia&parent=4748"}],"wp:term":[{"taxonomy":"event_cat","embeddable":true,"href":"https:\/\/nouveau.maisonmallet.com\/back05_01\/index.php?rest_route=%2Fwp%2Fv2%2Fevent_cat&post=4748"}],"curies":[{"name":"wp","href":"https:\/\/api.w.org\/{rel}","templated":true}]}}

<p>1937 – 2019</p>
<p>BOUCHARD, Georgette (Boucher)</p>
<p>&nbsp;</p>
<p>À Sept-Îles, le 28 août 2019, est décédée à l’âge de 82 ans, madame Georgette Bouchard épouse de monsieur Edwin Boucher et domiciliée à Sept-Îles.</p>
<p>Les funérailles de madame Georgette Bouchard Boucher auront lieu le samedi 31 août 2019 à 10 h 30 en l’église Ste-Famille située au 15 rue Comeau à Sept-Îles et de là au cimetière Catholique de Sept-Îles.</p>
<p>Selon ses volontés, elle a été confiée au crématorium de la Maison Mallet &amp; fils pour crémation.</p>
<p>La famille reçoit parents et amis le Vendredi 30 août 2019 de 19 h à 22 h. Le samedi 31 août 2019 jour des funérailles à compter de 9 h au Complexe Thanatologique Mallet &amp; fils du 585 boul. Laure à Sept-Îles.</p>
<p>Elle laisse dans le deuil outre son époux monsieur Edwin Boucher, ses filles : Suzanne et Jacinthe (Gilles Thibault), ses fils : Robert (Anne Lepage) et Serge (Karen Goodwin), ses huit petits-enfants qu`elle adorait, ses deux arrière-petits-enfants ainsi que son frère Lionel, son beau-frère Raymond, sa belle-sœur Nicole (Victor Lacarte), ses neveux, ses nièces, ses cousins, ses cousines et ses ami(e)s.</p>
<p>La famille a confié la direction des funérailles aux services professionnels de la Maison Mallet &amp; fils du 585 boul. Laure à Sept-Îles, maintenant reconnue Distinction et membre de la Corporation des Thanatologues du Québec.</p>
<p>Vous pouvez consulter cet avis de décès sur le <a href="https://nouveau.maisonmallet.com/back05_01/">www.maisonmallet.com</a></p>
<p>Ceux et celles qui le désirent, peuvent y envoyer des messages de sympathie.</p>
<p>&nbsp;</p>
<hr />
<p>Envoyer vos condoléances</p>
<p>[contact-form to= »jaclili@icloud.com » subject= »Condoléances Georgette Bouchard »][contact-field label= »Votre nom » type= »name » required= »1&Prime;][contact-field label= »Votre courriel » type= »email » required= »1&Prime;][contact-field label= »Condoléances » type= »textarea »][/contact-form]</p>
