{"id":47512,"date":"2024-02-23T13:40:22","date_gmt":"2024-02-23T18:40:22","guid":{"rendered":"https:\/\/nouveau.maisonmallet.com\/?post_type=event&#038;p=47512"},"modified":"2024-08-31T08:45:37","modified_gmt":"2024-08-31T12:45:37","slug":"boulanger-therese-blaney","status":"publish","type":"event","link":"https:\/\/nouveau.maisonmallet.com\/back05_01\/?event=boulanger-therese-blaney","title":{"rendered":"BOULANGER, Th\u00e9r\u00e8se (Blaney)"},"content":{"rendered":"<p>Le Maison Mallet &amp; fils a le regret de vous annoncer le d\u00e9c\u00e8s de<\/p>\n<p>Th\u00e9r\u00e8se Boulanger (Blaney)<\/p>\n<p>1924 \u2013 2024<\/p>\n<p>&nbsp;<\/p>\n<p>\u00c0 Sept-\u00celes, le 23 f\u00e9vrier 2024, est d\u00e9c\u00e9d\u00e9e \u00e0 l\u2019\u00e2ge de 99 ans, madame Th\u00e9r\u00e8se Boulanger \u00e9pouse de feu Lionel Blaney et domicili\u00e9e \u00e0 Sept-\u00celes.<\/p>\n<p>Selon ses volont\u00e9s, elle a \u00e9t\u00e9 confi\u00e9e au cr\u00e9matorium de la Maison Mallet &amp; fils pour cr\u00e9mation.<\/p>\n<p>Les fun\u00e9railles de madame Th\u00e9r\u00e8se Boulanger auront lieu le mardi 6 ao\u00fbt 2024 \u00e0 14 h en l\u2019\u00e9glise Saint-Hippolyte de Rivi\u00e8re-au-Tonnerre et de l\u00e0 au cimeti\u00e8re de Rivi\u00e8re-au-Tonnerre.<\/p>\n<p>Elle laisse dans le deuil son fils Jean-Yves (Lucille Bouchard), son fr\u00e8re Julien, ses petites-filles\u00a0: Christine et Annie, ses arri\u00e8re-petits-fils\u00a0: Nicolas et Guillaume ainsi que ses neveux, ses ni\u00e8ces et de nombreux ami(e)s.<\/p>\n<p>La famille a confi\u00e9 les arrangements aux services professionnels de la Maison Mallet &amp; fils du 585 Boul. Laure \u00e0 Sept-\u00celes, maintenant reconnue Distinction et membre de la Corporation des Thanatologues du Qu\u00e9bec.<\/p>\n<p>Vous pouvez consulter cet avis de d\u00e9c\u00e8s, sur le <a href=\"https:\/\/nouveau.maisonmallet.com\">www.maisonmallet.com<\/a><\/p>\n<p>Ceux et celles qui le d\u00e9sirent, peuvent y envoyer des messages de sympathie.<\/p>\n<p>&nbsp;<\/p>\n<hr \/>\n<p>Envoyer vos condol\u00e9ances<\/p>\n<p>[contact-form to=\u00a0\u00bblucillebouchard@hotmail.com\u00a0\u00bb subject=\u00a0\u00bbCondol\u00e9ances Th\u00e9r\u00e8se Boulanger\u00a0\u00bb][contact-field label=\u00a0\u00bbVotre nom\u00a0\u00bb type=\u00a0\u00bbname\u00a0\u00bb required=\u00a0\u00bb1&Prime;][contact-field label=\u00a0\u00bbVotre courriel\u00a0\u00bb type=\u00a0\u00bbemail\u00a0\u00bb required=\u00a0\u00bb1&Prime;][contact-field label=\u00a0\u00bbCondol\u00e9ances\u00a0\u00bb type=\u00a0\u00bbtextarea\u00a0\u00bb][\/contact-form]<\/p>\n","protected":false},"featured_media":47518,"template":"","event_cat":[6],"class_list":["post-47512","event","type-event","status-publish","has-post-thumbnail","hentry","event_cat-maison-mallet-et-fils-inc"],"_links":{"self":[{"href":"https:\/\/nouveau.maisonmallet.com\/back05_01\/index.php?rest_route=\/wp\/v2\/event\/47512","targetHints":{"allow":["GET"]}}],"collection":[{"href":"https:\/\/nouveau.maisonmallet.com\/back05_01\/index.php?rest_route=\/wp\/v2\/event"}],"about":[{"href":"https:\/\/nouveau.maisonmallet.com\/back05_01\/index.php?rest_route=\/wp\/v2\/types\/event"}],"wp:featuredmedia":[{"embeddable":true,"href":"https:\/\/nouveau.maisonmallet.com\/back05_01\/index.php?rest_route=\/wp\/v2\/media\/47518"}],"wp:attachment":[{"href":"https:\/\/nouveau.maisonmallet.com\/back05_01\/index.php?rest_route=%2Fwp%2Fv2%2Fmedia&parent=47512"}],"wp:term":[{"taxonomy":"event_cat","embeddable":true,"href":"https:\/\/nouveau.maisonmallet.com\/back05_01\/index.php?rest_route=%2Fwp%2Fv2%2Fevent_cat&post=47512"}],"curies":[{"name":"wp","href":"https:\/\/api.w.org\/{rel}","templated":true}]}}

BOULANGER, Thérèse (Blaney)

<p>Le Maison Mallet &amp; fils a le regret de vous annoncer le décès de</p>
<p>Thérèse Boulanger (Blaney)</p>
<p>1924 – 2024</p>
<p>&nbsp;</p>
<p>À Sept-Îles, le 23 février 2024, est décédée à l’âge de 99 ans, madame Thérèse Boulanger épouse de feu Lionel Blaney et domiciliée à Sept-Îles.</p>
<p>Selon ses volontés, elle a été confiée au crématorium de la Maison Mallet &amp; fils pour crémation.</p>
<p>Les funérailles de madame Thérèse Boulanger auront lieu le mardi 6 août 2024 à 14 h en l’église Saint-Hippolyte de Rivière-au-Tonnerre et de là au cimetière de Rivière-au-Tonnerre.</p>
<p>Elle laisse dans le deuil son fils Jean-Yves (Lucille Bouchard), son frère Julien, ses petites-filles : Christine et Annie, ses arrière-petits-fils : Nicolas et Guillaume ainsi que ses neveux, ses nièces et de nombreux ami(e)s.</p>
<p>La famille a confié les arrangements aux services professionnels de la Maison Mallet &amp; fils du 585 Boul. Laure à Sept-Îles, maintenant reconnue Distinction et membre de la Corporation des Thanatologues du Québec.</p>
<p>Vous pouvez consulter cet avis de décès, sur le <a href="https://nouveau.maisonmallet.com">www.maisonmallet.com</a></p>
<p>Ceux et celles qui le désirent, peuvent y envoyer des messages de sympathie.</p>
<p>&nbsp;</p>
<hr />
<p>Envoyer vos condoléances</p>
<p>[contact-form to= »lucillebouchard@hotmail.com » subject= »Condoléances Thérèse Boulanger »][contact-field label= »Votre nom » type= »name » required= »1&Prime;][contact-field label= »Votre courriel » type= »email » required= »1&Prime;][contact-field label= »Condoléances » type= »textarea »][/contact-form]</p>
