{"id":47517,"date":"2024-02-28T21:10:34","date_gmt":"2024-02-29T02:10:34","guid":{"rendered":"https:\/\/nouveau.maisonmallet.com\/?post_type=event&#038;p=47517"},"modified":"2024-02-29T21:13:42","modified_gmt":"2024-03-01T02:13:42","slug":"guimond-andrea","status":"publish","type":"event","link":"https:\/\/nouveau.maisonmallet.com\/back05_01\/?event=guimond-andrea","title":{"rendered":"GUIMOND, Andr\u00e9a"},"content":{"rendered":"<p>Le Complexe Thanatologique Mallet &amp; fils a le regret de vous annoncer le d\u00e9c\u00e8s de<\/p>\n<p>&nbsp;<\/p>\n<p>Andr\u00e9a Guimond<\/p>\n<p>1938 \u2013 2024<\/p>\n<p>&nbsp;<\/p>\n<p>\u00c0 Sept-\u00celes (maison \u00c9lyme des sables), le 17 f\u00e9vrier 2024, est d\u00e9c\u00e9d\u00e9e \u00e0 l\u2019\u00e2ge de 85 ans, madame Andr\u00e9a Guimond \u00e9pouse de feu Jimmy Connors et domicili\u00e9e \u00e0 Sept-\u00celes.<\/p>\n<p>La c\u00e9r\u00e9monie comm\u00e9morative de madame Andr\u00e9a Guimond aura lieu \u00e0 une date ult\u00e9rieure au Cimeti\u00e8re Catholique de Sept-\u00celes.<\/p>\n<p>Selon ses volont\u00e9s, elle a \u00e9t\u00e9 confi\u00e9e au cr\u00e9matorium de la Maison Mallet &amp; fils pour cr\u00e9mation.<\/p>\n<p>Elle laisse dans le deuil ses filles\u00a0: Suzanne (Mario Desharnais) et Linda (Richard Joly), son fils Stephane (Jocelyne L\u00e9vesque), ses petits-fils\u00a0: Kevin (Fanny Desjardins) et Jimmy, sa petite-fille Marilou (J\u00e9r\u00f4me Laforest), son arri\u00e8re-petite-fille Laurianne, son arri\u00e8re-petit-fils Samuel ainsi que ses fr\u00e8res, ses s\u0153urs, ses beaux-fr\u00e8res, ses belles-s\u0153urs, ses neveux, ses ni\u00e8ces, ses cousins, ses cousines et ses nombreux ami(e)s.<\/p>\n<p>Vos marques de sympathie peuvent se traduire par un don \u00e0 l\u2019\u00c9lyme des sables <a href=\"http:\/\/www.elymedessables.com\">www.elymedessables.com<\/a><\/p>\n<p>La famille a confi\u00e9 les arrangements aux services professionnels de la Maison Mallet &amp; fils du 585 Boul. Laure \u00e0 Sept-\u00celes, maintenant reconnue Distinction et membre de la Corporation des Thanatologues du Qu\u00e9bec.<\/p>\n<p>Vous pouvez consulter cet avis de d\u00e9c\u00e8s sur le\u00a0: <a href=\"https:\/\/nouveau.maisonmallet.com\">www.maisonmallet.com<\/a><\/p>\n<p>Ceux et celles qui le d\u00e9sirent, peuvent y envoyer des messages de sympathie.<\/p>\n<hr \/>\n<p>Envoyer vos condol\u00e9ances<\/p>\n<p>[contact-form to=\u00a0\u00bbjimjostef@hotmail.com\u00a0\u00bb subject=\u00a0\u00bbCondol\u00e9ances Andr\u00e9a Guimond\u00a0\u00bb][contact-field label=\u00a0\u00bbVotre nom\u00a0\u00bb type=\u00a0\u00bbname\u00a0\u00bb required=\u00a0\u00bb1&Prime;][contact-field label=\u00a0\u00bbVotre courriel\u00a0\u00bb type=\u00a0\u00bbemail\u00a0\u00bb required=\u00a0\u00bb1&Prime;][contact-field label=\u00a0\u00bbCondol\u00e9ances\u00a0\u00bb type=\u00a0\u00bbtextarea\u00a0\u00bb][\/contact-form]<\/p>\n","protected":false},"featured_media":47582,"template":"","event_cat":[6],"class_list":["post-47517","event","type-event","status-publish","has-post-thumbnail","hentry","event_cat-maison-mallet-et-fils-inc"],"_links":{"self":[{"href":"https:\/\/nouveau.maisonmallet.com\/back05_01\/index.php?rest_route=\/wp\/v2\/event\/47517","targetHints":{"allow":["GET"]}}],"collection":[{"href":"https:\/\/nouveau.maisonmallet.com\/back05_01\/index.php?rest_route=\/wp\/v2\/event"}],"about":[{"href":"https:\/\/nouveau.maisonmallet.com\/back05_01\/index.php?rest_route=\/wp\/v2\/types\/event"}],"wp:featuredmedia":[{"embeddable":true,"href":"https:\/\/nouveau.maisonmallet.com\/back05_01\/index.php?rest_route=\/wp\/v2\/media\/47582"}],"wp:attachment":[{"href":"https:\/\/nouveau.maisonmallet.com\/back05_01\/index.php?rest_route=%2Fwp%2Fv2%2Fmedia&parent=47517"}],"wp:term":[{"taxonomy":"event_cat","embeddable":true,"href":"https:\/\/nouveau.maisonmallet.com\/back05_01\/index.php?rest_route=%2Fwp%2Fv2%2Fevent_cat&post=47517"}],"curies":[{"name":"wp","href":"https:\/\/api.w.org\/{rel}","templated":true}]}}

GUIMOND, Andréa

<p>Le Complexe Thanatologique Mallet &amp; fils a le regret de vous annoncer le décès de</p>
<p>&nbsp;</p>
<p>Andréa Guimond</p>
<p>1938 – 2024</p>
<p>&nbsp;</p>
<p>À Sept-Îles (maison Élyme des sables), le 17 février 2024, est décédée à l’âge de 85 ans, madame Andréa Guimond épouse de feu Jimmy Connors et domiciliée à Sept-Îles.</p>
<p>La cérémonie commémorative de madame Andréa Guimond aura lieu à une date ultérieure au Cimetière Catholique de Sept-Îles.</p>
<p>Selon ses volontés, elle a été confiée au crématorium de la Maison Mallet &amp; fils pour crémation.</p>
<p>Elle laisse dans le deuil ses filles : Suzanne (Mario Desharnais) et Linda (Richard Joly), son fils Stephane (Jocelyne Lévesque), ses petits-fils : Kevin (Fanny Desjardins) et Jimmy, sa petite-fille Marilou (Jérôme Laforest), son arrière-petite-fille Laurianne, son arrière-petit-fils Samuel ainsi que ses frères, ses sœurs, ses beaux-frères, ses belles-sœurs, ses neveux, ses nièces, ses cousins, ses cousines et ses nombreux ami(e)s.</p>
<p>Vos marques de sympathie peuvent se traduire par un don à l’Élyme des sables <a href="http://www.elymedessables.com">www.elymedessables.com</a></p>
<p>La famille a confié les arrangements aux services professionnels de la Maison Mallet &amp; fils du 585 Boul. Laure à Sept-Îles, maintenant reconnue Distinction et membre de la Corporation des Thanatologues du Québec.</p>
<p>Vous pouvez consulter cet avis de décès sur le : <a href="https://nouveau.maisonmallet.com">www.maisonmallet.com</a></p>
<p>Ceux et celles qui le désirent, peuvent y envoyer des messages de sympathie.</p>
<hr />
<p>Envoyer vos condoléances</p>
<p>[contact-form to= »jimjostef@hotmail.com » subject= »Condoléances Andréa Guimond »][contact-field label= »Votre nom » type= »name » required= »1&Prime;][contact-field label= »Votre courriel » type= »email » required= »1&Prime;][contact-field label= »Condoléances » type= »textarea »][/contact-form]</p>
