{"id":47587,"date":"2024-02-26T11:03:59","date_gmt":"2024-02-26T16:03:59","guid":{"rendered":"https:\/\/nouveau.maisonmallet.com\/?post_type=event&#038;p=47587"},"modified":"2024-07-01T11:31:27","modified_gmt":"2024-07-01T15:31:27","slug":"bourque-bernard","status":"publish","type":"event","link":"https:\/\/nouveau.maisonmallet.com\/back05_01\/?event=bourque-bernard","title":{"rendered":"BOURQUE, Bernard"},"content":{"rendered":"<p>Le Complexe Thanatologique Mallet &amp; fils a le regret de vous annoncer le d\u00e9c\u00e8s de<\/p>\n<p>Bernard Bourque<\/p>\n<p>1949 \u2013 2024<\/p>\n<p>&nbsp;<\/p>\n<p>\u00c0 Qu\u00e9bec, le 26 f\u00e9vrier 2024, est d\u00e9c\u00e9d\u00e9 \u00e0 l\u2019\u00e2ge de 74 ans, monsieur Bernard Bourque conjoint de madame Brigitte Michaud et domicili\u00e9 \u00e0 Qu\u00e9bec. Il \u00e9tait le fils de feu Paul Bourque et de feu Yvonne Cyr<\/p>\n<p>La c\u00e9r\u00e9monie comm\u00e9morative de monsieur Bernard Bourque aura lieu le samedi 9 mars 2024 \u00e0 15 h 15 \u00e0 la chapelle du Complexe Thanatologique Mallet &amp; fils du 585, Boul. Laure \u00e0 Sept-\u00celes.<\/p>\n<p>Selon ses volont\u00e9s, il a \u00e9t\u00e9 confi\u00e9 au cr\u00e9matorium de la Maison Mallet &amp; fils pour cr\u00e9mation.<\/p>\n<p>La famille re\u00e7oit parents et amis le vendredi 8 mars 2024 de 19 h \u00e0 21 h, le samedi 9 mars 2024 jour de la c\u00e9r\u00e9monie de 13 h \u00e0 16 h au Complexe Thanatologique Mallet &amp; fils du 585 Boul. Laure \u00e0 Sept-\u00celes.<\/p>\n<p>Il laisse dans le deuil outre sa conjointe Brigitte Michaud, son fils Pier, sa fille Christine (St\u00e9phane Larouche), son petit-fils James Larouche, ses fr\u00e8res et s\u0153urs\u00a0: feu Gis\u00e8le, feu Paul-Yvon, Marie (feu Bob Rooney), feu Denis (feu Nicole Pellerin), Jean (feu Arlette Bourque), Pauline (Antonin Munger), feu Ghislain et Charles ainsi que ses beaux-fr\u00e8res, belles-s\u0153urs, neveux, ni\u00e8ces, cousins, cousines et de nombreux ami(e)s.<\/p>\n<p>Vos marques de sympathie peuvent se traduire par un don \u00e0 la Soci\u00e9t\u00e9 Canadienne du cancer <a href=\"http:\/\/www.cancer.ca\">www.cancer.ca<\/a><\/p>\n<p>La famille a confi\u00e9 les arrangements aux services professionnels de la Maison Mallet &amp; fils du 585 Boul. Laure \u00e0 Sept-\u00celes, maintenant reconnue Distinction et membre de la Corporation des Thanatologues du Qu\u00e9bec.<\/p>\n<p>Vous pouvez consulter cet avis de d\u00e9c\u00e8s sur le\u00a0: <a href=\"https:\/\/nouveau.maisonmallet.com\">www.maisonmallet.com<\/a><\/p>\n<p>Ceux et celles qui le d\u00e9sirent, peuvent y envoyer des messages de sympathie.<\/p>\n<p>&nbsp;<\/p>\n<hr \/>\n<p>Envoyer vos condol\u00e9ances<\/p>\n<p>[contact-form to=\u00a0\u00bbbrigitmichaud@gmail.com\u00a0\u00bb subject=\u00a0\u00bbCondol\u00e9ances Bernard Bourque\u00a0\u00bb][contact-field label=\u00a0\u00bbVotre nom\u00a0\u00bb type=\u00a0\u00bbname\u00a0\u00bb required=\u00a0\u00bb1&Prime;][contact-field label=\u00a0\u00bbVotre courriel\u00a0\u00bb type=\u00a0\u00bbemail\u00a0\u00bb required=\u00a0\u00bb1&Prime;][contact-field label=\u00a0\u00bbCondol\u00e9ances\u00a0\u00bb type=\u00a0\u00bbtextarea\u00a0\u00bb][\/contact-form]<\/p>\n","protected":false},"featured_media":47601,"template":"","event_cat":[6],"class_list":["post-47587","event","type-event","status-publish","has-post-thumbnail","hentry","event_cat-maison-mallet-et-fils-inc"],"_links":{"self":[{"href":"https:\/\/nouveau.maisonmallet.com\/back05_01\/index.php?rest_route=\/wp\/v2\/event\/47587","targetHints":{"allow":["GET"]}}],"collection":[{"href":"https:\/\/nouveau.maisonmallet.com\/back05_01\/index.php?rest_route=\/wp\/v2\/event"}],"about":[{"href":"https:\/\/nouveau.maisonmallet.com\/back05_01\/index.php?rest_route=\/wp\/v2\/types\/event"}],"wp:featuredmedia":[{"embeddable":true,"href":"https:\/\/nouveau.maisonmallet.com\/back05_01\/index.php?rest_route=\/wp\/v2\/media\/47601"}],"wp:attachment":[{"href":"https:\/\/nouveau.maisonmallet.com\/back05_01\/index.php?rest_route=%2Fwp%2Fv2%2Fmedia&parent=47587"}],"wp:term":[{"taxonomy":"event_cat","embeddable":true,"href":"https:\/\/nouveau.maisonmallet.com\/back05_01\/index.php?rest_route=%2Fwp%2Fv2%2Fevent_cat&post=47587"}],"curies":[{"name":"wp","href":"https:\/\/api.w.org\/{rel}","templated":true}]}}

<p>Le Complexe Thanatologique Mallet &amp; fils a le regret de vous annoncer le décès de</p>
<p>Bernard Bourque</p>
<p>1949 – 2024</p>
<p>&nbsp;</p>
<p>À Québec, le 26 février 2024, est décédé à l’âge de 74 ans, monsieur Bernard Bourque conjoint de madame Brigitte Michaud et domicilié à Québec. Il était le fils de feu Paul Bourque et de feu Yvonne Cyr</p>
<p>La cérémonie commémorative de monsieur Bernard Bourque aura lieu le samedi 9 mars 2024 à 15 h 15 à la chapelle du Complexe Thanatologique Mallet &amp; fils du 585, Boul. Laure à Sept-Îles.</p>
<p>Selon ses volontés, il a été confié au crématorium de la Maison Mallet &amp; fils pour crémation.</p>
<p>La famille reçoit parents et amis le vendredi 8 mars 2024 de 19 h à 21 h, le samedi 9 mars 2024 jour de la cérémonie de 13 h à 16 h au Complexe Thanatologique Mallet &amp; fils du 585 Boul. Laure à Sept-Îles.</p>
<p>Il laisse dans le deuil outre sa conjointe Brigitte Michaud, son fils Pier, sa fille Christine (Stéphane Larouche), son petit-fils James Larouche, ses frères et sœurs : feu Gisèle, feu Paul-Yvon, Marie (feu Bob Rooney), feu Denis (feu Nicole Pellerin), Jean (feu Arlette Bourque), Pauline (Antonin Munger), feu Ghislain et Charles ainsi que ses beaux-frères, belles-sœurs, neveux, nièces, cousins, cousines et de nombreux ami(e)s.</p>
<p>Vos marques de sympathie peuvent se traduire par un don à la Société Canadienne du cancer <a href="http://www.cancer.ca">www.cancer.ca</a></p>
<p>La famille a confié les arrangements aux services professionnels de la Maison Mallet &amp; fils du 585 Boul. Laure à Sept-Îles, maintenant reconnue Distinction et membre de la Corporation des Thanatologues du Québec.</p>
<p>Vous pouvez consulter cet avis de décès sur le : <a href="https://nouveau.maisonmallet.com">www.maisonmallet.com</a></p>
<p>Ceux et celles qui le désirent, peuvent y envoyer des messages de sympathie.</p>
<p>&nbsp;</p>
<hr />
<p>Envoyer vos condoléances</p>
<p>[contact-form to= »brigitmichaud@gmail.com » subject= »Condoléances Bernard Bourque »][contact-field label= »Votre nom » type= »name » required= »1&Prime;][contact-field label= »Votre courriel » type= »email » required= »1&Prime;][contact-field label= »Condoléances » type= »textarea »][/contact-form]</p>
