{"id":47791,"date":"2024-03-04T20:37:24","date_gmt":"2024-03-05T01:37:24","guid":{"rendered":"https:\/\/nouveau.maisonmallet.com\/?post_type=event&#038;p=47791"},"modified":"2024-05-28T16:27:54","modified_gmt":"2024-05-28T20:27:54","slug":"vibert-gaetane","status":"publish","type":"event","link":"https:\/\/nouveau.maisonmallet.com\/back05_01\/?event=vibert-gaetane","title":{"rendered":"VIBERT, Ga\u00e9tane"},"content":{"rendered":"<p>La Maison L.J.G. Mallet a le regret de vous annoncer le d\u00e9c\u00e8s de<\/p>\n<p>&nbsp;<\/p>\n<p>Ga\u00e9tane Vibert<\/p>\n<p>1952 \u2013 2024<\/p>\n<p>&nbsp;<\/p>\n<p>\u00c0 Havre Saint-Pierre, le 28 f\u00e9vrier 2024, est d\u00e9c\u00e9d\u00e9e \u00e0 l\u2019\u00e2ge de 71 ans madame Ga\u00e9tane Vibert fille de feu Hubert Vibert et de feu Bernadette Vaillancourt et domicili\u00e9e \u00e0 Longue-Pointe-de-Mingan.<\/p>\n<p>Les fun\u00e9railles de madame Ga\u00e9tane Vibert auront lieu le samedi 25 mai 2024 \u00e0 11 h en l\u2019\u00e9glise St-Fran\u00e7ois d\u2019Assise de Longue-Pointe-de-Mingan et de l\u00e0 au Cimeti\u00e8re de l&rsquo;endroit.<\/p>\n<p>Selon ses volont\u00e9s, elle a \u00e9t\u00e9 confi\u00e9e au cr\u00e9matorium de la Maison L.J.G. Mallet pour cr\u00e9mation.<\/p>\n<p>Elle laisse dans le deuil sa fille Annie (Martin Beaudin), ses petites-filles\u00a0: Alexandra (Mathieu Fortin) et Megan (Alexandre Beaulieu), son petit-fils Jeff, son arri\u00e8re-petit-fils Loan ainsi que son fr\u00e8re, ses s\u0153urs, sa belle-s\u0153ur, ses beaux-fr\u00e8res, ses neveux, ses ni\u00e8ces, ses cousins, ses cousines et de nombreux ami(e)s.<\/p>\n<p>La famille a confi\u00e9 la direction des fun\u00e9railles aux services professionnels de la Maison L.J.G. Mallet du 1429, rue du Canot \u00e0 Havre-St-Pierre, maintenant reconnue Distinction et membre de la Corporation des Thanatologues du Qu\u00e9bec.<\/p>\n<p>Vous pouvez consulter cet avis de d\u00e9c\u00e8s, sur le <a href=\"https:\/\/nouveau.maisonmallet.com\">www.maisonmallet.com<\/a><\/p>\n<p>Ceux et celles qui le d\u00e9sirent, peuvent y envoyer des messages de sympathie.<\/p>\n<hr \/>\n<p>Envoyer vos condol\u00e9ances<\/p>\n<p>[contact-form to=\u00a0\u00bbann24beaudin@gmail.com\u00a0\u00bb subject=\u00a0\u00bbCondol\u00e9ances Ga\u00e9tane Vibert\u00a0\u00bb][contact-field label=\u00a0\u00bbVotre nom\u00a0\u00bb type=\u00a0\u00bbname\u00a0\u00bb required=\u00a0\u00bb1&Prime;][contact-field label=\u00a0\u00bbVotre courriel\u00a0\u00bb type=\u00a0\u00bbemail\u00a0\u00bb required=\u00a0\u00bb1&Prime;][contact-field label=\u00a0\u00bbCondol\u00e9ances\u00a0\u00bb type=\u00a0\u00bbtextarea\u00a0\u00bb][\/contact-form]<\/p>\n","protected":false},"featured_media":47822,"template":"","event_cat":[7],"class_list":["post-47791","event","type-event","status-publish","has-post-thumbnail","hentry","event_cat-maison-l-j-g-mallet-inc"],"_links":{"self":[{"href":"https:\/\/nouveau.maisonmallet.com\/back05_01\/index.php?rest_route=\/wp\/v2\/event\/47791","targetHints":{"allow":["GET"]}}],"collection":[{"href":"https:\/\/nouveau.maisonmallet.com\/back05_01\/index.php?rest_route=\/wp\/v2\/event"}],"about":[{"href":"https:\/\/nouveau.maisonmallet.com\/back05_01\/index.php?rest_route=\/wp\/v2\/types\/event"}],"wp:featuredmedia":[{"embeddable":true,"href":"https:\/\/nouveau.maisonmallet.com\/back05_01\/index.php?rest_route=\/wp\/v2\/media\/47822"}],"wp:attachment":[{"href":"https:\/\/nouveau.maisonmallet.com\/back05_01\/index.php?rest_route=%2Fwp%2Fv2%2Fmedia&parent=47791"}],"wp:term":[{"taxonomy":"event_cat","embeddable":true,"href":"https:\/\/nouveau.maisonmallet.com\/back05_01\/index.php?rest_route=%2Fwp%2Fv2%2Fevent_cat&post=47791"}],"curies":[{"name":"wp","href":"https:\/\/api.w.org\/{rel}","templated":true}]}}

VIBERT, Gaétane

<p>La Maison L.J.G. Mallet a le regret de vous annoncer le décès de</p>
<p>&nbsp;</p>
<p>Gaétane Vibert</p>
<p>1952 – 2024</p>
<p>&nbsp;</p>
<p>À Havre Saint-Pierre, le 28 février 2024, est décédée à l’âge de 71 ans madame Gaétane Vibert fille de feu Hubert Vibert et de feu Bernadette Vaillancourt et domiciliée à Longue-Pointe-de-Mingan.</p>
<p>Les funérailles de madame Gaétane Vibert auront lieu le samedi 25 mai 2024 à 11 h en l’église St-François d’Assise de Longue-Pointe-de-Mingan et de là au Cimetière de l&rsquo;endroit.</p>
<p>Selon ses volontés, elle a été confiée au crématorium de la Maison L.J.G. Mallet pour crémation.</p>
<p>Elle laisse dans le deuil sa fille Annie (Martin Beaudin), ses petites-filles : Alexandra (Mathieu Fortin) et Megan (Alexandre Beaulieu), son petit-fils Jeff, son arrière-petit-fils Loan ainsi que son frère, ses sœurs, sa belle-sœur, ses beaux-frères, ses neveux, ses nièces, ses cousins, ses cousines et de nombreux ami(e)s.</p>
<p>La famille a confié la direction des funérailles aux services professionnels de la Maison L.J.G. Mallet du 1429, rue du Canot à Havre-St-Pierre, maintenant reconnue Distinction et membre de la Corporation des Thanatologues du Québec.</p>
<p>Vous pouvez consulter cet avis de décès, sur le <a href="https://nouveau.maisonmallet.com">www.maisonmallet.com</a></p>
<p>Ceux et celles qui le désirent, peuvent y envoyer des messages de sympathie.</p>
<hr />
<p>Envoyer vos condoléances</p>
<p>[contact-form to= »ann24beaudin@gmail.com » subject= »Condoléances Gaétane Vibert »][contact-field label= »Votre nom » type= »name » required= »1&Prime;][contact-field label= »Votre courriel » type= »email » required= »1&Prime;][contact-field label= »Condoléances » type= »textarea »][/contact-form]</p>
